{"id":10177,"date":"2023-06-22T18:27:25","date_gmt":"2023-06-22T21:27:25","guid":{"rendered":"http:\/\/ajupe.com.uy\/web\/?post_type=product&#038;p=10177"},"modified":"2023-06-22T18:28:59","modified_gmt":"2023-06-22T21:28:59","slug":"la-jaula-de-los-onas","status":"publish","type":"product","link":"https:\/\/ajupe.com.uy\/web\/biblioteca\/la-jaula-de-los-onas\/","title":{"rendered":"LA JAULA DE LOS ONAS"},"content":{"rendered":"<p><strong>Un viaje alucinante por la geograf\u00eda y la historia del continente americano y la de su fatal espejo, la cultura europea<\/strong><\/p>\n<p>Par\u00eds, 1889. La ciudad se prepara para la gran Exposici\u00f3n Universal y la Argentina opulenta participa con un fastuoso pabell\u00f3n al gusto franc\u00e9s, sin saber que en las inmediaciones un aventurero belga planea exhibir en una jaula, como animales salvajes, a un grupo de indios onas capturados en Tierra del Fuego, y presentarlos como \u00abantrop\u00f3fagos patag\u00f3nicos\u00bb. Uno de ellos, el muchacho Kalapakte, logra huir y, deambulando a la sombra de la reci\u00e9n erigida Torre Eiffel, conoce al joven anarquista Karl, quien particip\u00f3 en su construcci\u00f3n. Juntos emprenden una particular odisea por Europa y las tierras americanas, un regreso repleto de aventuras y peligros que ponen en evidencia las miserias y contradicciones de un siglo que termina y otro que reci\u00e9n empieza.<\/p>\n","protected":false},"excerpt":{"rendered":"<p>Un viaje alucinante por la geograf\u00eda y la historia del continente americano y la de su fatal espejo, la cultura europea Par\u00eds, 1889. La ciudad se prepara para la gran Exposici\u00f3n Universal y la Argentina opulenta participa con un fastuoso pabell\u00f3n al gusto franc\u00e9s, sin saber que en las inmediaciones un aventurero belga planea exhibir [&hellip;]<\/p>\n","protected":false},"featured_media":10170,"template":"","meta":[],"product_brand":[],"product_cat":[31,29],"product_tag":[],"class_list":{"0":"post-10177","1":"product","2":"type-product","3":"status-publish","4":"has-post-thumbnail","6":"product_cat-historico","7":"product_cat-novela","9":"first","10":"instock","11":"purchasable","12":"product-type-simple"},"featured_image_urls_v2":{"full":["https:\/\/ajupe.com.uy\/web\/wp-content\/uploads\/2023\/06\/9304.jpg",447,700,false],"thumbnail":["https:\/\/ajupe.com.uy\/web\/wp-content\/uploads\/2023\/06\/9304-150x150.jpg",150,150,true],"medium":["https:\/\/ajupe.com.uy\/web\/wp-content\/uploads\/2023\/06\/9304-192x300.jpg",192,300,true],"medium_large":["https:\/\/ajupe.com.uy\/web\/wp-content\/uploads\/2023\/06\/9304.jpg",447,700,false],"large":["https:\/\/ajupe.com.uy\/web\/wp-content\/uploads\/2023\/06\/9304.jpg",447,700,false],"1536x1536":["https:\/\/ajupe.com.uy\/web\/wp-content\/uploads\/2023\/06\/9304.jpg",447,700,false],"2048x2048":["https:\/\/ajupe.com.uy\/web\/wp-content\/uploads\/2023\/06\/9304.jpg",447,700,false],"woocommerce_archive_thumbnail":["https:\/\/ajupe.com.uy\/web\/wp-content\/uploads\/2023\/06\/9304-300x450.jpg",300,450,true],"woocommerce_thumbnail":["https:\/\/ajupe.com.uy\/web\/wp-content\/uploads\/2023\/06\/9304-300x300.jpg",300,300,true],"woocommerce_single":["https:\/\/ajupe.com.uy\/web\/wp-content\/uploads\/2023\/06\/9304-300x470.jpg",300,470,true],"woocommerce_gallery_thumbnail":["https:\/\/ajupe.com.uy\/web\/wp-content\/uploads\/2023\/06\/9304-100x100.jpg",100,100,true]},"post_excerpt_stackable_v2":"<p>Un viaje alucinante por la geograf\u00eda y la historia del continente americano y la de su fatal espejo, la cultura europea Par\u00eds, 1889. La ciudad se prepara para la gran Exposici\u00f3n Universal y la Argentina opulenta participa con un fastuoso pabell\u00f3n al gusto franc\u00e9s, sin saber que en las inmediaciones un aventurero belga planea exhibir en una jaula, como animales salvajes, a un grupo de indios onas capturados en Tierra del Fuego, y presentarlos como \u00abantrop\u00f3fagos patag\u00f3nicos\u00bb. Uno de ellos, el muchacho Kalapakte, logra huir y, deambulando a la sombra de la reci\u00e9n erigida Torre Eiffel, conoce al joven anarquista&hellip;<\/p>\n","category_list_v2":"","author_info_v2":{"name":"","url":""},"comments_num_v2":"0 comentarios","_links":{"self":[{"href":"https:\/\/ajupe.com.uy\/web\/wp-json\/wp\/v2\/product\/10177","targetHints":{"allow":["GET"]}}],"collection":[{"href":"https:\/\/ajupe.com.uy\/web\/wp-json\/wp\/v2\/product"}],"about":[{"href":"https:\/\/ajupe.com.uy\/web\/wp-json\/wp\/v2\/types\/product"}],"wp:featuredmedia":[{"embeddable":true,"href":"https:\/\/ajupe.com.uy\/web\/wp-json\/wp\/v2\/media\/10170"}],"wp:attachment":[{"href":"https:\/\/ajupe.com.uy\/web\/wp-json\/wp\/v2\/media?parent=10177"}],"wp:term":[{"taxonomy":"product_brand","embeddable":true,"href":"https:\/\/ajupe.com.uy\/web\/wp-json\/wp\/v2\/product_brand?post=10177"},{"taxonomy":"product_cat","embeddable":true,"href":"https:\/\/ajupe.com.uy\/web\/wp-json\/wp\/v2\/product_cat?post=10177"},{"taxonomy":"product_tag","embeddable":true,"href":"https:\/\/ajupe.com.uy\/web\/wp-json\/wp\/v2\/product_tag?post=10177"}],"curies":[{"name":"wp","href":"https:\/\/api.w.org\/{rel}","templated":true}]}}