{"id":10186,"date":"2023-07-28T15:50:58","date_gmt":"2023-07-28T18:50:58","guid":{"rendered":"https:\/\/ajupe.com.uy\/web\/?post_type=product&#038;p=10186"},"modified":"2023-07-28T15:56:01","modified_gmt":"2023-07-28T18:56:01","slug":"desde-dentro","status":"publish","type":"product","link":"https:\/\/ajupe.com.uy\/web\/biblioteca\/desde-dentro\/","title":{"rendered":"DESDE DENTRO"},"content":{"rendered":"<div class=\"profile__text\">\n<div class=\"text\">\n<p><strong>Un libro ambicioso y deslumbrante que mezcla vida y literatura, novela y memorias, ensayo y narraci\u00f3n.<\/strong><\/p>\n<p>Martin Amis explora experiencias vividas, evoca a personas importantes para \u00e9l y reflexiona sobre la escritura como el arte de contar y dar sentido a las historias. Desfilan por estas p\u00e1ginas tres figuras fundamentales para el autor como persona y como escritor: el mentor Saul Bellow en sus \u00faltimos a\u00f1os de vida, el amigo y compa\u00f1ero de tantas andanzas Christopher Hitchens enfrentado a su temprana muerte y el solitario, hura\u00f1o y genial Philip Larkin, cuya poes\u00eda ha acompa\u00f1ado siempre a Amis.<\/p>\n<p>Asoman adem\u00e1s otros escritores, entre ellos el padre Kingsley, y tambi\u00e9n la hermana que falleci\u00f3 demasiado pronto por problemas con el alcohol, y los endiablados amor\u00edos de juventud, y la vida familiar con la esposa e hijas, Inglaterra y Estados Unidos, el terrorismo, el antisemitismo y sobre todo la palabra, la literatura&#8230;<\/p>\n<\/div>\n<\/div>\n","protected":false},"excerpt":{"rendered":"<p>Un libro ambicioso y deslumbrante que mezcla vida y literatura, novela y memorias, ensayo y narraci\u00f3n. Martin Amis explora experiencias vividas, evoca a personas importantes para \u00e9l y reflexiona sobre la escritura como el arte de contar y dar sentido a las historias. Desfilan por estas p\u00e1ginas tres figuras fundamentales para el autor como persona [&hellip;]<\/p>\n","protected":false},"featured_media":10187,"template":"","meta":[],"product_brand":[],"product_cat":[29],"product_tag":[],"class_list":{"0":"post-10186","1":"product","2":"type-product","3":"status-publish","4":"has-post-thumbnail","6":"product_cat-novela","8":"first","9":"instock","10":"purchasable","11":"product-type-simple"},"featured_image_urls_v2":{"full":["https:\/\/ajupe.com.uy\/web\/wp-content\/uploads\/2023\/07\/9310-scaled.jpg",1658,2560,false],"thumbnail":["https:\/\/ajupe.com.uy\/web\/wp-content\/uploads\/2023\/07\/9310-150x150.jpg",150,150,true],"medium":["https:\/\/ajupe.com.uy\/web\/wp-content\/uploads\/2023\/07\/9310-194x300.jpg",194,300,true],"medium_large":["https:\/\/ajupe.com.uy\/web\/wp-content\/uploads\/2023\/07\/9310-768x1186.jpg",768,1186,true],"large":["https:\/\/ajupe.com.uy\/web\/wp-content\/uploads\/2023\/07\/9310-663x1024.jpg",663,1024,true],"1536x1536":["https:\/\/ajupe.com.uy\/web\/wp-content\/uploads\/2023\/07\/9310-995x1536.jpg",995,1536,true],"2048x2048":["https:\/\/ajupe.com.uy\/web\/wp-content\/uploads\/2023\/07\/9310-1327x2048.jpg",1327,2048,true],"woocommerce_archive_thumbnail":["https:\/\/ajupe.com.uy\/web\/wp-content\/uploads\/2023\/07\/9310-scaled-300x450.jpg",300,450,true],"woocommerce_thumbnail":["https:\/\/ajupe.com.uy\/web\/wp-content\/uploads\/2023\/07\/9310-scaled-300x300.jpg",300,300,true],"woocommerce_single":["https:\/\/ajupe.com.uy\/web\/wp-content\/uploads\/2023\/07\/9310-scaled-300x463.jpg",300,463,true],"woocommerce_gallery_thumbnail":["https:\/\/ajupe.com.uy\/web\/wp-content\/uploads\/2023\/07\/9310-scaled-100x100.jpg",100,100,true]},"post_excerpt_stackable_v2":"<p>Un libro ambicioso y deslumbrante que mezcla vida y literatura, novela y memorias, ensayo y narraci\u00f3n. Martin Amis explora experiencias vividas, evoca a personas importantes para \u00e9l y reflexiona sobre la escritura como el arte de contar y dar sentido a las historias. Desfilan por estas p\u00e1ginas tres figuras fundamentales para el autor como persona y como escritor: el mentor Saul Bellow en sus \u00faltimos a\u00f1os de vida, el amigo y compa\u00f1ero de tantas andanzas Christopher Hitchens enfrentado a su temprana muerte y el solitario, hura\u00f1o y genial Philip Larkin, cuya poes\u00eda ha acompa\u00f1ado siempre a Amis. Asoman adem\u00e1s otros&hellip;<\/p>\n","category_list_v2":"","author_info_v2":{"name":"","url":""},"comments_num_v2":"0 comentarios","_links":{"self":[{"href":"https:\/\/ajupe.com.uy\/web\/wp-json\/wp\/v2\/product\/10186","targetHints":{"allow":["GET"]}}],"collection":[{"href":"https:\/\/ajupe.com.uy\/web\/wp-json\/wp\/v2\/product"}],"about":[{"href":"https:\/\/ajupe.com.uy\/web\/wp-json\/wp\/v2\/types\/product"}],"wp:featuredmedia":[{"embeddable":true,"href":"https:\/\/ajupe.com.uy\/web\/wp-json\/wp\/v2\/media\/10187"}],"wp:attachment":[{"href":"https:\/\/ajupe.com.uy\/web\/wp-json\/wp\/v2\/media?parent=10186"}],"wp:term":[{"taxonomy":"product_brand","embeddable":true,"href":"https:\/\/ajupe.com.uy\/web\/wp-json\/wp\/v2\/product_brand?post=10186"},{"taxonomy":"product_cat","embeddable":true,"href":"https:\/\/ajupe.com.uy\/web\/wp-json\/wp\/v2\/product_cat?post=10186"},{"taxonomy":"product_tag","embeddable":true,"href":"https:\/\/ajupe.com.uy\/web\/wp-json\/wp\/v2\/product_tag?post=10186"}],"curies":[{"name":"wp","href":"https:\/\/api.w.org\/{rel}","templated":true}]}}

<div class="profile__text">
<div class="text">
<p><strong>Un libro ambicioso y deslumbrante que mezcla vida y literatura, novela y memorias, ensayo y narración.</strong></p>
<p>Martin Amis explora experiencias vividas, evoca a personas importantes para él y reflexiona sobre la escritura como el arte de contar y dar sentido a las historias. Desfilan por estas páginas tres figuras fundamentales para el autor como persona y como escritor: el mentor Saul Bellow en sus últimos años de vida, el amigo y compañero de tantas andanzas Christopher Hitchens enfrentado a su temprana muerte y el solitario, huraño y genial Philip Larkin, cuya poesía ha acompañado siempre a Amis.</p>
<p>Asoman además otros escritores, entre ellos el padre Kingsley, y también la hermana que falleció demasiado pronto por problemas con el alcohol, y los endiablados amoríos de juventud, y la vida familiar con la esposa e hijas, Inglaterra y Estados Unidos, el terrorismo, el antisemitismo y sobre todo la palabra, la literatura&#8230;</p>
</div>
</div>

<p>Un libro ambicioso y deslumbrante que mezcla vida y literatura, novela y memorias, ensayo y narración. Martin Amis explora experiencias vividas, evoca a personas importantes para él y reflexiona sobre la escritura como el arte de contar y dar sentido a las historias. Desfilan por estas páginas tres figuras fundamentales para el autor como persona [&hellip;]</p>

<p>Un libro ambicioso y deslumbrante que mezcla vida y literatura, novela y memorias, ensayo y narración. Martin Amis explora experiencias vividas, evoca a personas importantes para él y reflexiona sobre la escritura como el arte de contar y dar sentido a las historias. Desfilan por estas páginas tres figuras fundamentales para el autor como persona y como escritor: el mentor Saul Bellow en sus últimos años de vida, el amigo y compañero de tantas andanzas Christopher Hitchens enfrentado a su temprana muerte y el solitario, huraño y genial Philip Larkin, cuya poesía ha acompañado siempre a Amis. Asoman además otros&hellip;</p>
