{"id":1042,"date":"2010-07-14T00:00:00","date_gmt":"2010-07-14T03:00:00","guid":{"rendered":"http:\/\/ajupe.com.uy\/web\/?post_type=product&#038;p=1042"},"modified":"2011-09-22T19:35:10","modified_gmt":"2011-09-22T22:35:10","slug":"cronicas-abisineas","status":"publish","type":"product","link":"https:\/\/ajupe.com.uy\/web\/biblioteca\/cronicas-abisineas\/","title":{"rendered":"Cr\u00f3nicas Abisineas"},"content":{"rendered":"<p>Mugesi, el protagonista de esta obra, que a\u00fana elementos de la novela picaresca y la de iniciaci\u00f3n, nace cuando Uganda acaba de obtener su independencia y una lluvia torrencial asuela el pa\u00eds. Pasa los primeros a\u00f1os de su agitada existencia en una aldea, en la que vive con sus abuelos, y se traslada despu\u00e9s con sus padres a la capital, donde estudia en un seminario cat\u00f3lico. Si el ascenso al poder de Idi Amin siembra la semilla de la esperanza en el pa\u00eds y en Mugesi, que ven en el derrocamiento de Obote la llegada de la prosperidad y el bienestar social, la desilusi\u00f3n no tarda en presentarse.<\/p>\n","protected":false},"excerpt":{"rendered":"<p>Mugesi, el protagonista de esta obra, que a\u00fana elementos de la novela picaresca y la de iniciaci\u00f3n, nace cuando Uganda acaba de obtener su independencia y una lluvia torrencial asuela el pa\u00eds. Pasa los primeros a\u00f1os de su agitada existencia en una aldea,<\/p>\n","protected":false},"featured_media":1043,"template":"","meta":[],"product_brand":[284],"product_cat":[42],"product_tag":[],"class_list":{"0":"post-1042","1":"product","2":"type-product","3":"status-publish","4":"has-post-thumbnail","6":"product_brand-moses-isegawa","7":"product_cat-aventura","9":"first","10":"instock","11":"purchasable","12":"product-type-simple"},"featured_image_urls_v2":{"full":["https:\/\/ajupe.com.uy\/web\/wp-content\/uploads\/2016\/04\/p-1042-6047.jpg",359,560,false],"thumbnail":["https:\/\/ajupe.com.uy\/web\/wp-content\/uploads\/2016\/04\/p-1042-6047.jpg",150,150,true],"medium":["https:\/\/ajupe.com.uy\/web\/wp-content\/uploads\/2016\/04\/p-1042-6047.jpg",300,214,true],"medium_large":["https:\/\/ajupe.com.uy\/web\/wp-content\/uploads\/2016\/04\/p-1042-6047.jpg",359,560,false],"large":["https:\/\/ajupe.com.uy\/web\/wp-content\/uploads\/2016\/04\/p-1042-6047.jpg",359,560,false],"1536x1536":["https:\/\/ajupe.com.uy\/web\/wp-content\/uploads\/2016\/04\/p-1042-6047.jpg",359,560,false],"2048x2048":["https:\/\/ajupe.com.uy\/web\/wp-content\/uploads\/2016\/04\/p-1042-6047.jpg",359,560,false],"woocommerce_archive_thumbnail":["https:\/\/ajupe.com.uy\/web\/wp-content\/uploads\/2016\/04\/p-1042-6047-300x450.jpg",300,450,true],"woocommerce_thumbnail":["https:\/\/ajupe.com.uy\/web\/wp-content\/uploads\/2016\/04\/p-1042-6047-300x300.jpg",300,300,true],"woocommerce_single":["https:\/\/ajupe.com.uy\/web\/wp-content\/uploads\/2016\/04\/p-1042-6047-300x468.jpg",300,468,true],"woocommerce_gallery_thumbnail":["https:\/\/ajupe.com.uy\/web\/wp-content\/uploads\/2016\/04\/p-1042-6047-100x100.jpg",100,100,true]},"post_excerpt_stackable_v2":"<p>Mugesi, el protagonista de esta obra, que a\u00fana elementos de la novela picaresca y la de iniciaci\u00f3n, nace cuando Uganda acaba de obtener su independencia y una lluvia torrencial asuela el pa\u00eds. Pasa los primeros a\u00f1os de su agitada existencia en una aldea,<\/p>\n","category_list_v2":"","author_info_v2":{"name":"","url":""},"comments_num_v2":"0 comentarios","_links":{"self":[{"href":"https:\/\/ajupe.com.uy\/web\/wp-json\/wp\/v2\/product\/1042","targetHints":{"allow":["GET"]}}],"collection":[{"href":"https:\/\/ajupe.com.uy\/web\/wp-json\/wp\/v2\/product"}],"about":[{"href":"https:\/\/ajupe.com.uy\/web\/wp-json\/wp\/v2\/types\/product"}],"wp:featuredmedia":[{"embeddable":true,"href":"https:\/\/ajupe.com.uy\/web\/wp-json\/wp\/v2\/media\/1043"}],"wp:attachment":[{"href":"https:\/\/ajupe.com.uy\/web\/wp-json\/wp\/v2\/media?parent=1042"}],"wp:term":[{"taxonomy":"product_brand","embeddable":true,"href":"https:\/\/ajupe.com.uy\/web\/wp-json\/wp\/v2\/product_brand?post=1042"},{"taxonomy":"product_cat","embeddable":true,"href":"https:\/\/ajupe.com.uy\/web\/wp-json\/wp\/v2\/product_cat?post=1042"},{"taxonomy":"product_tag","embeddable":true,"href":"https:\/\/ajupe.com.uy\/web\/wp-json\/wp\/v2\/product_tag?post=1042"}],"curies":[{"name":"wp","href":"https:\/\/api.w.org\/{rel}","templated":true}]}}