{"id":1080,"date":"2010-07-14T00:00:00","date_gmt":"2010-07-14T03:00:00","guid":{"rendered":"http:\/\/ajupe.com.uy\/web\/?post_type=product&#038;p=1080"},"modified":"2011-09-22T21:34:59","modified_gmt":"2011-09-23T00:34:59","slug":"ruby","status":"publish","type":"product","link":"https:\/\/ajupe.com.uy\/web\/biblioteca\/ruby\/","title":{"rendered":"Ruby"},"content":{"rendered":"<p>Ruby es la primera entrega de una nueva y apasionante saga de la c\u00e9lebre V.C. Andrews. A principios de los a\u00f1os sesenta, en una regi\u00f3n de Louisiana de vegetaci\u00f3n voluptuosa y pantanos cenagosos, Ruby Landry vive una adolescencia feliz con su abuela Catherine, una curandera. Aunque el recuerdo de su madre muerta y de un padre desconocido le produce inquietud, Ruby se siente satisfecha con esa vida sencilla. Su sue\u00f1o secreto es llegar a ser una pintora famosa y admirada. Conoce al apuesto Paul Tate, de posici\u00f3n social elevada, y entre ambos j\u00f3venes florece un amor apasionado. Pero los padres de \u00e9l le proh\u00edben relacionarse con la humilde Ruby.<\/p>\n","protected":false},"excerpt":{"rendered":"<p>Ruby es la primera entrega de una nueva y apasionante saga de la c\u00e9lebre V.C. Andrews. A principios de los a\u00f1os sesenta, en una regi\u00f3n de Louisiana de vegetaci\u00f3n voluptuosa y pantanos cenagosos, Ruby Landry vive una adolescencia feliz con su abuela Cather<\/p>\n","protected":false},"featured_media":1081,"template":"","meta":[],"product_brand":[147],"product_cat":[29],"product_tag":[],"class_list":{"0":"post-1080","1":"product","2":"type-product","3":"status-publish","4":"has-post-thumbnail","6":"product_brand-v-c-andrews","7":"product_cat-novela","9":"first","10":"instock","11":"purchasable","12":"product-type-simple"},"featured_image_urls_v2":{"full":["https:\/\/ajupe.com.uy\/web\/wp-content\/uploads\/2016\/04\/p-1080-6072.jpg",360,538,false],"thumbnail":["https:\/\/ajupe.com.uy\/web\/wp-content\/uploads\/2016\/04\/p-1080-6072.jpg",150,150,true],"medium":["https:\/\/ajupe.com.uy\/web\/wp-content\/uploads\/2016\/04\/p-1080-6072.jpg",300,214,true],"medium_large":["https:\/\/ajupe.com.uy\/web\/wp-content\/uploads\/2016\/04\/p-1080-6072.jpg",360,538,false],"large":["https:\/\/ajupe.com.uy\/web\/wp-content\/uploads\/2016\/04\/p-1080-6072.jpg",360,538,false],"1536x1536":["https:\/\/ajupe.com.uy\/web\/wp-content\/uploads\/2016\/04\/p-1080-6072.jpg",360,538,false],"2048x2048":["https:\/\/ajupe.com.uy\/web\/wp-content\/uploads\/2016\/04\/p-1080-6072.jpg",360,538,false],"woocommerce_archive_thumbnail":["https:\/\/ajupe.com.uy\/web\/wp-content\/uploads\/2016\/04\/p-1080-6072-300x450.jpg",300,450,true],"woocommerce_thumbnail":["https:\/\/ajupe.com.uy\/web\/wp-content\/uploads\/2016\/04\/p-1080-6072-300x300.jpg",300,300,true],"woocommerce_single":["https:\/\/ajupe.com.uy\/web\/wp-content\/uploads\/2016\/04\/p-1080-6072-300x448.jpg",300,448,true],"woocommerce_gallery_thumbnail":["https:\/\/ajupe.com.uy\/web\/wp-content\/uploads\/2016\/04\/p-1080-6072-100x100.jpg",100,100,true]},"post_excerpt_stackable_v2":"<p>Ruby es la primera entrega de una nueva y apasionante saga de la c\u00e9lebre V.C. Andrews. A principios de los a\u00f1os sesenta, en una regi\u00f3n de Louisiana de vegetaci\u00f3n voluptuosa y pantanos cenagosos, Ruby Landry vive una adolescencia feliz con su abuela Cather<\/p>\n","category_list_v2":"","author_info_v2":{"name":"","url":""},"comments_num_v2":"0 comentarios","_links":{"self":[{"href":"https:\/\/ajupe.com.uy\/web\/wp-json\/wp\/v2\/product\/1080","targetHints":{"allow":["GET"]}}],"collection":[{"href":"https:\/\/ajupe.com.uy\/web\/wp-json\/wp\/v2\/product"}],"about":[{"href":"https:\/\/ajupe.com.uy\/web\/wp-json\/wp\/v2\/types\/product"}],"wp:featuredmedia":[{"embeddable":true,"href":"https:\/\/ajupe.com.uy\/web\/wp-json\/wp\/v2\/media\/1081"}],"wp:attachment":[{"href":"https:\/\/ajupe.com.uy\/web\/wp-json\/wp\/v2\/media?parent=1080"}],"wp:term":[{"taxonomy":"product_brand","embeddable":true,"href":"https:\/\/ajupe.com.uy\/web\/wp-json\/wp\/v2\/product_brand?post=1080"},{"taxonomy":"product_cat","embeddable":true,"href":"https:\/\/ajupe.com.uy\/web\/wp-json\/wp\/v2\/product_cat?post=1080"},{"taxonomy":"product_tag","embeddable":true,"href":"https:\/\/ajupe.com.uy\/web\/wp-json\/wp\/v2\/product_tag?post=1080"}],"curies":[{"name":"wp","href":"https:\/\/api.w.org\/{rel}","templated":true}]}}