{"id":10804,"date":"2025-10-21T15:11:53","date_gmt":"2025-10-21T18:11:53","guid":{"rendered":"https:\/\/ajupe.com.uy\/web\/?post_type=product&#038;p=10804"},"modified":"2025-10-21T15:35:59","modified_gmt":"2025-10-21T18:35:59","slug":"algo-tan-sencillo-como-twitear-te-quiero","status":"publish","type":"product","link":"https:\/\/ajupe.com.uy\/web\/biblioteca\/algo-tan-sencillo-como-twitear-te-quiero\/","title":{"rendered":"ALGO TAN SENCILLO COMO TWITEAR TE QUIERO"},"content":{"rendered":"<p><i>\u00abEl primer a\u00f1o en la universidad marca la vida de muchas personas. Te enfrentas a nuevos retos, nuevas ilusiones y a numerosos cambios que, por mucho que tengas previstos no dejan de sorprenderte. Todo esto se multiplica si, adem\u00e1s, ese primer a\u00f1o lo pasas en una residencia de estudiantes. Vives veinticuatro horas, los siete d\u00edas de la semana, con los que terminan convirti\u00e9ndose en tus mejores amigos. Abres los ojos de par en par y surge el amor, llegan las decepciones, descubres la pasi\u00f3n, te persiguen las tentaciones, conoces a fondo tus miedos&#8230;<\/i><br \/>\n<i>todo intensifi cado y a un ritmo que da v\u00e9rtigo. Los chicos de la Benjamin Franklin afrontan esa \u00e9poca repletos de sue\u00f1os y tambi\u00e9n de dudas. Las cosas no siempre son lo que parecen ni salen como uno desea. Pero tienes que lanzar la moneda para saber si sale cruz o cara\u00bb<\/i>, Blue Jeans<\/p>\n<p><i>Algo tan sencillo como tuitear te quiero<\/i>\u00a0es la nueva y esperada novela de Blue Jeans, el autor de la serie m\u00e1s vendida de literatura juvenil rom\u00e1ntica. En esta novela, conoceremos a un grupo de chicos y chicas que afrontan por primera vez la experiencia de vivir y estudiar lejos de la casa familiar. Madrid se convertir\u00e1 en su ciudad de acogida y la residencia, en su nuevo hogar. Todos ellos tendr\u00e1n sus propios problemas y deber\u00e1n enfrentarse a las novatadas, la soledad, las nuevas relaciones que puedan surgir, las tentaciones poco recomendables&#8230; A pesar de todo, y por encima de todo, triunfar\u00e1 el amor, la amistad y la lealtad al grupo.<\/p>\n<p>&nbsp;<\/p>\n","protected":false},"excerpt":{"rendered":"<p>&nbsp;<\/p>\n<p>&nbsp;<\/p>\n<p>&nbsp;<\/p>\n","protected":false},"featured_media":10805,"template":"","meta":[],"product_brand":[1429],"product_cat":[29],"product_tag":[],"class_list":{"0":"post-10804","1":"product","2":"type-product","3":"status-publish","4":"has-post-thumbnail","6":"product_brand-blue-jeans","7":"product_cat-novela","9":"first","10":"outofstock","11":"product-type-variable"},"featured_image_urls_v2":{"full":["https:\/\/ajupe.com.uy\/web\/wp-content\/uploads\/2025\/10\/9338.jpg",1481,2276,false],"thumbnail":["https:\/\/ajupe.com.uy\/web\/wp-content\/uploads\/2025\/10\/9338-150x150.jpg",150,150,true],"medium":["https:\/\/ajupe.com.uy\/web\/wp-content\/uploads\/2025\/10\/9338-195x300.jpg",195,300,true],"medium_large":["https:\/\/ajupe.com.uy\/web\/wp-content\/uploads\/2025\/10\/9338-768x1180.jpg",768,1180,true],"large":["https:\/\/ajupe.com.uy\/web\/wp-content\/uploads\/2025\/10\/9338-666x1024.jpg",666,1024,true],"1536x1536":["https:\/\/ajupe.com.uy\/web\/wp-content\/uploads\/2025\/10\/9338-999x1536.jpg",999,1536,true],"2048x2048":["https:\/\/ajupe.com.uy\/web\/wp-content\/uploads\/2025\/10\/9338-1333x2048.jpg",1333,2048,true],"woocommerce_archive_thumbnail":["https:\/\/ajupe.com.uy\/web\/wp-content\/uploads\/2025\/10\/9338-300x450.jpg",300,450,true],"woocommerce_thumbnail":["https:\/\/ajupe.com.uy\/web\/wp-content\/uploads\/2025\/10\/9338-300x300.jpg",300,300,true],"woocommerce_single":["https:\/\/ajupe.com.uy\/web\/wp-content\/uploads\/2025\/10\/9338-300x461.jpg",300,461,true],"woocommerce_gallery_thumbnail":["https:\/\/ajupe.com.uy\/web\/wp-content\/uploads\/2025\/10\/9338-100x100.jpg",100,100,true]},"post_excerpt_stackable_v2":"<p>&nbsp;<\/p>\n<p>&nbsp;<\/p>\n<p>&nbsp;<\/p>\n","category_list_v2":"","author_info_v2":{"name":"","url":""},"comments_num_v2":"0 comentarios","_links":{"self":[{"href":"https:\/\/ajupe.com.uy\/web\/wp-json\/wp\/v2\/product\/10804","targetHints":{"allow":["GET"]}}],"collection":[{"href":"https:\/\/ajupe.com.uy\/web\/wp-json\/wp\/v2\/product"}],"about":[{"href":"https:\/\/ajupe.com.uy\/web\/wp-json\/wp\/v2\/types\/product"}],"wp:featuredmedia":[{"embeddable":true,"href":"https:\/\/ajupe.com.uy\/web\/wp-json\/wp\/v2\/media\/10805"}],"wp:attachment":[{"href":"https:\/\/ajupe.com.uy\/web\/wp-json\/wp\/v2\/media?parent=10804"}],"wp:term":[{"taxonomy":"product_brand","embeddable":true,"href":"https:\/\/ajupe.com.uy\/web\/wp-json\/wp\/v2\/product_brand?post=10804"},{"taxonomy":"product_cat","embeddable":true,"href":"https:\/\/ajupe.com.uy\/web\/wp-json\/wp\/v2\/product_cat?post=10804"},{"taxonomy":"product_tag","embeddable":true,"href":"https:\/\/ajupe.com.uy\/web\/wp-json\/wp\/v2\/product_tag?post=10804"}],"curies":[{"name":"wp","href":"https:\/\/api.w.org\/{rel}","templated":true}]}}