{"id":10827,"date":"2025-10-21T16:39:59","date_gmt":"2025-10-21T19:39:59","guid":{"rendered":"https:\/\/ajupe.com.uy\/web\/?post_type=product&#038;p=10827"},"modified":"2025-10-21T16:42:34","modified_gmt":"2025-10-21T19:42:34","slug":"el-libro-y-la-hermandad","status":"publish","type":"product","link":"https:\/\/ajupe.com.uy\/web\/biblioteca\/el-libro-y-la-hermandad\/","title":{"rendered":"EL LIBRO Y LA HERMANDAD"},"content":{"rendered":"<p>Como en la comedia de\u00a0<strong>Shakespeare<\/strong>, con la excusa de una fiesta de antiguos alumnos de Oxford, un grupo de amigos se re\u00fane bajo el cielo estrellado de una noche de verano. All\u00ed se encuentran el carism\u00e1tico Gerard Hernshaw y Rose Curtland, enamorada en silencio de \u00e9l desde hace a\u00f1os; Duncan Cambus y su infatigable esposa Jean; Tamar Hernshaw, la atormentada sobrina de Gerard; y, por \u00faltimo, David Crimond, el extravagante genio marxista. Hace a\u00f1os, todos ellos decidieron crear una hermandad con el \u00fanico prop\u00f3sito de financiar un libro de filosof\u00eda en el que Crimond, su carism\u00e1tico l\u00edder, se encargar\u00eda de plasmar sus ideas pol\u00edticas. Con el paso del tiempo las lealtades han cambiado y los vengativos fantasmas del pasado se presentan para sacudir el presente.<\/p>\n<p>&nbsp;<\/p>\n<p>&nbsp;<\/p>\n<p>&nbsp;<\/p>\n<p>&nbsp;<\/p>\n","protected":false},"excerpt":{"rendered":"<p>&nbsp;<\/p>\n<p>&nbsp;<\/p>\n<p>&nbsp;<\/p>\n","protected":false},"featured_media":10815,"template":"","meta":[],"product_brand":[1432],"product_cat":[29],"product_tag":[],"class_list":{"0":"post-10827","1":"product","2":"type-product","3":"status-publish","4":"has-post-thumbnail","6":"product_brand-iris-murdoch","7":"product_cat-novela","9":"first","10":"outofstock","11":"product-type-variable"},"featured_image_urls_v2":{"full":["https:\/\/ajupe.com.uy\/web\/wp-content\/uploads\/2025\/10\/9348.jpg",1614,2466,false],"thumbnail":["https:\/\/ajupe.com.uy\/web\/wp-content\/uploads\/2025\/10\/9348-150x150.jpg",150,150,true],"medium":["https:\/\/ajupe.com.uy\/web\/wp-content\/uploads\/2025\/10\/9348-196x300.jpg",196,300,true],"medium_large":["https:\/\/ajupe.com.uy\/web\/wp-content\/uploads\/2025\/10\/9348-768x1173.jpg",768,1173,true],"large":["https:\/\/ajupe.com.uy\/web\/wp-content\/uploads\/2025\/10\/9348-670x1024.jpg",670,1024,true],"1536x1536":["https:\/\/ajupe.com.uy\/web\/wp-content\/uploads\/2025\/10\/9348-1005x1536.jpg",1005,1536,true],"2048x2048":["https:\/\/ajupe.com.uy\/web\/wp-content\/uploads\/2025\/10\/9348-1340x2048.jpg",1340,2048,true],"woocommerce_archive_thumbnail":["https:\/\/ajupe.com.uy\/web\/wp-content\/uploads\/2025\/10\/9348-300x450.jpg",300,450,true],"woocommerce_thumbnail":["https:\/\/ajupe.com.uy\/web\/wp-content\/uploads\/2025\/10\/9348-300x300.jpg",300,300,true],"woocommerce_single":["https:\/\/ajupe.com.uy\/web\/wp-content\/uploads\/2025\/10\/9348-300x458.jpg",300,458,true],"woocommerce_gallery_thumbnail":["https:\/\/ajupe.com.uy\/web\/wp-content\/uploads\/2025\/10\/9348-100x100.jpg",100,100,true]},"post_excerpt_stackable_v2":"<p>&nbsp;<\/p>\n<p>&nbsp;<\/p>\n<p>&nbsp;<\/p>\n","category_list_v2":"","author_info_v2":{"name":"","url":""},"comments_num_v2":"0 comentarios","_links":{"self":[{"href":"https:\/\/ajupe.com.uy\/web\/wp-json\/wp\/v2\/product\/10827","targetHints":{"allow":["GET"]}}],"collection":[{"href":"https:\/\/ajupe.com.uy\/web\/wp-json\/wp\/v2\/product"}],"about":[{"href":"https:\/\/ajupe.com.uy\/web\/wp-json\/wp\/v2\/types\/product"}],"wp:featuredmedia":[{"embeddable":true,"href":"https:\/\/ajupe.com.uy\/web\/wp-json\/wp\/v2\/media\/10815"}],"wp:attachment":[{"href":"https:\/\/ajupe.com.uy\/web\/wp-json\/wp\/v2\/media?parent=10827"}],"wp:term":[{"taxonomy":"product_brand","embeddable":true,"href":"https:\/\/ajupe.com.uy\/web\/wp-json\/wp\/v2\/product_brand?post=10827"},{"taxonomy":"product_cat","embeddable":true,"href":"https:\/\/ajupe.com.uy\/web\/wp-json\/wp\/v2\/product_cat?post=10827"},{"taxonomy":"product_tag","embeddable":true,"href":"https:\/\/ajupe.com.uy\/web\/wp-json\/wp\/v2\/product_tag?post=10827"}],"curies":[{"name":"wp","href":"https:\/\/api.w.org\/{rel}","templated":true}]}}