{"id":1112,"date":"2010-07-14T00:00:00","date_gmt":"2010-07-14T03:00:00","guid":{"rendered":"http:\/\/ajupe.com.uy\/web\/?post_type=product&#038;p=1112"},"modified":"2010-07-14T00:00:00","modified_gmt":"2010-07-14T03:00:00","slug":"despues-del-verano","status":"publish","type":"product","link":"https:\/\/ajupe.com.uy\/web\/biblioteca\/despues-del-verano\/","title":{"rendered":"Despu\u00e9s del verano"},"content":{"rendered":"<p>Hubo una \u00e9poca en que David, heredero de una destiler\u00eda de whisky, se consideraba un hombre afortunado. Su esposa era todo lo que \u00e9l pod\u00eda esperar de una mujer. Pero nadie pod\u00eda prever que ella falleciera repentinamente. Destrozado, David no consigue recuperarse, haciendo peligrar la estabilidad emocional de sus tres hijos. Sus padres intentan ayudarle ofreci\u00e9ndole mayores responsabilidades en el negocio familiar, que atraviesa una serie de crisis. Con ese motivo emprende un viaje a Estados Unidos, donde el destino le depara una sorpresa que tal vez pued proporcionarle un nuevo sentido a su vida. Sin embargo, ignora que entretanto en la destiler\u00eda se tejen complots y traiciones para hundirla a favor de la competencia&#8230;<\/p>\n","protected":false},"excerpt":{"rendered":"<p>Hubo una \u00e9poca en que David, heredero de una destiler\u00eda de whisky, se consideraba un hombre afortunado. Su esposa era todo lo que \u00e9l pod\u00eda esperar de una mujer. Pero nadie pod\u00eda prever que ella falleciera repentinamente. Destrozado, David no consigue recu<\/p>\n","protected":false},"featured_media":1113,"template":"","meta":[],"product_brand":[305],"product_cat":[29],"product_tag":[],"class_list":{"0":"post-1112","1":"product","2":"type-product","3":"status-publish","4":"has-post-thumbnail","6":"product_brand-robin-pilcher","7":"product_cat-novela","9":"first","10":"instock","11":"purchasable","12":"product-type-simple"},"featured_image_urls_v2":{"full":["https:\/\/ajupe.com.uy\/web\/wp-content\/uploads\/2016\/04\/p-1112-6092.jpg",360,555,false],"thumbnail":["https:\/\/ajupe.com.uy\/web\/wp-content\/uploads\/2016\/04\/p-1112-6092.jpg",150,150,true],"medium":["https:\/\/ajupe.com.uy\/web\/wp-content\/uploads\/2016\/04\/p-1112-6092.jpg",300,214,true],"medium_large":["https:\/\/ajupe.com.uy\/web\/wp-content\/uploads\/2016\/04\/p-1112-6092.jpg",360,555,false],"large":["https:\/\/ajupe.com.uy\/web\/wp-content\/uploads\/2016\/04\/p-1112-6092.jpg",360,555,false],"1536x1536":["https:\/\/ajupe.com.uy\/web\/wp-content\/uploads\/2016\/04\/p-1112-6092.jpg",360,555,false],"2048x2048":["https:\/\/ajupe.com.uy\/web\/wp-content\/uploads\/2016\/04\/p-1112-6092.jpg",360,555,false],"woocommerce_archive_thumbnail":["https:\/\/ajupe.com.uy\/web\/wp-content\/uploads\/2016\/04\/p-1112-6092-300x450.jpg",300,450,true],"woocommerce_thumbnail":["https:\/\/ajupe.com.uy\/web\/wp-content\/uploads\/2016\/04\/p-1112-6092-300x300.jpg",300,300,true],"woocommerce_single":["https:\/\/ajupe.com.uy\/web\/wp-content\/uploads\/2016\/04\/p-1112-6092-300x463.jpg",300,463,true],"woocommerce_gallery_thumbnail":["https:\/\/ajupe.com.uy\/web\/wp-content\/uploads\/2016\/04\/p-1112-6092-100x100.jpg",100,100,true]},"post_excerpt_stackable_v2":"<p>Hubo una \u00e9poca en que David, heredero de una destiler\u00eda de whisky, se consideraba un hombre afortunado. Su esposa era todo lo que \u00e9l pod\u00eda esperar de una mujer. Pero nadie pod\u00eda prever que ella falleciera repentinamente. Destrozado, David no consigue recu<\/p>\n","category_list_v2":"","author_info_v2":{"name":"","url":""},"comments_num_v2":"0 comentarios","_links":{"self":[{"href":"https:\/\/ajupe.com.uy\/web\/wp-json\/wp\/v2\/product\/1112","targetHints":{"allow":["GET"]}}],"collection":[{"href":"https:\/\/ajupe.com.uy\/web\/wp-json\/wp\/v2\/product"}],"about":[{"href":"https:\/\/ajupe.com.uy\/web\/wp-json\/wp\/v2\/types\/product"}],"wp:featuredmedia":[{"embeddable":true,"href":"https:\/\/ajupe.com.uy\/web\/wp-json\/wp\/v2\/media\/1113"}],"wp:attachment":[{"href":"https:\/\/ajupe.com.uy\/web\/wp-json\/wp\/v2\/media?parent=1112"}],"wp:term":[{"taxonomy":"product_brand","embeddable":true,"href":"https:\/\/ajupe.com.uy\/web\/wp-json\/wp\/v2\/product_brand?post=1112"},{"taxonomy":"product_cat","embeddable":true,"href":"https:\/\/ajupe.com.uy\/web\/wp-json\/wp\/v2\/product_cat?post=1112"},{"taxonomy":"product_tag","embeddable":true,"href":"https:\/\/ajupe.com.uy\/web\/wp-json\/wp\/v2\/product_tag?post=1112"}],"curies":[{"name":"wp","href":"https:\/\/api.w.org\/{rel}","templated":true}]}}