{"id":1116,"date":"2010-07-14T00:00:00","date_gmt":"2010-07-14T03:00:00","guid":{"rendered":"http:\/\/ajupe.com.uy\/web\/?post_type=product&#038;p=1116"},"modified":"2010-07-14T00:00:00","modified_gmt":"2010-07-14T03:00:00","slug":"todo-por-ganar","status":"publish","type":"product","link":"https:\/\/ajupe.com.uy\/web\/biblioteca\/todo-por-ganar\/","title":{"rendered":"Todo por ganar"},"content":{"rendered":"<p>Todo por ganar es la nueva y cautivante novela de Barbara Taylor Bradford. Mallory era feliz con su marido y sus dos hermosos hijos mellizos. Hab\u00eda hallado por fin el sentido de familia que tanto a\u00f1or\u00f3 en su infancia. Pero una noche de invierno, la tragedia la golpe\u00f3 sin previo aviso. En un solo y terrible acto de violencia, Mallory perdi\u00f3 todo lo que m\u00e1s amaba. Lentamente, comprende que si quiere sobrevivir tendr\u00e1 que trabajar duro para volver a unir los jirones de su vida.<\/p>\n","protected":false},"excerpt":{"rendered":"<p>Todo por ganar es la nueva y cautivante novela de Barbara Taylor Bradford. Mallory era feliz con su marido y sus dos hermosos hijos mellizos. Hab\u00eda hallado por fin el sentido de familia que tanto a\u00f1or\u00f3 en su infancia. Pero una noche de invierno, la traged<\/p>\n","protected":false},"featured_media":1117,"template":"","meta":[],"product_brand":[81],"product_cat":[29],"product_tag":[],"class_list":{"0":"post-1116","1":"product","2":"type-product","3":"status-publish","4":"has-post-thumbnail","6":"product_brand-barbara-taylor-bradford","7":"product_cat-novela","9":"first","10":"instock","11":"purchasable","12":"product-type-simple"},"featured_image_urls_v2":{"full":["https:\/\/ajupe.com.uy\/web\/wp-content\/uploads\/2016\/04\/p-1116-6094.jpg",361,561,false],"thumbnail":["https:\/\/ajupe.com.uy\/web\/wp-content\/uploads\/2016\/04\/p-1116-6094.jpg",150,150,true],"medium":["https:\/\/ajupe.com.uy\/web\/wp-content\/uploads\/2016\/04\/p-1116-6094.jpg",300,214,true],"medium_large":["https:\/\/ajupe.com.uy\/web\/wp-content\/uploads\/2016\/04\/p-1116-6094.jpg",361,561,false],"large":["https:\/\/ajupe.com.uy\/web\/wp-content\/uploads\/2016\/04\/p-1116-6094.jpg",361,561,false],"1536x1536":["https:\/\/ajupe.com.uy\/web\/wp-content\/uploads\/2016\/04\/p-1116-6094.jpg",361,561,false],"2048x2048":["https:\/\/ajupe.com.uy\/web\/wp-content\/uploads\/2016\/04\/p-1116-6094.jpg",361,561,false],"woocommerce_archive_thumbnail":["https:\/\/ajupe.com.uy\/web\/wp-content\/uploads\/2016\/04\/p-1116-6094-300x450.jpg",300,450,true],"woocommerce_thumbnail":["https:\/\/ajupe.com.uy\/web\/wp-content\/uploads\/2016\/04\/p-1116-6094-300x300.jpg",300,300,true],"woocommerce_single":["https:\/\/ajupe.com.uy\/web\/wp-content\/uploads\/2016\/04\/p-1116-6094-300x466.jpg",300,466,true],"woocommerce_gallery_thumbnail":["https:\/\/ajupe.com.uy\/web\/wp-content\/uploads\/2016\/04\/p-1116-6094-100x100.jpg",100,100,true]},"post_excerpt_stackable_v2":"<p>Todo por ganar es la nueva y cautivante novela de Barbara Taylor Bradford. Mallory era feliz con su marido y sus dos hermosos hijos mellizos. Hab\u00eda hallado por fin el sentido de familia que tanto a\u00f1or\u00f3 en su infancia. Pero una noche de invierno, la traged<\/p>\n","category_list_v2":"","author_info_v2":{"name":"","url":""},"comments_num_v2":"0 comentarios","_links":{"self":[{"href":"https:\/\/ajupe.com.uy\/web\/wp-json\/wp\/v2\/product\/1116","targetHints":{"allow":["GET"]}}],"collection":[{"href":"https:\/\/ajupe.com.uy\/web\/wp-json\/wp\/v2\/product"}],"about":[{"href":"https:\/\/ajupe.com.uy\/web\/wp-json\/wp\/v2\/types\/product"}],"wp:featuredmedia":[{"embeddable":true,"href":"https:\/\/ajupe.com.uy\/web\/wp-json\/wp\/v2\/media\/1117"}],"wp:attachment":[{"href":"https:\/\/ajupe.com.uy\/web\/wp-json\/wp\/v2\/media?parent=1116"}],"wp:term":[{"taxonomy":"product_brand","embeddable":true,"href":"https:\/\/ajupe.com.uy\/web\/wp-json\/wp\/v2\/product_brand?post=1116"},{"taxonomy":"product_cat","embeddable":true,"href":"https:\/\/ajupe.com.uy\/web\/wp-json\/wp\/v2\/product_cat?post=1116"},{"taxonomy":"product_tag","embeddable":true,"href":"https:\/\/ajupe.com.uy\/web\/wp-json\/wp\/v2\/product_tag?post=1116"}],"curies":[{"name":"wp","href":"https:\/\/api.w.org\/{rel}","templated":true}]}}