{"id":1142,"date":"2010-07-14T00:00:00","date_gmt":"2010-07-14T03:00:00","guid":{"rendered":"http:\/\/ajupe.com.uy\/web\/?post_type=product&#038;p=1142"},"modified":"2010-07-14T00:00:00","modified_gmt":"2010-07-14T03:00:00","slug":"todo-o-nada","status":"publish","type":"product","link":"https:\/\/ajupe.com.uy\/web\/biblioteca\/todo-o-nada\/","title":{"rendered":"Todo o Nada"},"content":{"rendered":"<p>La joven abogada y profesora de derecho Marla Cwitowitz ama su trabajo, pero ans\u00eda hacer algo m\u00e1s excitante. Cuando ella y su \u00edntimo amigo, el investigador privado Al Giraud, tropiezan con el caso m\u00e1s importante de su carrera, se entusiasma ante la oportunidad de iniciarse como detective. Seg\u00fan las noticias period\u00edsticas, la agente inmobiliaria Laurie Martin ha desaparecido y posiblemente est\u00e1 muerta. D\u00edas antes, Marla y Al la vieron cenar con un hombre muy atractivo, que resulta ser Steve Mallard, casado y padre de familia, y principal sospechoso de la desaparici\u00f3n de Laurie.<\/p>\n","protected":false},"excerpt":{"rendered":"<p>La joven abogada y profesora de derecho Marla Cwitowitz ama su trabajo, pero ans\u00eda hacer algo m\u00e1s excitante. Cuando ella y su \u00edntimo amigo, el investigador privado Al Giraud, tropiezan con el caso m\u00e1s importante de su carrera, se entusiasma ante la oportu<\/p>\n","protected":false},"featured_media":1143,"template":"","meta":[],"product_brand":[212],"product_cat":[30],"product_tag":[],"class_list":{"0":"post-1142","1":"product","2":"type-product","3":"status-publish","4":"has-post-thumbnail","6":"product_brand-elizabeth-adler","7":"product_cat-suspenso","9":"first","10":"instock","11":"purchasable","12":"product-type-simple"},"featured_image_urls_v2":{"full":["https:\/\/ajupe.com.uy\/web\/wp-content\/uploads\/2016\/04\/p-1142-6127.jpg",362,533,false],"thumbnail":["https:\/\/ajupe.com.uy\/web\/wp-content\/uploads\/2016\/04\/p-1142-6127.jpg",150,150,true],"medium":["https:\/\/ajupe.com.uy\/web\/wp-content\/uploads\/2016\/04\/p-1142-6127.jpg",300,214,true],"medium_large":["https:\/\/ajupe.com.uy\/web\/wp-content\/uploads\/2016\/04\/p-1142-6127.jpg",362,533,false],"large":["https:\/\/ajupe.com.uy\/web\/wp-content\/uploads\/2016\/04\/p-1142-6127.jpg",362,533,false],"1536x1536":["https:\/\/ajupe.com.uy\/web\/wp-content\/uploads\/2016\/04\/p-1142-6127.jpg",362,533,false],"2048x2048":["https:\/\/ajupe.com.uy\/web\/wp-content\/uploads\/2016\/04\/p-1142-6127.jpg",362,533,false],"woocommerce_archive_thumbnail":["https:\/\/ajupe.com.uy\/web\/wp-content\/uploads\/2016\/04\/p-1142-6127-300x450.jpg",300,450,true],"woocommerce_thumbnail":["https:\/\/ajupe.com.uy\/web\/wp-content\/uploads\/2016\/04\/p-1142-6127-300x300.jpg",300,300,true],"woocommerce_single":["https:\/\/ajupe.com.uy\/web\/wp-content\/uploads\/2016\/04\/p-1142-6127-300x442.jpg",300,442,true],"woocommerce_gallery_thumbnail":["https:\/\/ajupe.com.uy\/web\/wp-content\/uploads\/2016\/04\/p-1142-6127-100x100.jpg",100,100,true]},"post_excerpt_stackable_v2":"<p>La joven abogada y profesora de derecho Marla Cwitowitz ama su trabajo, pero ans\u00eda hacer algo m\u00e1s excitante. Cuando ella y su \u00edntimo amigo, el investigador privado Al Giraud, tropiezan con el caso m\u00e1s importante de su carrera, se entusiasma ante la oportu<\/p>\n","category_list_v2":"","author_info_v2":{"name":"","url":""},"comments_num_v2":"0 comentarios","_links":{"self":[{"href":"https:\/\/ajupe.com.uy\/web\/wp-json\/wp\/v2\/product\/1142","targetHints":{"allow":["GET"]}}],"collection":[{"href":"https:\/\/ajupe.com.uy\/web\/wp-json\/wp\/v2\/product"}],"about":[{"href":"https:\/\/ajupe.com.uy\/web\/wp-json\/wp\/v2\/types\/product"}],"wp:featuredmedia":[{"embeddable":true,"href":"https:\/\/ajupe.com.uy\/web\/wp-json\/wp\/v2\/media\/1143"}],"wp:attachment":[{"href":"https:\/\/ajupe.com.uy\/web\/wp-json\/wp\/v2\/media?parent=1142"}],"wp:term":[{"taxonomy":"product_brand","embeddable":true,"href":"https:\/\/ajupe.com.uy\/web\/wp-json\/wp\/v2\/product_brand?post=1142"},{"taxonomy":"product_cat","embeddable":true,"href":"https:\/\/ajupe.com.uy\/web\/wp-json\/wp\/v2\/product_cat?post=1142"},{"taxonomy":"product_tag","embeddable":true,"href":"https:\/\/ajupe.com.uy\/web\/wp-json\/wp\/v2\/product_tag?post=1142"}],"curies":[{"name":"wp","href":"https:\/\/api.w.org\/{rel}","templated":true}]}}