{"id":1168,"date":"2010-07-14T00:00:00","date_gmt":"2010-07-14T03:00:00","guid":{"rendered":"http:\/\/ajupe.com.uy\/web\/?post_type=product&#038;p=1168"},"modified":"2010-07-14T00:00:00","modified_gmt":"2010-07-14T03:00:00","slug":"justicia-salvaje","status":"publish","type":"product","link":"https:\/\/ajupe.com.uy\/web\/biblioteca\/justicia-salvaje\/","title":{"rendered":"Justicia salvaje"},"content":{"rendered":"<p>Cuando los cuerpos mutilados de nueve personas son descubiertos en las profundidades de un bosque en Oreg\u00f3n, las sospechas recaen sobre Vincent Cardoni, un cirujano de Portland. Los casos tienen algo en com\u00fan: a todas las v\u00edctimas les faltan \u00f3rganos vitales y es evidente que \u00e9stos han sido extra\u00eddos por manos expertas. Adicto a la coca\u00edna y conocido por sus arrebatos violentos, Cardoni lleva un tiempo vigilado de cerca por sus colegas. El hallazgo de un v\u00eddeo que contiene im\u00e1genes de la tortura de una de las enfermeras del hospital, as\u00ed como el de un escalpelo con las huellas dactilares del m\u00e9dico, parecen no dejar duda al respecto.<\/p>\n","protected":false},"excerpt":{"rendered":"<p>Cuando los cuerpos mutilados de nueve personas son descubiertos en las profundidades de un bosque en Oreg\u00f3n, las sospechas recaen sobre Vincent Cardoni, un cirujano de Portland. Los casos tienen algo en com\u00fan: a todas las v\u00edctimas les faltan \u00f3rganos vital<\/p>\n","protected":false},"featured_media":1169,"template":"","meta":[],"product_brand":[321],"product_cat":[30],"product_tag":[],"class_list":{"0":"post-1168","1":"product","2":"type-product","3":"status-publish","4":"has-post-thumbnail","6":"product_brand-phillip-margolin","7":"product_cat-suspenso","9":"first","10":"instock","11":"purchasable","12":"product-type-simple"},"featured_image_urls_v2":{"full":["https:\/\/ajupe.com.uy\/web\/wp-content\/uploads\/2016\/04\/p-1168-6140.jpg",361,572,false],"thumbnail":["https:\/\/ajupe.com.uy\/web\/wp-content\/uploads\/2016\/04\/p-1168-6140.jpg",150,150,true],"medium":["https:\/\/ajupe.com.uy\/web\/wp-content\/uploads\/2016\/04\/p-1168-6140.jpg",300,214,true],"medium_large":["https:\/\/ajupe.com.uy\/web\/wp-content\/uploads\/2016\/04\/p-1168-6140.jpg",361,572,false],"large":["https:\/\/ajupe.com.uy\/web\/wp-content\/uploads\/2016\/04\/p-1168-6140.jpg",361,572,false],"1536x1536":["https:\/\/ajupe.com.uy\/web\/wp-content\/uploads\/2016\/04\/p-1168-6140.jpg",361,572,false],"2048x2048":["https:\/\/ajupe.com.uy\/web\/wp-content\/uploads\/2016\/04\/p-1168-6140.jpg",361,572,false],"woocommerce_archive_thumbnail":["https:\/\/ajupe.com.uy\/web\/wp-content\/uploads\/2016\/04\/p-1168-6140-300x450.jpg",300,450,true],"woocommerce_thumbnail":["https:\/\/ajupe.com.uy\/web\/wp-content\/uploads\/2016\/04\/p-1168-6140-300x300.jpg",300,300,true],"woocommerce_single":["https:\/\/ajupe.com.uy\/web\/wp-content\/uploads\/2016\/04\/p-1168-6140-300x475.jpg",300,475,true],"woocommerce_gallery_thumbnail":["https:\/\/ajupe.com.uy\/web\/wp-content\/uploads\/2016\/04\/p-1168-6140-100x100.jpg",100,100,true]},"post_excerpt_stackable_v2":"<p>Cuando los cuerpos mutilados de nueve personas son descubiertos en las profundidades de un bosque en Oreg\u00f3n, las sospechas recaen sobre Vincent Cardoni, un cirujano de Portland. Los casos tienen algo en com\u00fan: a todas las v\u00edctimas les faltan \u00f3rganos vital<\/p>\n","category_list_v2":"","author_info_v2":{"name":"","url":""},"comments_num_v2":"0 comentarios","_links":{"self":[{"href":"https:\/\/ajupe.com.uy\/web\/wp-json\/wp\/v2\/product\/1168","targetHints":{"allow":["GET"]}}],"collection":[{"href":"https:\/\/ajupe.com.uy\/web\/wp-json\/wp\/v2\/product"}],"about":[{"href":"https:\/\/ajupe.com.uy\/web\/wp-json\/wp\/v2\/types\/product"}],"wp:featuredmedia":[{"embeddable":true,"href":"https:\/\/ajupe.com.uy\/web\/wp-json\/wp\/v2\/media\/1169"}],"wp:attachment":[{"href":"https:\/\/ajupe.com.uy\/web\/wp-json\/wp\/v2\/media?parent=1168"}],"wp:term":[{"taxonomy":"product_brand","embeddable":true,"href":"https:\/\/ajupe.com.uy\/web\/wp-json\/wp\/v2\/product_brand?post=1168"},{"taxonomy":"product_cat","embeddable":true,"href":"https:\/\/ajupe.com.uy\/web\/wp-json\/wp\/v2\/product_cat?post=1168"},{"taxonomy":"product_tag","embeddable":true,"href":"https:\/\/ajupe.com.uy\/web\/wp-json\/wp\/v2\/product_tag?post=1168"}],"curies":[{"name":"wp","href":"https:\/\/api.w.org\/{rel}","templated":true}]}}