{"id":1186,"date":"2010-07-14T00:00:00","date_gmt":"2010-07-14T03:00:00","guid":{"rendered":"http:\/\/ajupe.com.uy\/web\/?post_type=product&#038;p=1186"},"modified":"2011-09-21T18:09:13","modified_gmt":"2011-09-21T21:09:13","slug":"aroma-de-cafe-amargo","status":"publish","type":"product","link":"https:\/\/ajupe.com.uy\/web\/biblioteca\/aroma-de-cafe-amargo\/","title":{"rendered":"Aroma de caf\u00e9 amargo"},"content":{"rendered":"<p>Aroma de caf\u00e9 amargo en una saga que narra la vida de tres generaciones de mujeres en las d\u00e9cadas convulsionadas de los 30 a los 70 en El Salvador, cuando el amor y el dolor estuvieron de visita y dejaron en su camino culpa y amargura, y la historia continu\u00f3 como lo hacen todas las historias hasta que se acaba la vida. En violento contraste se muestra la vida de los recolectores de caf\u00e9, que deben llevar una existencia miserable cerca de la elite privilegiada. Jacinta Prieto, sirvienta de la familia Contreras, conoce sus secretos m\u00e1s \u00edntimos, pero tambi\u00e9n tiene los propios, incluyendo una relaci\u00f3n amorosa con un hombre casado, y por proteger su identidad lo arriesga todo.<\/p>\n","protected":false},"excerpt":{"rendered":"<p>Aroma de caf\u00e9 amargo en una saga que narra la vida de tres generaciones de mujeres en las d\u00e9cadas convulsionadas de los 30 a los 70 en El Salvador, cuando el amor y el dolor estuvieron de visita y dejaron en su camino culpa y amargura, y la historia conti<\/p>\n","protected":false},"featured_media":1187,"template":"","meta":[],"product_brand":[328],"product_cat":[29],"product_tag":[],"class_list":{"0":"post-1186","1":"product","2":"type-product","3":"status-publish","4":"has-post-thumbnail","6":"product_brand-sandra-benitez","7":"product_cat-novela","9":"first","10":"instock","11":"purchasable","12":"product-type-simple"},"featured_image_urls_v2":{"full":["https:\/\/ajupe.com.uy\/web\/wp-content\/uploads\/2016\/04\/p-1186-6150.jpg",361,538,false],"thumbnail":["https:\/\/ajupe.com.uy\/web\/wp-content\/uploads\/2016\/04\/p-1186-6150.jpg",150,150,true],"medium":["https:\/\/ajupe.com.uy\/web\/wp-content\/uploads\/2016\/04\/p-1186-6150.jpg",300,214,true],"medium_large":["https:\/\/ajupe.com.uy\/web\/wp-content\/uploads\/2016\/04\/p-1186-6150.jpg",361,538,false],"large":["https:\/\/ajupe.com.uy\/web\/wp-content\/uploads\/2016\/04\/p-1186-6150.jpg",361,538,false],"1536x1536":["https:\/\/ajupe.com.uy\/web\/wp-content\/uploads\/2016\/04\/p-1186-6150.jpg",361,538,false],"2048x2048":["https:\/\/ajupe.com.uy\/web\/wp-content\/uploads\/2016\/04\/p-1186-6150.jpg",361,538,false],"woocommerce_archive_thumbnail":["https:\/\/ajupe.com.uy\/web\/wp-content\/uploads\/2016\/04\/p-1186-6150-300x450.jpg",300,450,true],"woocommerce_thumbnail":["https:\/\/ajupe.com.uy\/web\/wp-content\/uploads\/2016\/04\/p-1186-6150-300x300.jpg",300,300,true],"woocommerce_single":["https:\/\/ajupe.com.uy\/web\/wp-content\/uploads\/2016\/04\/p-1186-6150-300x447.jpg",300,447,true],"woocommerce_gallery_thumbnail":["https:\/\/ajupe.com.uy\/web\/wp-content\/uploads\/2016\/04\/p-1186-6150-100x100.jpg",100,100,true]},"post_excerpt_stackable_v2":"<p>Aroma de caf\u00e9 amargo en una saga que narra la vida de tres generaciones de mujeres en las d\u00e9cadas convulsionadas de los 30 a los 70 en El Salvador, cuando el amor y el dolor estuvieron de visita y dejaron en su camino culpa y amargura, y la historia conti<\/p>\n","category_list_v2":"","author_info_v2":{"name":"","url":""},"comments_num_v2":"0 comentarios","_links":{"self":[{"href":"https:\/\/ajupe.com.uy\/web\/wp-json\/wp\/v2\/product\/1186","targetHints":{"allow":["GET"]}}],"collection":[{"href":"https:\/\/ajupe.com.uy\/web\/wp-json\/wp\/v2\/product"}],"about":[{"href":"https:\/\/ajupe.com.uy\/web\/wp-json\/wp\/v2\/types\/product"}],"wp:featuredmedia":[{"embeddable":true,"href":"https:\/\/ajupe.com.uy\/web\/wp-json\/wp\/v2\/media\/1187"}],"wp:attachment":[{"href":"https:\/\/ajupe.com.uy\/web\/wp-json\/wp\/v2\/media?parent=1186"}],"wp:term":[{"taxonomy":"product_brand","embeddable":true,"href":"https:\/\/ajupe.com.uy\/web\/wp-json\/wp\/v2\/product_brand?post=1186"},{"taxonomy":"product_cat","embeddable":true,"href":"https:\/\/ajupe.com.uy\/web\/wp-json\/wp\/v2\/product_cat?post=1186"},{"taxonomy":"product_tag","embeddable":true,"href":"https:\/\/ajupe.com.uy\/web\/wp-json\/wp\/v2\/product_tag?post=1186"}],"curies":[{"name":"wp","href":"https:\/\/api.w.org\/{rel}","templated":true}]}}