{"id":1200,"date":"2010-07-14T00:00:00","date_gmt":"2010-07-14T03:00:00","guid":{"rendered":"http:\/\/ajupe.com.uy\/web\/?post_type=product&#038;p=1200"},"modified":"2010-07-14T00:00:00","modified_gmt":"2010-07-14T03:00:00","slug":"alfonsina-storni","status":"publish","type":"product","link":"https:\/\/ajupe.com.uy\/web\/biblioteca\/alfonsina-storni\/","title":{"rendered":"Alfonsina Storni"},"content":{"rendered":"<p>Joven, pobre, sin armas v\u00e1lidas en una sociedad dif\u00edcil como Buenos Aires, feminista antes de tiempo \u2013por eso la sociedad burguesa la acus\u00f3 de inmoral-, Alfonsina emprendi\u00f3 la ardua tarea de subsistir y perpetuarse. Alfonsina Storni fue mucho m\u00e1s que una notable poeta de los a\u00f1os 20. Fue una de las pocas mujeres de su generaci\u00f3n que se atrevi\u00f3 a ser aut\u00e9nticamente ella misma y que desde la provocaci\u00f3n y la desverguenza de su decir, desde la vitalidad de sus versos y la intensidad de su vida, se construy\u00f3 un lugar en el que hasta ese entonces solo cab\u00edan los hombres.<\/p>\n","protected":false},"excerpt":{"rendered":"<p>Joven, pobre, sin armas v\u00e1lidas en una sociedad dif\u00edcil como Buenos Aires, feminista antes de tiempo \u2013por eso la sociedad burguesa la acus\u00f3 de inmoral-, Alfonsina emprendi\u00f3 la ardua tarea de subsistir y perpetuarse. Alfonsina Storni fue mucho m\u00e1s que una <\/p>\n","protected":false},"featured_media":1201,"template":"","meta":[],"product_brand":[334],"product_cat":[44],"product_tag":[],"class_list":{"0":"post-1200","1":"product","2":"type-product","3":"status-publish","4":"has-post-thumbnail","6":"product_brand-josefina-delgado","7":"product_cat-biografico","9":"first","10":"instock","11":"purchasable","12":"product-type-simple"},"featured_image_urls_v2":{"full":["https:\/\/ajupe.com.uy\/web\/wp-content\/uploads\/2016\/04\/p-1200-6157.jpg",361,555,false],"thumbnail":["https:\/\/ajupe.com.uy\/web\/wp-content\/uploads\/2016\/04\/p-1200-6157.jpg",150,150,true],"medium":["https:\/\/ajupe.com.uy\/web\/wp-content\/uploads\/2016\/04\/p-1200-6157.jpg",300,214,true],"medium_large":["https:\/\/ajupe.com.uy\/web\/wp-content\/uploads\/2016\/04\/p-1200-6157.jpg",361,555,false],"large":["https:\/\/ajupe.com.uy\/web\/wp-content\/uploads\/2016\/04\/p-1200-6157.jpg",361,555,false],"1536x1536":["https:\/\/ajupe.com.uy\/web\/wp-content\/uploads\/2016\/04\/p-1200-6157.jpg",361,555,false],"2048x2048":["https:\/\/ajupe.com.uy\/web\/wp-content\/uploads\/2016\/04\/p-1200-6157.jpg",361,555,false],"woocommerce_archive_thumbnail":["https:\/\/ajupe.com.uy\/web\/wp-content\/uploads\/2016\/04\/p-1200-6157-300x450.jpg",300,450,true],"woocommerce_thumbnail":["https:\/\/ajupe.com.uy\/web\/wp-content\/uploads\/2016\/04\/p-1200-6157-300x300.jpg",300,300,true],"woocommerce_single":["https:\/\/ajupe.com.uy\/web\/wp-content\/uploads\/2016\/04\/p-1200-6157-300x461.jpg",300,461,true],"woocommerce_gallery_thumbnail":["https:\/\/ajupe.com.uy\/web\/wp-content\/uploads\/2016\/04\/p-1200-6157-100x100.jpg",100,100,true]},"post_excerpt_stackable_v2":"<p>Joven, pobre, sin armas v\u00e1lidas en una sociedad dif\u00edcil como Buenos Aires, feminista antes de tiempo \u2013por eso la sociedad burguesa la acus\u00f3 de inmoral-, Alfonsina emprendi\u00f3 la ardua tarea de subsistir y perpetuarse. Alfonsina Storni fue mucho m\u00e1s que una <\/p>\n","category_list_v2":"","author_info_v2":{"name":"","url":""},"comments_num_v2":"0 comentarios","_links":{"self":[{"href":"https:\/\/ajupe.com.uy\/web\/wp-json\/wp\/v2\/product\/1200","targetHints":{"allow":["GET"]}}],"collection":[{"href":"https:\/\/ajupe.com.uy\/web\/wp-json\/wp\/v2\/product"}],"about":[{"href":"https:\/\/ajupe.com.uy\/web\/wp-json\/wp\/v2\/types\/product"}],"wp:featuredmedia":[{"embeddable":true,"href":"https:\/\/ajupe.com.uy\/web\/wp-json\/wp\/v2\/media\/1201"}],"wp:attachment":[{"href":"https:\/\/ajupe.com.uy\/web\/wp-json\/wp\/v2\/media?parent=1200"}],"wp:term":[{"taxonomy":"product_brand","embeddable":true,"href":"https:\/\/ajupe.com.uy\/web\/wp-json\/wp\/v2\/product_brand?post=1200"},{"taxonomy":"product_cat","embeddable":true,"href":"https:\/\/ajupe.com.uy\/web\/wp-json\/wp\/v2\/product_cat?post=1200"},{"taxonomy":"product_tag","embeddable":true,"href":"https:\/\/ajupe.com.uy\/web\/wp-json\/wp\/v2\/product_tag?post=1200"}],"curies":[{"name":"wp","href":"https:\/\/api.w.org\/{rel}","templated":true}]}}