{"id":1208,"date":"2010-07-14T00:00:00","date_gmt":"2010-07-14T03:00:00","guid":{"rendered":"http:\/\/ajupe.com.uy\/web\/?post_type=product&#038;p=1208"},"modified":"2011-09-20T21:02:47","modified_gmt":"2011-09-21T00:02:47","slug":"dolores-claiborne","status":"publish","type":"product","link":"https:\/\/ajupe.com.uy\/web\/biblioteca\/dolores-claiborne\/","title":{"rendered":"Dolores Claiborne"},"content":{"rendered":"<p>Separadas por una muerte&#8230; y unidas por un asesino. Estamos ante la aclaraci\u00f3n de la muerte de la senil e inv\u00e1lida Vera Donovan, acaudalada residente de una isla en la costa de Maine. Se ha llamado a comparecer en la comisar\u00eda a la primera sospechosa de un posible crimen: el ama de llaves de la difunta, Dolores Claiborne. Estamos ante la larga, sinuosa, ocurrente, ins\u00f3lita declaraci\u00f3n de Dolores Claiborne, quien refutar\u00e1 uno a uno los cargos en su contra pero, en cambio, se autodelatar\u00e1 como responsable de otro crimen cometido 29 a\u00f1os atr\u00e1s.<\/p>\n","protected":false},"excerpt":{"rendered":"<p>Separadas por una muerte&#8230; y unidas por un asesino. Estamos ante la aclaraci\u00f3n de la muerte de la senil e inv\u00e1lida Vera Donovan, acaudalada residente de una isla en la costa de Maine. Se ha llamado a comparecer en la comisar\u00eda a la primera sospechosa de<\/p>\n","protected":false},"featured_media":1209,"template":"","meta":[],"product_brand":[115],"product_cat":[30],"product_tag":[],"class_list":{"0":"post-1208","1":"product","2":"type-product","3":"status-publish","4":"has-post-thumbnail","6":"product_brand-stephen-king","7":"product_cat-suspenso","9":"first","10":"instock","11":"purchasable","12":"product-type-simple"},"featured_image_urls_v2":{"full":["https:\/\/ajupe.com.uy\/web\/wp-content\/uploads\/2016\/04\/p-1208-6162.jpg",362,619,false],"thumbnail":["https:\/\/ajupe.com.uy\/web\/wp-content\/uploads\/2016\/04\/p-1208-6162.jpg",150,150,true],"medium":["https:\/\/ajupe.com.uy\/web\/wp-content\/uploads\/2016\/04\/p-1208-6162.jpg",300,214,true],"medium_large":["https:\/\/ajupe.com.uy\/web\/wp-content\/uploads\/2016\/04\/p-1208-6162.jpg",362,619,false],"large":["https:\/\/ajupe.com.uy\/web\/wp-content\/uploads\/2016\/04\/p-1208-6162.jpg",362,619,false],"1536x1536":["https:\/\/ajupe.com.uy\/web\/wp-content\/uploads\/2016\/04\/p-1208-6162.jpg",362,619,false],"2048x2048":["https:\/\/ajupe.com.uy\/web\/wp-content\/uploads\/2016\/04\/p-1208-6162.jpg",362,619,false],"woocommerce_archive_thumbnail":["https:\/\/ajupe.com.uy\/web\/wp-content\/uploads\/2016\/04\/p-1208-6162-300x450.jpg",300,450,true],"woocommerce_thumbnail":["https:\/\/ajupe.com.uy\/web\/wp-content\/uploads\/2016\/04\/p-1208-6162-300x300.jpg",300,300,true],"woocommerce_single":["https:\/\/ajupe.com.uy\/web\/wp-content\/uploads\/2016\/04\/p-1208-6162-300x513.jpg",300,513,true],"woocommerce_gallery_thumbnail":["https:\/\/ajupe.com.uy\/web\/wp-content\/uploads\/2016\/04\/p-1208-6162-100x100.jpg",100,100,true]},"post_excerpt_stackable_v2":"<p>Separadas por una muerte&#8230; y unidas por un asesino. Estamos ante la aclaraci\u00f3n de la muerte de la senil e inv\u00e1lida Vera Donovan, acaudalada residente de una isla en la costa de Maine. Se ha llamado a comparecer en la comisar\u00eda a la primera sospechosa de<\/p>\n","category_list_v2":"","author_info_v2":{"name":"","url":""},"comments_num_v2":"0 comentarios","_links":{"self":[{"href":"https:\/\/ajupe.com.uy\/web\/wp-json\/wp\/v2\/product\/1208","targetHints":{"allow":["GET"]}}],"collection":[{"href":"https:\/\/ajupe.com.uy\/web\/wp-json\/wp\/v2\/product"}],"about":[{"href":"https:\/\/ajupe.com.uy\/web\/wp-json\/wp\/v2\/types\/product"}],"wp:featuredmedia":[{"embeddable":true,"href":"https:\/\/ajupe.com.uy\/web\/wp-json\/wp\/v2\/media\/1209"}],"wp:attachment":[{"href":"https:\/\/ajupe.com.uy\/web\/wp-json\/wp\/v2\/media?parent=1208"}],"wp:term":[{"taxonomy":"product_brand","embeddable":true,"href":"https:\/\/ajupe.com.uy\/web\/wp-json\/wp\/v2\/product_brand?post=1208"},{"taxonomy":"product_cat","embeddable":true,"href":"https:\/\/ajupe.com.uy\/web\/wp-json\/wp\/v2\/product_cat?post=1208"},{"taxonomy":"product_tag","embeddable":true,"href":"https:\/\/ajupe.com.uy\/web\/wp-json\/wp\/v2\/product_tag?post=1208"}],"curies":[{"name":"wp","href":"https:\/\/api.w.org\/{rel}","templated":true}]}}