{"id":1212,"date":"2010-07-14T00:00:00","date_gmt":"2010-07-14T03:00:00","guid":{"rendered":"http:\/\/ajupe.com.uy\/web\/?post_type=product&#038;p=1212"},"modified":"2010-07-14T00:00:00","modified_gmt":"2010-07-14T03:00:00","slug":"dieta-de-la-super-energia","status":"publish","type":"product","link":"https:\/\/ajupe.com.uy\/web\/biblioteca\/dieta-de-la-super-energia\/","title":{"rendered":"Dieta de la Super Energ\u00eda"},"content":{"rendered":"<p>Esta es una dieta diferente, una dieta que produce un alto nivel de energ\u00eda constante y que elimina al mismo tiempo la ansiedad, la depresi\u00f3n y la fatiga. El doctor Atkins ha ideado una serie de dietas destinadas a controlar el peso reduci\u00e9ndolo, manteni\u00e9ndolo o increment\u00e1ndolo, o bien solventando problemas especiales. Sin embargo, sea cual sea el objetivo en cuanto al peso, todas las dietas proporcionan el resultado de una energ\u00eda mucho mayor y una sensaci\u00f3n de bienestar como de habr\u00e1 experimentado usted nunca. \u00bfLe parece imposible?<\/p>\n","protected":false},"excerpt":{"rendered":"<p>Esta es una dieta diferente, una dieta que produce un alto nivel de energ\u00eda constante y que elimina al mismo tiempo la ansiedad, la depresi\u00f3n y la fatiga. El doctor Atkins ha ideado una serie de dietas destinadas a controlar el peso reduci\u00e9ndolo, manteni\u00e9<\/p>\n","protected":false},"featured_media":1213,"template":"","meta":[],"product_brand":[337],"product_cat":[34],"product_tag":[],"class_list":{"0":"post-1212","1":"product","2":"type-product","3":"status-publish","4":"has-post-thumbnail","6":"product_brand-robert-c-atkins-shirley-linde","7":"product_cat-otros","9":"first","10":"instock","11":"purchasable","12":"product-type-simple"},"featured_image_urls_v2":{"full":["https:\/\/ajupe.com.uy\/web\/wp-content\/uploads\/2016\/04\/p-1212-6165.jpg",360,572,false],"thumbnail":["https:\/\/ajupe.com.uy\/web\/wp-content\/uploads\/2016\/04\/p-1212-6165.jpg",150,150,true],"medium":["https:\/\/ajupe.com.uy\/web\/wp-content\/uploads\/2016\/04\/p-1212-6165.jpg",300,214,true],"medium_large":["https:\/\/ajupe.com.uy\/web\/wp-content\/uploads\/2016\/04\/p-1212-6165.jpg",360,572,false],"large":["https:\/\/ajupe.com.uy\/web\/wp-content\/uploads\/2016\/04\/p-1212-6165.jpg",360,572,false],"1536x1536":["https:\/\/ajupe.com.uy\/web\/wp-content\/uploads\/2016\/04\/p-1212-6165.jpg",360,572,false],"2048x2048":["https:\/\/ajupe.com.uy\/web\/wp-content\/uploads\/2016\/04\/p-1212-6165.jpg",360,572,false],"woocommerce_archive_thumbnail":["https:\/\/ajupe.com.uy\/web\/wp-content\/uploads\/2016\/04\/p-1212-6165-300x450.jpg",300,450,true],"woocommerce_thumbnail":["https:\/\/ajupe.com.uy\/web\/wp-content\/uploads\/2016\/04\/p-1212-6165-300x300.jpg",300,300,true],"woocommerce_single":["https:\/\/ajupe.com.uy\/web\/wp-content\/uploads\/2016\/04\/p-1212-6165-300x477.jpg",300,477,true],"woocommerce_gallery_thumbnail":["https:\/\/ajupe.com.uy\/web\/wp-content\/uploads\/2016\/04\/p-1212-6165-100x100.jpg",100,100,true]},"post_excerpt_stackable_v2":"<p>Esta es una dieta diferente, una dieta que produce un alto nivel de energ\u00eda constante y que elimina al mismo tiempo la ansiedad, la depresi\u00f3n y la fatiga. El doctor Atkins ha ideado una serie de dietas destinadas a controlar el peso reduci\u00e9ndolo, manteni\u00e9<\/p>\n","category_list_v2":"","author_info_v2":{"name":"","url":""},"comments_num_v2":"0 comentarios","_links":{"self":[{"href":"https:\/\/ajupe.com.uy\/web\/wp-json\/wp\/v2\/product\/1212","targetHints":{"allow":["GET"]}}],"collection":[{"href":"https:\/\/ajupe.com.uy\/web\/wp-json\/wp\/v2\/product"}],"about":[{"href":"https:\/\/ajupe.com.uy\/web\/wp-json\/wp\/v2\/types\/product"}],"wp:featuredmedia":[{"embeddable":true,"href":"https:\/\/ajupe.com.uy\/web\/wp-json\/wp\/v2\/media\/1213"}],"wp:attachment":[{"href":"https:\/\/ajupe.com.uy\/web\/wp-json\/wp\/v2\/media?parent=1212"}],"wp:term":[{"taxonomy":"product_brand","embeddable":true,"href":"https:\/\/ajupe.com.uy\/web\/wp-json\/wp\/v2\/product_brand?post=1212"},{"taxonomy":"product_cat","embeddable":true,"href":"https:\/\/ajupe.com.uy\/web\/wp-json\/wp\/v2\/product_cat?post=1212"},{"taxonomy":"product_tag","embeddable":true,"href":"https:\/\/ajupe.com.uy\/web\/wp-json\/wp\/v2\/product_tag?post=1212"}],"curies":[{"name":"wp","href":"https:\/\/api.w.org\/{rel}","templated":true}]}}