{"id":1218,"date":"2010-07-14T00:00:00","date_gmt":"2010-07-14T03:00:00","guid":{"rendered":"http:\/\/ajupe.com.uy\/web\/?post_type=product&#038;p=1218"},"modified":"2010-07-14T00:00:00","modified_gmt":"2010-07-14T03:00:00","slug":"el-bosque","status":"publish","type":"product","link":"https:\/\/ajupe.com.uy\/web\/biblioteca\/el-bosque\/","title":{"rendered":"El bosque"},"content":{"rendered":"<p>Hay pocos lugares en Inglaterra tan evocadores y misteriosos como New Forest, una vasta zona boscosa situada junto a la costa del sur de Inglaterra. A lo largo de los siglos, este bosque ha sido el escenario de las actividades m\u00e1s diversas: sus tierras acogieron la brujer\u00eda y el contrabando, pero tambi\u00e9n sirvieron como coto de caza a los reyes sajones y normados, y sus robles se emplearon para la construcci\u00f3n de la armada de Nelson.<\/p>\n","protected":false},"excerpt":{"rendered":"<p>Hay pocos lugares en Inglaterra tan evocadores y misteriosos como New Forest, una vasta zona boscosa situada junto a la costa del sur de Inglaterra. A lo largo de los siglos, este bosque ha sido el escenario de las actividades m\u00e1s diversas: sus tierras ac<\/p>\n","protected":false},"featured_media":1219,"template":"","meta":[],"product_brand":[339],"product_cat":[29],"product_tag":[],"class_list":{"0":"post-1218","1":"product","2":"type-product","3":"status-publish","4":"has-post-thumbnail","6":"product_brand-edward-rutherfurd","7":"product_cat-novela","9":"first","10":"instock","11":"purchasable","12":"product-type-simple"},"featured_image_urls_v2":{"full":["https:\/\/ajupe.com.uy\/web\/wp-content\/uploads\/2016\/04\/p-1218-6170.jpg",361,572,false],"thumbnail":["https:\/\/ajupe.com.uy\/web\/wp-content\/uploads\/2016\/04\/p-1218-6170.jpg",150,150,true],"medium":["https:\/\/ajupe.com.uy\/web\/wp-content\/uploads\/2016\/04\/p-1218-6170.jpg",300,214,true],"medium_large":["https:\/\/ajupe.com.uy\/web\/wp-content\/uploads\/2016\/04\/p-1218-6170.jpg",361,572,false],"large":["https:\/\/ajupe.com.uy\/web\/wp-content\/uploads\/2016\/04\/p-1218-6170.jpg",361,572,false],"1536x1536":["https:\/\/ajupe.com.uy\/web\/wp-content\/uploads\/2016\/04\/p-1218-6170.jpg",361,572,false],"2048x2048":["https:\/\/ajupe.com.uy\/web\/wp-content\/uploads\/2016\/04\/p-1218-6170.jpg",361,572,false],"woocommerce_archive_thumbnail":["https:\/\/ajupe.com.uy\/web\/wp-content\/uploads\/2016\/04\/p-1218-6170-300x450.jpg",300,450,true],"woocommerce_thumbnail":["https:\/\/ajupe.com.uy\/web\/wp-content\/uploads\/2016\/04\/p-1218-6170-300x300.jpg",300,300,true],"woocommerce_single":["https:\/\/ajupe.com.uy\/web\/wp-content\/uploads\/2016\/04\/p-1218-6170-300x475.jpg",300,475,true],"woocommerce_gallery_thumbnail":["https:\/\/ajupe.com.uy\/web\/wp-content\/uploads\/2016\/04\/p-1218-6170-100x100.jpg",100,100,true]},"post_excerpt_stackable_v2":"<p>Hay pocos lugares en Inglaterra tan evocadores y misteriosos como New Forest, una vasta zona boscosa situada junto a la costa del sur de Inglaterra. A lo largo de los siglos, este bosque ha sido el escenario de las actividades m\u00e1s diversas: sus tierras ac<\/p>\n","category_list_v2":"","author_info_v2":{"name":"","url":""},"comments_num_v2":"0 comentarios","_links":{"self":[{"href":"https:\/\/ajupe.com.uy\/web\/wp-json\/wp\/v2\/product\/1218","targetHints":{"allow":["GET"]}}],"collection":[{"href":"https:\/\/ajupe.com.uy\/web\/wp-json\/wp\/v2\/product"}],"about":[{"href":"https:\/\/ajupe.com.uy\/web\/wp-json\/wp\/v2\/types\/product"}],"wp:featuredmedia":[{"embeddable":true,"href":"https:\/\/ajupe.com.uy\/web\/wp-json\/wp\/v2\/media\/1219"}],"wp:attachment":[{"href":"https:\/\/ajupe.com.uy\/web\/wp-json\/wp\/v2\/media?parent=1218"}],"wp:term":[{"taxonomy":"product_brand","embeddable":true,"href":"https:\/\/ajupe.com.uy\/web\/wp-json\/wp\/v2\/product_brand?post=1218"},{"taxonomy":"product_cat","embeddable":true,"href":"https:\/\/ajupe.com.uy\/web\/wp-json\/wp\/v2\/product_cat?post=1218"},{"taxonomy":"product_tag","embeddable":true,"href":"https:\/\/ajupe.com.uy\/web\/wp-json\/wp\/v2\/product_tag?post=1218"}],"curies":[{"name":"wp","href":"https:\/\/api.w.org\/{rel}","templated":true}]}}