{"id":1230,"date":"2010-07-14T00:00:00","date_gmt":"2010-07-14T03:00:00","guid":{"rendered":"http:\/\/ajupe.com.uy\/web\/?post_type=product&#038;p=1230"},"modified":"2011-09-05T18:02:41","modified_gmt":"2011-09-05T21:02:41","slug":"relato-de-un-naufrago","status":"publish","type":"product","link":"https:\/\/ajupe.com.uy\/web\/biblioteca\/relato-de-un-naufrago\/","title":{"rendered":"Relato de un n\u00e1ufrago"},"content":{"rendered":"<p>El 28 de febrero de 1955 cunde la noticia de que una tormenta en el mar Caribe ha hecho naufragar al destructor Caldas, de la marina de gurra de Colombia. La b\u00fasqueda de los n\u00e1ufragos se inicia de inmediato, pero al cabo de pocos d\u00edas de esfuerzos in\u00fatiles los marineros perdidos son declarados oficialmente muertos. Sin embargo, una semana despu\u00e9s aparece uno de ellos. Es Luis Alejandro Velasco, que ha permanecido diez d\u00edas, sin comer ni beber, en una balsa a la deriva. El renombre inmediato rodea al n\u00e1ufrago, un muchacho robusto, de 20 a\u00f1os, \u201ccon m\u00e1s cara de trompetista que de h\u00e9roe de la patria\u201d. El sobreviviente acude a un joven periodista, Gabriel Garc\u00eda M\u00e1rquez, quien recostruye los sucedido. La historia se publica 14 d\u00edas seguidos, y muestra muchas verdades&#8230;<\/p>\n","protected":false},"excerpt":{"rendered":"<p>El 28 de febrero de 1955 cunde la noticia de que una tormenta en el mar Caribe ha hecho naufragar al destructor Caldas, de la marina de gurra de Colombia. La b\u00fasqueda de los n\u00e1ufragos se inicia de inmediato, pero al cabo de pocos d\u00edas de esfuerzos in\u00fatile<\/p>\n","protected":false},"featured_media":1231,"template":"","meta":[],"product_brand":[168],"product_cat":[46],"product_tag":[],"class_list":{"0":"post-1230","1":"product","2":"type-product","3":"status-publish","4":"has-post-thumbnail","6":"product_brand-gabriel-garcia-marquez","7":"product_cat-poesia","9":"first","10":"instock","11":"purchasable","12":"product-type-simple"},"featured_image_urls_v2":{"full":["https:\/\/ajupe.com.uy\/web\/wp-content\/uploads\/2016\/04\/p-1230-6608.jpg",361,549,false],"thumbnail":["https:\/\/ajupe.com.uy\/web\/wp-content\/uploads\/2016\/04\/p-1230-6608.jpg",150,150,true],"medium":["https:\/\/ajupe.com.uy\/web\/wp-content\/uploads\/2016\/04\/p-1230-6608.jpg",300,214,true],"medium_large":["https:\/\/ajupe.com.uy\/web\/wp-content\/uploads\/2016\/04\/p-1230-6608.jpg",361,549,false],"large":["https:\/\/ajupe.com.uy\/web\/wp-content\/uploads\/2016\/04\/p-1230-6608.jpg",361,549,false],"1536x1536":["https:\/\/ajupe.com.uy\/web\/wp-content\/uploads\/2016\/04\/p-1230-6608.jpg",361,549,false],"2048x2048":["https:\/\/ajupe.com.uy\/web\/wp-content\/uploads\/2016\/04\/p-1230-6608.jpg",361,549,false],"woocommerce_archive_thumbnail":["https:\/\/ajupe.com.uy\/web\/wp-content\/uploads\/2016\/04\/p-1230-6608-300x450.jpg",300,450,true],"woocommerce_thumbnail":["https:\/\/ajupe.com.uy\/web\/wp-content\/uploads\/2016\/04\/p-1230-6608-300x300.jpg",300,300,true],"woocommerce_single":["https:\/\/ajupe.com.uy\/web\/wp-content\/uploads\/2016\/04\/p-1230-6608-300x456.jpg",300,456,true],"woocommerce_gallery_thumbnail":["https:\/\/ajupe.com.uy\/web\/wp-content\/uploads\/2016\/04\/p-1230-6608-100x100.jpg",100,100,true]},"post_excerpt_stackable_v2":"<p>El 28 de febrero de 1955 cunde la noticia de que una tormenta en el mar Caribe ha hecho naufragar al destructor Caldas, de la marina de gurra de Colombia. La b\u00fasqueda de los n\u00e1ufragos se inicia de inmediato, pero al cabo de pocos d\u00edas de esfuerzos in\u00fatile<\/p>\n","category_list_v2":"","author_info_v2":{"name":"","url":""},"comments_num_v2":"0 comentarios","_links":{"self":[{"href":"https:\/\/ajupe.com.uy\/web\/wp-json\/wp\/v2\/product\/1230","targetHints":{"allow":["GET"]}}],"collection":[{"href":"https:\/\/ajupe.com.uy\/web\/wp-json\/wp\/v2\/product"}],"about":[{"href":"https:\/\/ajupe.com.uy\/web\/wp-json\/wp\/v2\/types\/product"}],"wp:featuredmedia":[{"embeddable":true,"href":"https:\/\/ajupe.com.uy\/web\/wp-json\/wp\/v2\/media\/1231"}],"wp:attachment":[{"href":"https:\/\/ajupe.com.uy\/web\/wp-json\/wp\/v2\/media?parent=1230"}],"wp:term":[{"taxonomy":"product_brand","embeddable":true,"href":"https:\/\/ajupe.com.uy\/web\/wp-json\/wp\/v2\/product_brand?post=1230"},{"taxonomy":"product_cat","embeddable":true,"href":"https:\/\/ajupe.com.uy\/web\/wp-json\/wp\/v2\/product_cat?post=1230"},{"taxonomy":"product_tag","embeddable":true,"href":"https:\/\/ajupe.com.uy\/web\/wp-json\/wp\/v2\/product_tag?post=1230"}],"curies":[{"name":"wp","href":"https:\/\/api.w.org\/{rel}","templated":true}]}}