{"id":1258,"date":"2010-07-14T00:00:00","date_gmt":"2010-07-14T03:00:00","guid":{"rendered":"http:\/\/ajupe.com.uy\/web\/?post_type=product&#038;p=1258"},"modified":"2011-08-26T20:52:30","modified_gmt":"2011-08-26T23:52:30","slug":"la-hora-del-depredador","status":"publish","type":"product","link":"https:\/\/ajupe.com.uy\/web\/biblioteca\/la-hora-del-depredador\/","title":{"rendered":"La Hora del Depredador"},"content":{"rendered":"<p>Decir que esta novela trata de la naturaleza humana y de como; bajo ciertas circunstancias aflora en algunos individuos la bestia depredadora, no alcanza. Decir que es un alegato antibelicista que trata de la confrontaci\u00f3n e interrelaci\u00f3n entre militares o Tenientes de Artigas e insurgentes o izquierdistas no es suficiente. Decir que es la historia veros\u00edmil y conmovedora del proceso de maduraci\u00f3n de una guerrillera, es reducir la compleja trama, a las peripecias del personaje m\u00e1s contundente. Calibrarla como una mera novela de acci\u00f3n ser\u00eda una improbable ingenuidad.<\/p>\n","protected":false},"excerpt":{"rendered":"<p>Decir que esta novela trata de la naturaleza humana y de como; bajo ciertas circunstancias aflora en algunos individuos la bestia depredadora, no alcanza. Decir que es un alegato antibelicista que trata de la confrontaci\u00f3n e interrelaci\u00f3n entre militares<\/p>\n","protected":false},"featured_media":1259,"template":"","meta":[],"product_brand":[84],"product_cat":[31,45,39],"product_tag":[],"class_list":{"0":"post-1258","1":"product","2":"type-product","3":"status-publish","4":"has-post-thumbnail","6":"product_brand-jorge-nestor-troccoli","7":"product_cat-historico","8":"product_cat-uruguayo","9":"product_cat-veridico","11":"first","12":"instock","13":"purchasable","14":"product-type-simple"},"featured_image_urls_v2":{"full":["https:\/\/ajupe.com.uy\/web\/wp-content\/uploads\/2016\/04\/p-1258-6623.jpg",412,567,false],"thumbnail":["https:\/\/ajupe.com.uy\/web\/wp-content\/uploads\/2016\/04\/p-1258-6623.jpg",150,150,true],"medium":["https:\/\/ajupe.com.uy\/web\/wp-content\/uploads\/2016\/04\/p-1258-6623.jpg",300,214,true],"medium_large":["https:\/\/ajupe.com.uy\/web\/wp-content\/uploads\/2016\/04\/p-1258-6623.jpg",412,567,false],"large":["https:\/\/ajupe.com.uy\/web\/wp-content\/uploads\/2016\/04\/p-1258-6623.jpg",412,567,false],"1536x1536":["https:\/\/ajupe.com.uy\/web\/wp-content\/uploads\/2016\/04\/p-1258-6623.jpg",412,567,false],"2048x2048":["https:\/\/ajupe.com.uy\/web\/wp-content\/uploads\/2016\/04\/p-1258-6623.jpg",412,567,false],"woocommerce_archive_thumbnail":["https:\/\/ajupe.com.uy\/web\/wp-content\/uploads\/2016\/04\/p-1258-6623-300x450.jpg",300,450,true],"woocommerce_thumbnail":["https:\/\/ajupe.com.uy\/web\/wp-content\/uploads\/2016\/04\/p-1258-6623-300x300.jpg",300,300,true],"woocommerce_single":["https:\/\/ajupe.com.uy\/web\/wp-content\/uploads\/2016\/04\/p-1258-6623-300x413.jpg",300,413,true],"woocommerce_gallery_thumbnail":["https:\/\/ajupe.com.uy\/web\/wp-content\/uploads\/2016\/04\/p-1258-6623-100x100.jpg",100,100,true]},"post_excerpt_stackable_v2":"<p>Decir que esta novela trata de la naturaleza humana y de como; bajo ciertas circunstancias aflora en algunos individuos la bestia depredadora, no alcanza. Decir que es un alegato antibelicista que trata de la confrontaci\u00f3n e interrelaci\u00f3n entre militares<\/p>\n","category_list_v2":"","author_info_v2":{"name":"","url":""},"comments_num_v2":"0 comentarios","_links":{"self":[{"href":"https:\/\/ajupe.com.uy\/web\/wp-json\/wp\/v2\/product\/1258","targetHints":{"allow":["GET"]}}],"collection":[{"href":"https:\/\/ajupe.com.uy\/web\/wp-json\/wp\/v2\/product"}],"about":[{"href":"https:\/\/ajupe.com.uy\/web\/wp-json\/wp\/v2\/types\/product"}],"wp:featuredmedia":[{"embeddable":true,"href":"https:\/\/ajupe.com.uy\/web\/wp-json\/wp\/v2\/media\/1259"}],"wp:attachment":[{"href":"https:\/\/ajupe.com.uy\/web\/wp-json\/wp\/v2\/media?parent=1258"}],"wp:term":[{"taxonomy":"product_brand","embeddable":true,"href":"https:\/\/ajupe.com.uy\/web\/wp-json\/wp\/v2\/product_brand?post=1258"},{"taxonomy":"product_cat","embeddable":true,"href":"https:\/\/ajupe.com.uy\/web\/wp-json\/wp\/v2\/product_cat?post=1258"},{"taxonomy":"product_tag","embeddable":true,"href":"https:\/\/ajupe.com.uy\/web\/wp-json\/wp\/v2\/product_tag?post=1258"}],"curies":[{"name":"wp","href":"https:\/\/api.w.org\/{rel}","templated":true}]}}