{"id":1294,"date":"2010-07-14T00:00:00","date_gmt":"2010-07-14T03:00:00","guid":{"rendered":"http:\/\/ajupe.com.uy\/web\/?post_type=product&#038;p=1294"},"modified":"2011-08-26T19:33:20","modified_gmt":"2011-08-26T22:33:20","slug":"artigas-emonare","status":"publish","type":"product","link":"https:\/\/ajupe.com.uy\/web\/biblioteca\/artigas-emonare\/","title":{"rendered":"Artigas \u00d1emo\u00f1ar\u00e9"},"content":{"rendered":"<p>\u00d1emo\u00f1ar\u00e9, en el sentido literal de su traducci\u00f3n del idioma guaran\u00ed, quiere decir descendientes. Artigas \u00f1emo\u00f1ar\u00e9, \u201clos descendientes de Artigas\u201d, se interpreta a la vez como \u201clos artigue\u00f1os\u201d. Fue en el ancestral universo guaran\u00ed que el Pr\u00f3cer pas\u00f3 sus \u00faltimos a\u00f1os de vida, el par\u00edodo m\u00e1s enigm\u00e1tico y dif\u00edcil de desentra\u00f1ar en la imponente trayectoria del Protector de los Pueblos Libres. Cualquier Historia con Artigas como centro, es historia incompleta si no est\u00e1n en ella sus gauchos, sus bravos indios pampas y guaran\u00edes, de igual manera sus negros. Este libro hurga a fondo, en su intransferible mundo.<\/p>\n","protected":false},"excerpt":{"rendered":"<p>\u00d1emo\u00f1ar\u00e9, en el sentido literal de su traducci\u00f3n del idioma guaran\u00ed, quiere decir descendientes. Artigas \u00f1emo\u00f1ar\u00e9, \u201clos descendientes de Artigas\u201d, se interpreta a la vez como \u201clos artigue\u00f1os\u201d. Fue en el ancestral universo guaran\u00ed que el Pr\u00f3cer pas\u00f3 sus \u00fal<\/p>\n","protected":false},"featured_media":1295,"template":"","meta":[],"product_brand":[362],"product_cat":[31,45],"product_tag":[],"class_list":{"0":"post-1294","1":"product","2":"type-product","3":"status-publish","4":"has-post-thumbnail","6":"product_brand-nelson-caula","7":"product_cat-historico","8":"product_cat-uruguayo","10":"first","11":"instock","12":"purchasable","13":"product-type-simple"},"featured_image_urls_v2":{"full":["https:\/\/ajupe.com.uy\/web\/wp-content\/uploads\/2016\/04\/p-1294-6651.jpg",362,505,false],"thumbnail":["https:\/\/ajupe.com.uy\/web\/wp-content\/uploads\/2016\/04\/p-1294-6651.jpg",150,150,true],"medium":["https:\/\/ajupe.com.uy\/web\/wp-content\/uploads\/2016\/04\/p-1294-6651.jpg",300,214,true],"medium_large":["https:\/\/ajupe.com.uy\/web\/wp-content\/uploads\/2016\/04\/p-1294-6651.jpg",362,505,false],"large":["https:\/\/ajupe.com.uy\/web\/wp-content\/uploads\/2016\/04\/p-1294-6651.jpg",362,505,false],"1536x1536":["https:\/\/ajupe.com.uy\/web\/wp-content\/uploads\/2016\/04\/p-1294-6651.jpg",362,505,false],"2048x2048":["https:\/\/ajupe.com.uy\/web\/wp-content\/uploads\/2016\/04\/p-1294-6651.jpg",362,505,false],"woocommerce_archive_thumbnail":["https:\/\/ajupe.com.uy\/web\/wp-content\/uploads\/2016\/04\/p-1294-6651-300x450.jpg",300,450,true],"woocommerce_thumbnail":["https:\/\/ajupe.com.uy\/web\/wp-content\/uploads\/2016\/04\/p-1294-6651-300x300.jpg",300,300,true],"woocommerce_single":["https:\/\/ajupe.com.uy\/web\/wp-content\/uploads\/2016\/04\/p-1294-6651-300x419.jpg",300,419,true],"woocommerce_gallery_thumbnail":["https:\/\/ajupe.com.uy\/web\/wp-content\/uploads\/2016\/04\/p-1294-6651-100x100.jpg",100,100,true]},"post_excerpt_stackable_v2":"<p>\u00d1emo\u00f1ar\u00e9, en el sentido literal de su traducci\u00f3n del idioma guaran\u00ed, quiere decir descendientes. Artigas \u00f1emo\u00f1ar\u00e9, \u201clos descendientes de Artigas\u201d, se interpreta a la vez como \u201clos artigue\u00f1os\u201d. Fue en el ancestral universo guaran\u00ed que el Pr\u00f3cer pas\u00f3 sus \u00fal<\/p>\n","category_list_v2":"","author_info_v2":{"name":"","url":""},"comments_num_v2":"0 comentarios","_links":{"self":[{"href":"https:\/\/ajupe.com.uy\/web\/wp-json\/wp\/v2\/product\/1294","targetHints":{"allow":["GET"]}}],"collection":[{"href":"https:\/\/ajupe.com.uy\/web\/wp-json\/wp\/v2\/product"}],"about":[{"href":"https:\/\/ajupe.com.uy\/web\/wp-json\/wp\/v2\/types\/product"}],"wp:featuredmedia":[{"embeddable":true,"href":"https:\/\/ajupe.com.uy\/web\/wp-json\/wp\/v2\/media\/1295"}],"wp:attachment":[{"href":"https:\/\/ajupe.com.uy\/web\/wp-json\/wp\/v2\/media?parent=1294"}],"wp:term":[{"taxonomy":"product_brand","embeddable":true,"href":"https:\/\/ajupe.com.uy\/web\/wp-json\/wp\/v2\/product_brand?post=1294"},{"taxonomy":"product_cat","embeddable":true,"href":"https:\/\/ajupe.com.uy\/web\/wp-json\/wp\/v2\/product_cat?post=1294"},{"taxonomy":"product_tag","embeddable":true,"href":"https:\/\/ajupe.com.uy\/web\/wp-json\/wp\/v2\/product_tag?post=1294"}],"curies":[{"name":"wp","href":"https:\/\/api.w.org\/{rel}","templated":true}]}}