{"id":1322,"date":"2010-07-14T00:00:00","date_gmt":"2010-07-14T03:00:00","guid":{"rendered":"http:\/\/ajupe.com.uy\/web\/?post_type=product&#038;p=1322"},"modified":"2011-08-26T19:01:51","modified_gmt":"2011-08-26T22:01:51","slug":"amores-amorios-y-pasiones-en-la-historia-montevideana","status":"publish","type":"product","link":"https:\/\/ajupe.com.uy\/web\/biblioteca\/amores-amorios-y-pasiones-en-la-historia-montevideana\/","title":{"rendered":"Amores, amor\u00edos y pasiones en la historia montevideana"},"content":{"rendered":"<p>Amores a primera vista, destellos de pasi\u00f3n, separaciones, finales tr\u00e1gicos, todo desde la perspectiva hist\u00f3rica. C\u00f3mo amaron, c\u00f3mo sufrieron, cu\u00e1nto so\u00f1aron mujeres y hombres a lo largo de la historia de Montevideo. La mirada de quien tiene calificada trayectoria acad\u00e9mica, y es bien conocida por su estilo de comunicaci\u00f3n c\u00e1lida y colorida.<\/p>\n","protected":false},"excerpt":{"rendered":"<p>Amores a primera vista, destellos de pasi\u00f3n, separaciones, finales tr\u00e1gicos, todo desde la perspectiva hist\u00f3rica. C\u00f3mo amaron, c\u00f3mo sufrieron, cu\u00e1nto so\u00f1aron mujeres y hombres a lo largo de la historia de Montevideo. La mirada de quien tiene calificada tr<\/p>\n","protected":false},"featured_media":1323,"template":"","meta":[],"product_brand":[371],"product_cat":[31,39],"product_tag":[],"class_list":{"0":"post-1322","1":"product","2":"type-product","3":"status-publish","4":"has-post-thumbnail","6":"product_brand-maria-emilia-perez-santarcieri","7":"product_cat-historico","8":"product_cat-veridico","10":"first","11":"instock","12":"purchasable","13":"product-type-simple"},"featured_image_urls_v2":{"full":["https:\/\/ajupe.com.uy\/web\/wp-content\/uploads\/2016\/04\/p-1322-6670.jpg",400,589,false],"thumbnail":["https:\/\/ajupe.com.uy\/web\/wp-content\/uploads\/2016\/04\/p-1322-6670.jpg",150,150,true],"medium":["https:\/\/ajupe.com.uy\/web\/wp-content\/uploads\/2016\/04\/p-1322-6670.jpg",300,214,true],"medium_large":["https:\/\/ajupe.com.uy\/web\/wp-content\/uploads\/2016\/04\/p-1322-6670.jpg",400,589,false],"large":["https:\/\/ajupe.com.uy\/web\/wp-content\/uploads\/2016\/04\/p-1322-6670.jpg",400,589,false],"1536x1536":["https:\/\/ajupe.com.uy\/web\/wp-content\/uploads\/2016\/04\/p-1322-6670.jpg",400,589,false],"2048x2048":["https:\/\/ajupe.com.uy\/web\/wp-content\/uploads\/2016\/04\/p-1322-6670.jpg",400,589,false],"woocommerce_archive_thumbnail":["https:\/\/ajupe.com.uy\/web\/wp-content\/uploads\/2016\/04\/p-1322-6670-300x450.jpg",300,450,true],"woocommerce_thumbnail":["https:\/\/ajupe.com.uy\/web\/wp-content\/uploads\/2016\/04\/p-1322-6670-300x300.jpg",300,300,true],"woocommerce_single":["https:\/\/ajupe.com.uy\/web\/wp-content\/uploads\/2016\/04\/p-1322-6670-300x442.jpg",300,442,true],"woocommerce_gallery_thumbnail":["https:\/\/ajupe.com.uy\/web\/wp-content\/uploads\/2016\/04\/p-1322-6670-100x100.jpg",100,100,true]},"post_excerpt_stackable_v2":"<p>Amores a primera vista, destellos de pasi\u00f3n, separaciones, finales tr\u00e1gicos, todo desde la perspectiva hist\u00f3rica. C\u00f3mo amaron, c\u00f3mo sufrieron, cu\u00e1nto so\u00f1aron mujeres y hombres a lo largo de la historia de Montevideo. La mirada de quien tiene calificada tr<\/p>\n","category_list_v2":"","author_info_v2":{"name":"","url":""},"comments_num_v2":"0 comentarios","_links":{"self":[{"href":"https:\/\/ajupe.com.uy\/web\/wp-json\/wp\/v2\/product\/1322","targetHints":{"allow":["GET"]}}],"collection":[{"href":"https:\/\/ajupe.com.uy\/web\/wp-json\/wp\/v2\/product"}],"about":[{"href":"https:\/\/ajupe.com.uy\/web\/wp-json\/wp\/v2\/types\/product"}],"wp:featuredmedia":[{"embeddable":true,"href":"https:\/\/ajupe.com.uy\/web\/wp-json\/wp\/v2\/media\/1323"}],"wp:attachment":[{"href":"https:\/\/ajupe.com.uy\/web\/wp-json\/wp\/v2\/media?parent=1322"}],"wp:term":[{"taxonomy":"product_brand","embeddable":true,"href":"https:\/\/ajupe.com.uy\/web\/wp-json\/wp\/v2\/product_brand?post=1322"},{"taxonomy":"product_cat","embeddable":true,"href":"https:\/\/ajupe.com.uy\/web\/wp-json\/wp\/v2\/product_cat?post=1322"},{"taxonomy":"product_tag","embeddable":true,"href":"https:\/\/ajupe.com.uy\/web\/wp-json\/wp\/v2\/product_tag?post=1322"}],"curies":[{"name":"wp","href":"https:\/\/api.w.org\/{rel}","templated":true}]}}