{"id":1350,"date":"2010-07-14T00:00:00","date_gmt":"2010-07-14T03:00:00","guid":{"rendered":"http:\/\/ajupe.com.uy\/web\/?post_type=product&#038;p=1350"},"modified":"2011-08-26T18:38:24","modified_gmt":"2011-08-26T21:38:24","slug":"el-gran-fraude-de-los-peirano-ii-como-recuperar-el-dinero","status":"publish","type":"product","link":"https:\/\/ajupe.com.uy\/web\/biblioteca\/el-gran-fraude-de-los-peirano-ii-como-recuperar-el-dinero\/","title":{"rendered":"El gran fraude de los Peirano II Como recuperar el dinero"},"content":{"rendered":"<p>Kneit cuestiona duramente a quienes, al menos por omisi\u00f3n, est\u00e1n haciendo todo lo posible para recuperar el dinero sustra\u00eddo al estado y a particulares por el grupo Peirano, al tiempo que aporta nueva y util\u00edsima informaci\u00f3n al respecto. \u00bfHay pruebas del fraude con \u00abvaciamiento\u00bb de 600 millones de d\u00f3lares? \u00bfA nadie del gobierno o de la oposici\u00f3n le interesa recuperar lo robado? \u00bfPor qu\u00e9 si fallaron los controladores del Banco Central todav\u00eda no hay ning\u00fan sumario? \u00bfC\u00f3mo se logr\u00f3 que Disco S.A. de Argentina, no se pueda vender en protecci\u00f3n de los ahorristas uruguayos? \u00bfSe est\u00e1 buscando realmente a Juan Peirano Basso?<\/p>\n","protected":false},"excerpt":{"rendered":"<p>Kneit cuestiona duramente a quienes, al menos por omisi\u00f3n, est\u00e1n haciendo todo lo posible para recuperar el dinero sustra\u00eddo al estado y a particulares por el grupo Peirano, al tiempo que aporta nueva y util\u00edsima informaci\u00f3n al respecto. \u00bfHay pruebas del<\/p>\n","protected":false},"featured_media":1351,"template":"","meta":[],"product_brand":[346],"product_cat":[45,39],"product_tag":[],"class_list":{"0":"post-1350","1":"product","2":"type-product","3":"status-publish","4":"has-post-thumbnail","6":"product_brand-julio-kneit","7":"product_cat-uruguayo","8":"product_cat-veridico","10":"first","11":"instock","12":"purchasable","13":"product-type-simple"},"featured_image_urls_v2":{"full":["https:\/\/ajupe.com.uy\/web\/wp-content\/uploads\/2016\/04\/p-1350-6698.jpg",360,504,false],"thumbnail":["https:\/\/ajupe.com.uy\/web\/wp-content\/uploads\/2016\/04\/p-1350-6698.jpg",150,150,true],"medium":["https:\/\/ajupe.com.uy\/web\/wp-content\/uploads\/2016\/04\/p-1350-6698.jpg",300,214,true],"medium_large":["https:\/\/ajupe.com.uy\/web\/wp-content\/uploads\/2016\/04\/p-1350-6698.jpg",360,504,false],"large":["https:\/\/ajupe.com.uy\/web\/wp-content\/uploads\/2016\/04\/p-1350-6698.jpg",360,504,false],"1536x1536":["https:\/\/ajupe.com.uy\/web\/wp-content\/uploads\/2016\/04\/p-1350-6698.jpg",360,504,false],"2048x2048":["https:\/\/ajupe.com.uy\/web\/wp-content\/uploads\/2016\/04\/p-1350-6698.jpg",360,504,false],"woocommerce_archive_thumbnail":["https:\/\/ajupe.com.uy\/web\/wp-content\/uploads\/2016\/04\/p-1350-6698-300x450.jpg",300,450,true],"woocommerce_thumbnail":["https:\/\/ajupe.com.uy\/web\/wp-content\/uploads\/2016\/04\/p-1350-6698-300x300.jpg",300,300,true],"woocommerce_single":["https:\/\/ajupe.com.uy\/web\/wp-content\/uploads\/2016\/04\/p-1350-6698-300x420.jpg",300,420,true],"woocommerce_gallery_thumbnail":["https:\/\/ajupe.com.uy\/web\/wp-content\/uploads\/2016\/04\/p-1350-6698-100x100.jpg",100,100,true]},"post_excerpt_stackable_v2":"<p>Kneit cuestiona duramente a quienes, al menos por omisi\u00f3n, est\u00e1n haciendo todo lo posible para recuperar el dinero sustra\u00eddo al estado y a particulares por el grupo Peirano, al tiempo que aporta nueva y util\u00edsima informaci\u00f3n al respecto. \u00bfHay pruebas del<\/p>\n","category_list_v2":"","author_info_v2":{"name":"","url":""},"comments_num_v2":"0 comentarios","_links":{"self":[{"href":"https:\/\/ajupe.com.uy\/web\/wp-json\/wp\/v2\/product\/1350","targetHints":{"allow":["GET"]}}],"collection":[{"href":"https:\/\/ajupe.com.uy\/web\/wp-json\/wp\/v2\/product"}],"about":[{"href":"https:\/\/ajupe.com.uy\/web\/wp-json\/wp\/v2\/types\/product"}],"wp:featuredmedia":[{"embeddable":true,"href":"https:\/\/ajupe.com.uy\/web\/wp-json\/wp\/v2\/media\/1351"}],"wp:attachment":[{"href":"https:\/\/ajupe.com.uy\/web\/wp-json\/wp\/v2\/media?parent=1350"}],"wp:term":[{"taxonomy":"product_brand","embeddable":true,"href":"https:\/\/ajupe.com.uy\/web\/wp-json\/wp\/v2\/product_brand?post=1350"},{"taxonomy":"product_cat","embeddable":true,"href":"https:\/\/ajupe.com.uy\/web\/wp-json\/wp\/v2\/product_cat?post=1350"},{"taxonomy":"product_tag","embeddable":true,"href":"https:\/\/ajupe.com.uy\/web\/wp-json\/wp\/v2\/product_tag?post=1350"}],"curies":[{"name":"wp","href":"https:\/\/api.w.org\/{rel}","templated":true}]}}