{"id":1388,"date":"2010-07-14T00:00:00","date_gmt":"2010-07-14T03:00:00","guid":{"rendered":"http:\/\/ajupe.com.uy\/web\/?post_type=product&#038;p=1388"},"modified":"2010-07-14T00:00:00","modified_gmt":"2010-07-14T03:00:00","slug":"nada-es-casual","status":"publish","type":"product","link":"https:\/\/ajupe.com.uy\/web\/biblioteca\/nada-es-casual\/","title":{"rendered":"Nada es casual"},"content":{"rendered":"<p>Vera tiene 36 a\u00f1os y vive en Lisboa, donde trabaja de publicista. Adem\u00e1s, reparte su amor entre varios hombres: Tiago, con quien vive; Luis, un amante maduro con quien pasa buenos momentos; Joao, el amor de su vida, y Manel, a quien acaba de conocer. A trav\u00e9s del d\u00eda a d\u00eda de Vera, y teniendo como escenarios las ciudades de Lisboa y Oporto, Margarida Rebelo retrata con dinamismo, frescura y sentido del humor la vida de una mujer actual en busca del amor.<\/p>\n","protected":false},"excerpt":{"rendered":"<p>Vera tiene 36 a\u00f1os y vive en Lisboa, donde trabaja de publicista. Adem\u00e1s, reparte su amor entre varios hombres: Tiago, con quien vive; Luis, un amante maduro con quien pasa buenos momentos; Joao, el amor de su vida, y Manel, a quien acaba de conocer. A tr<\/p>\n","protected":false},"featured_media":1389,"template":"","meta":[],"product_brand":[394],"product_cat":[29],"product_tag":[],"class_list":{"0":"post-1388","1":"product","2":"type-product","3":"status-publish","4":"has-post-thumbnail","6":"product_brand-margarida-rebelo-pinto","7":"product_cat-novela","9":"first","10":"instock","11":"purchasable","12":"product-type-simple"},"featured_image_urls_v2":{"full":["https:\/\/ajupe.com.uy\/web\/wp-content\/uploads\/2016\/04\/p-1388-6723.jpg",361,549,false],"thumbnail":["https:\/\/ajupe.com.uy\/web\/wp-content\/uploads\/2016\/04\/p-1388-6723.jpg",150,150,true],"medium":["https:\/\/ajupe.com.uy\/web\/wp-content\/uploads\/2016\/04\/p-1388-6723.jpg",300,214,true],"medium_large":["https:\/\/ajupe.com.uy\/web\/wp-content\/uploads\/2016\/04\/p-1388-6723.jpg",361,549,false],"large":["https:\/\/ajupe.com.uy\/web\/wp-content\/uploads\/2016\/04\/p-1388-6723.jpg",361,549,false],"1536x1536":["https:\/\/ajupe.com.uy\/web\/wp-content\/uploads\/2016\/04\/p-1388-6723.jpg",361,549,false],"2048x2048":["https:\/\/ajupe.com.uy\/web\/wp-content\/uploads\/2016\/04\/p-1388-6723.jpg",361,549,false],"woocommerce_archive_thumbnail":["https:\/\/ajupe.com.uy\/web\/wp-content\/uploads\/2016\/04\/p-1388-6723-300x450.jpg",300,450,true],"woocommerce_thumbnail":["https:\/\/ajupe.com.uy\/web\/wp-content\/uploads\/2016\/04\/p-1388-6723-300x300.jpg",300,300,true],"woocommerce_single":["https:\/\/ajupe.com.uy\/web\/wp-content\/uploads\/2016\/04\/p-1388-6723-300x456.jpg",300,456,true],"woocommerce_gallery_thumbnail":["https:\/\/ajupe.com.uy\/web\/wp-content\/uploads\/2016\/04\/p-1388-6723-100x100.jpg",100,100,true]},"post_excerpt_stackable_v2":"<p>Vera tiene 36 a\u00f1os y vive en Lisboa, donde trabaja de publicista. Adem\u00e1s, reparte su amor entre varios hombres: Tiago, con quien vive; Luis, un amante maduro con quien pasa buenos momentos; Joao, el amor de su vida, y Manel, a quien acaba de conocer. A tr<\/p>\n","category_list_v2":"","author_info_v2":{"name":"","url":""},"comments_num_v2":"0 comentarios","_links":{"self":[{"href":"https:\/\/ajupe.com.uy\/web\/wp-json\/wp\/v2\/product\/1388","targetHints":{"allow":["GET"]}}],"collection":[{"href":"https:\/\/ajupe.com.uy\/web\/wp-json\/wp\/v2\/product"}],"about":[{"href":"https:\/\/ajupe.com.uy\/web\/wp-json\/wp\/v2\/types\/product"}],"wp:featuredmedia":[{"embeddable":true,"href":"https:\/\/ajupe.com.uy\/web\/wp-json\/wp\/v2\/media\/1389"}],"wp:attachment":[{"href":"https:\/\/ajupe.com.uy\/web\/wp-json\/wp\/v2\/media?parent=1388"}],"wp:term":[{"taxonomy":"product_brand","embeddable":true,"href":"https:\/\/ajupe.com.uy\/web\/wp-json\/wp\/v2\/product_brand?post=1388"},{"taxonomy":"product_cat","embeddable":true,"href":"https:\/\/ajupe.com.uy\/web\/wp-json\/wp\/v2\/product_cat?post=1388"},{"taxonomy":"product_tag","embeddable":true,"href":"https:\/\/ajupe.com.uy\/web\/wp-json\/wp\/v2\/product_tag?post=1388"}],"curies":[{"name":"wp","href":"https:\/\/api.w.org\/{rel}","templated":true}]}}