{"id":1412,"date":"2010-07-14T00:00:00","date_gmt":"2010-07-14T03:00:00","guid":{"rendered":"http:\/\/ajupe.com.uy\/web\/?post_type=product&#038;p=1412"},"modified":"2011-08-26T18:21:56","modified_gmt":"2011-08-26T21:21:56","slug":"el-cuento-uruguayo-ii","status":"publish","type":"product","link":"https:\/\/ajupe.com.uy\/web\/biblioteca\/el-cuento-uruguayo-ii\/","title":{"rendered":"El Cuento Uruguayo II"},"content":{"rendered":"<p>Este segundo Tomo de \u201cEl Cuento Uruguayo\u201d, no pretende ser una antolog\u00eda, sino una muestra de algunos narradores y narradoras de hoy, que viven en el pa\u00eds. A cada uno de ellos, se le invit\u00f3 a participar con alg\u00fan cuento, relato, etc., pero que fuese in\u00e9dito. Una vez m\u00e1s, -al igual que en el primer Tomo-, la buena disposici\u00f3n de los autores, permite cristalizar este trabajo, donde los lectores, podr\u00e1n tener una aproximaci\u00f3n a la narrativa actual uruguaya. Otros escritores \u2013por el propio proceso de creaci\u00f3n-, no pudieron estar.<\/p>\n","protected":false},"excerpt":{"rendered":"<p>Este segundo Tomo de \u201cEl Cuento Uruguayo\u201d, no pretende ser una antolog\u00eda, sino una muestra de algunos narradores y narradoras de hoy, que viven en el pa\u00eds. A cada uno de ellos, se le invit\u00f3 a participar con alg\u00fan cuento, relato, etc., pero que fuese in\u00e9di<\/p>\n","protected":false},"featured_media":1413,"template":"","meta":[],"product_brand":[400],"product_cat":[33,45],"product_tag":[],"class_list":{"0":"post-1412","1":"product","2":"type-product","3":"status-publish","4":"has-post-thumbnail","6":"product_brand-jorge-moron-compilador","7":"product_cat-cuentos","8":"product_cat-uruguayo","10":"first","11":"instock","12":"purchasable","13":"product-type-simple"},"featured_image_urls_v2":{"full":["https:\/\/ajupe.com.uy\/web\/wp-content\/uploads\/2016\/04\/p-1412-6735.jpg",361,573,false],"thumbnail":["https:\/\/ajupe.com.uy\/web\/wp-content\/uploads\/2016\/04\/p-1412-6735.jpg",150,150,true],"medium":["https:\/\/ajupe.com.uy\/web\/wp-content\/uploads\/2016\/04\/p-1412-6735.jpg",300,214,true],"medium_large":["https:\/\/ajupe.com.uy\/web\/wp-content\/uploads\/2016\/04\/p-1412-6735.jpg",361,573,false],"large":["https:\/\/ajupe.com.uy\/web\/wp-content\/uploads\/2016\/04\/p-1412-6735.jpg",361,573,false],"1536x1536":["https:\/\/ajupe.com.uy\/web\/wp-content\/uploads\/2016\/04\/p-1412-6735.jpg",361,573,false],"2048x2048":["https:\/\/ajupe.com.uy\/web\/wp-content\/uploads\/2016\/04\/p-1412-6735.jpg",361,573,false],"woocommerce_archive_thumbnail":["https:\/\/ajupe.com.uy\/web\/wp-content\/uploads\/2016\/04\/p-1412-6735-300x450.jpg",300,450,true],"woocommerce_thumbnail":["https:\/\/ajupe.com.uy\/web\/wp-content\/uploads\/2016\/04\/p-1412-6735-300x300.jpg",300,300,true],"woocommerce_single":["https:\/\/ajupe.com.uy\/web\/wp-content\/uploads\/2016\/04\/p-1412-6735-300x476.jpg",300,476,true],"woocommerce_gallery_thumbnail":["https:\/\/ajupe.com.uy\/web\/wp-content\/uploads\/2016\/04\/p-1412-6735-100x100.jpg",100,100,true]},"post_excerpt_stackable_v2":"<p>Este segundo Tomo de \u201cEl Cuento Uruguayo\u201d, no pretende ser una antolog\u00eda, sino una muestra de algunos narradores y narradoras de hoy, que viven en el pa\u00eds. A cada uno de ellos, se le invit\u00f3 a participar con alg\u00fan cuento, relato, etc., pero que fuese in\u00e9di<\/p>\n","category_list_v2":"","author_info_v2":{"name":"","url":""},"comments_num_v2":"0 comentarios","_links":{"self":[{"href":"https:\/\/ajupe.com.uy\/web\/wp-json\/wp\/v2\/product\/1412","targetHints":{"allow":["GET"]}}],"collection":[{"href":"https:\/\/ajupe.com.uy\/web\/wp-json\/wp\/v2\/product"}],"about":[{"href":"https:\/\/ajupe.com.uy\/web\/wp-json\/wp\/v2\/types\/product"}],"wp:featuredmedia":[{"embeddable":true,"href":"https:\/\/ajupe.com.uy\/web\/wp-json\/wp\/v2\/media\/1413"}],"wp:attachment":[{"href":"https:\/\/ajupe.com.uy\/web\/wp-json\/wp\/v2\/media?parent=1412"}],"wp:term":[{"taxonomy":"product_brand","embeddable":true,"href":"https:\/\/ajupe.com.uy\/web\/wp-json\/wp\/v2\/product_brand?post=1412"},{"taxonomy":"product_cat","embeddable":true,"href":"https:\/\/ajupe.com.uy\/web\/wp-json\/wp\/v2\/product_cat?post=1412"},{"taxonomy":"product_tag","embeddable":true,"href":"https:\/\/ajupe.com.uy\/web\/wp-json\/wp\/v2\/product_tag?post=1412"}],"curies":[{"name":"wp","href":"https:\/\/api.w.org\/{rel}","templated":true}]}}

<p>Este segundo Tomo de “El Cuento Uruguayo”, no pretende ser una antología, sino una muestra de algunos narradores y narradoras de hoy, que viven en el país. A cada uno de ellos, se le invitó a participar con algún cuento, relato, etc., pero que fuese inédito. Una vez más, -al igual que en el primer Tomo-, la buena disposición de los autores, permite cristalizar este trabajo, donde los lectores, podrán tener una aproximación a la narrativa actual uruguaya. Otros escritores –por el propio proceso de creación-, no pudieron estar.</p>

<p>Este segundo Tomo de “El Cuento Uruguayo”, no pretende ser una antología, sino una muestra de algunos narradores y narradoras de hoy, que viven en el país. A cada uno de ellos, se le invitó a participar con algún cuento, relato, etc., pero que fuese inédi</p>
