{"id":1436,"date":"2010-07-14T00:00:00","date_gmt":"2010-07-14T03:00:00","guid":{"rendered":"http:\/\/ajupe.com.uy\/web\/?post_type=product&#038;p=1436"},"modified":"2010-07-14T00:00:00","modified_gmt":"2010-07-14T03:00:00","slug":"la-fuerza-del-engano","status":"publish","type":"product","link":"https:\/\/ajupe.com.uy\/web\/biblioteca\/la-fuerza-del-engano\/","title":{"rendered":"La Fuerza del enga\u00f1o"},"content":{"rendered":"<p>Nicholas Spencer es propietario de Gen-stone, importante empresa dedicada al desarrollo de una vacuna contra el c\u00e1ncer. Los resultados son muy prometedores, lo que hace que mucha gente invierta sus ahorros en el proyecto. Pero Nicholas desaparece en un extra\u00f1o accidente de aviaci\u00f3n; poco despu\u00e9s se descubre que las pruebas hab\u00edan sido un fracaso y que, adem\u00e1s, Nicholas era sospechosos de un enorme desfalco. La periodista Marcia Decarlo, hermanastra de la viuda de Spencer, se lanza a la investigaci\u00f3n del complejo asunto que forman el esc\u00e1ndalo financiero, la agitaci\u00f3n de los inversionistas y la oscura desaparici\u00f3n del empresario. Marcia no acaba de creer en la culpabilidad de Spencer, cuya integridad moral admiraba, pero todas las pruebas est\u00e1n en contra de \u00e9l. Descubrir la verdad podr\u00eda ser muy peligroso.<\/p>\n","protected":false},"excerpt":{"rendered":"<p>Nicholas Spencer es propietario de Gen-stone, importante empresa dedicada al desarrollo de una vacuna contra el c\u00e1ncer. Los resultados son muy prometedores, lo que hace que mucha gente invierta sus ahorros en el proyecto. Pero Nicholas desaparece en un ex<\/p>\n","protected":false},"featured_media":1437,"template":"","meta":[],"product_brand":[52],"product_cat":[30],"product_tag":[],"class_list":{"0":"post-1436","1":"product","2":"type-product","3":"status-publish","4":"has-post-thumbnail","6":"product_brand-mary-higgins-clark","7":"product_cat-suspenso","9":"first","10":"instock","11":"purchasable","12":"product-type-simple"},"featured_image_urls_v2":{"full":["https:\/\/ajupe.com.uy\/web\/wp-content\/uploads\/2016\/04\/p-1436-6747.jpg",408,589,false],"thumbnail":["https:\/\/ajupe.com.uy\/web\/wp-content\/uploads\/2016\/04\/p-1436-6747.jpg",150,150,true],"medium":["https:\/\/ajupe.com.uy\/web\/wp-content\/uploads\/2016\/04\/p-1436-6747.jpg",300,214,true],"medium_large":["https:\/\/ajupe.com.uy\/web\/wp-content\/uploads\/2016\/04\/p-1436-6747.jpg",408,589,false],"large":["https:\/\/ajupe.com.uy\/web\/wp-content\/uploads\/2016\/04\/p-1436-6747.jpg",408,589,false],"1536x1536":["https:\/\/ajupe.com.uy\/web\/wp-content\/uploads\/2016\/04\/p-1436-6747.jpg",408,589,false],"2048x2048":["https:\/\/ajupe.com.uy\/web\/wp-content\/uploads\/2016\/04\/p-1436-6747.jpg",408,589,false],"woocommerce_archive_thumbnail":["https:\/\/ajupe.com.uy\/web\/wp-content\/uploads\/2016\/04\/p-1436-6747-300x450.jpg",300,450,true],"woocommerce_thumbnail":["https:\/\/ajupe.com.uy\/web\/wp-content\/uploads\/2016\/04\/p-1436-6747-300x300.jpg",300,300,true],"woocommerce_single":["https:\/\/ajupe.com.uy\/web\/wp-content\/uploads\/2016\/04\/p-1436-6747-300x433.jpg",300,433,true],"woocommerce_gallery_thumbnail":["https:\/\/ajupe.com.uy\/web\/wp-content\/uploads\/2016\/04\/p-1436-6747-100x100.jpg",100,100,true]},"post_excerpt_stackable_v2":"<p>Nicholas Spencer es propietario de Gen-stone, importante empresa dedicada al desarrollo de una vacuna contra el c\u00e1ncer. Los resultados son muy prometedores, lo que hace que mucha gente invierta sus ahorros en el proyecto. Pero Nicholas desaparece en un ex<\/p>\n","category_list_v2":"","author_info_v2":{"name":"","url":""},"comments_num_v2":"0 comentarios","_links":{"self":[{"href":"https:\/\/ajupe.com.uy\/web\/wp-json\/wp\/v2\/product\/1436","targetHints":{"allow":["GET"]}}],"collection":[{"href":"https:\/\/ajupe.com.uy\/web\/wp-json\/wp\/v2\/product"}],"about":[{"href":"https:\/\/ajupe.com.uy\/web\/wp-json\/wp\/v2\/types\/product"}],"wp:featuredmedia":[{"embeddable":true,"href":"https:\/\/ajupe.com.uy\/web\/wp-json\/wp\/v2\/media\/1437"}],"wp:attachment":[{"href":"https:\/\/ajupe.com.uy\/web\/wp-json\/wp\/v2\/media?parent=1436"}],"wp:term":[{"taxonomy":"product_brand","embeddable":true,"href":"https:\/\/ajupe.com.uy\/web\/wp-json\/wp\/v2\/product_brand?post=1436"},{"taxonomy":"product_cat","embeddable":true,"href":"https:\/\/ajupe.com.uy\/web\/wp-json\/wp\/v2\/product_cat?post=1436"},{"taxonomy":"product_tag","embeddable":true,"href":"https:\/\/ajupe.com.uy\/web\/wp-json\/wp\/v2\/product_tag?post=1436"}],"curies":[{"name":"wp","href":"https:\/\/api.w.org\/{rel}","templated":true}]}}