{"id":1464,"date":"2010-07-14T00:00:00","date_gmt":"2010-07-14T03:00:00","guid":{"rendered":"http:\/\/ajupe.com.uy\/web\/?post_type=product&#038;p=1464"},"modified":"2010-07-14T00:00:00","modified_gmt":"2010-07-14T03:00:00","slug":"historia-de-la-mafia","status":"publish","type":"product","link":"https:\/\/ajupe.com.uy\/web\/biblioteca\/historia-de-la-mafia\/","title":{"rendered":"Historia de la Mafia"},"content":{"rendered":"<p>El mundo est\u00e1 plegado de mafias, pero la hist\u00f3rica, la madres de todas las mafias, es la siciliana. Pobres y potentados, bandoleros y pol\u00edticos, narcotraficantes, cl\u00e9rigos y notables conforman la impresionante historia de esta sociedad. Desde la \u00e9poca de los padrinos a la del boss, durante siglos la evoluci\u00f3n de la mafia ha definido tanto la Sicilia pol\u00edtica como la experiencia de las clases dominantes italianas. Part\u00edcipe de las m\u00e1s secretas e inquietantes operaciones estrat\u00e9gicas de Occidente durante la guerra fr\u00eda, la mafia ha ido tomando relevancia internacional. El historiador Giuseppe Carlo Marino no maneja un simple amasijo de cr\u00f3nicas acerca de la criminalidad sino un denso material pol\u00edtico y social. Analizar tales documentos significa indagar en los procesos protagonizados por Italia entera y en su influencia, a trav\u00e9s de relaciones y alianzas, en el \u00e1mbito internacional.<\/p>\n","protected":false},"excerpt":{"rendered":"<p>El mundo est\u00e1 plegado de mafias, pero la hist\u00f3rica, la madres de todas las mafias, es la siciliana. Pobres y potentados, bandoleros y pol\u00edticos, narcotraficantes, cl\u00e9rigos y notables conforman la impresionante historia de esta sociedad. Desde la \u00e9poca de <\/p>\n","protected":false},"featured_media":1465,"template":"","meta":[],"product_brand":[413],"product_cat":[39],"product_tag":[],"class_list":{"0":"post-1464","1":"product","2":"type-product","3":"status-publish","4":"has-post-thumbnail","6":"product_brand-giuseppe-carlo-marino","7":"product_cat-veridico","9":"first","10":"instock","11":"purchasable","12":"product-type-simple"},"featured_image_urls_v2":{"full":["https:\/\/ajupe.com.uy\/web\/wp-content\/uploads\/2016\/04\/p-1464-6791.jpg",403,589,false],"thumbnail":["https:\/\/ajupe.com.uy\/web\/wp-content\/uploads\/2016\/04\/p-1464-6791.jpg",150,150,true],"medium":["https:\/\/ajupe.com.uy\/web\/wp-content\/uploads\/2016\/04\/p-1464-6791.jpg",300,214,true],"medium_large":["https:\/\/ajupe.com.uy\/web\/wp-content\/uploads\/2016\/04\/p-1464-6791.jpg",403,589,false],"large":["https:\/\/ajupe.com.uy\/web\/wp-content\/uploads\/2016\/04\/p-1464-6791.jpg",403,589,false],"1536x1536":["https:\/\/ajupe.com.uy\/web\/wp-content\/uploads\/2016\/04\/p-1464-6791.jpg",403,589,false],"2048x2048":["https:\/\/ajupe.com.uy\/web\/wp-content\/uploads\/2016\/04\/p-1464-6791.jpg",403,589,false],"woocommerce_archive_thumbnail":["https:\/\/ajupe.com.uy\/web\/wp-content\/uploads\/2016\/04\/p-1464-6791-300x450.jpg",300,450,true],"woocommerce_thumbnail":["https:\/\/ajupe.com.uy\/web\/wp-content\/uploads\/2016\/04\/p-1464-6791-300x300.jpg",300,300,true],"woocommerce_single":["https:\/\/ajupe.com.uy\/web\/wp-content\/uploads\/2016\/04\/p-1464-6791-300x438.jpg",300,438,true],"woocommerce_gallery_thumbnail":["https:\/\/ajupe.com.uy\/web\/wp-content\/uploads\/2016\/04\/p-1464-6791-100x100.jpg",100,100,true]},"post_excerpt_stackable_v2":"<p>El mundo est\u00e1 plegado de mafias, pero la hist\u00f3rica, la madres de todas las mafias, es la siciliana. Pobres y potentados, bandoleros y pol\u00edticos, narcotraficantes, cl\u00e9rigos y notables conforman la impresionante historia de esta sociedad. Desde la \u00e9poca de <\/p>\n","category_list_v2":"","author_info_v2":{"name":"","url":""},"comments_num_v2":"0 comentarios","_links":{"self":[{"href":"https:\/\/ajupe.com.uy\/web\/wp-json\/wp\/v2\/product\/1464","targetHints":{"allow":["GET"]}}],"collection":[{"href":"https:\/\/ajupe.com.uy\/web\/wp-json\/wp\/v2\/product"}],"about":[{"href":"https:\/\/ajupe.com.uy\/web\/wp-json\/wp\/v2\/types\/product"}],"wp:featuredmedia":[{"embeddable":true,"href":"https:\/\/ajupe.com.uy\/web\/wp-json\/wp\/v2\/media\/1465"}],"wp:attachment":[{"href":"https:\/\/ajupe.com.uy\/web\/wp-json\/wp\/v2\/media?parent=1464"}],"wp:term":[{"taxonomy":"product_brand","embeddable":true,"href":"https:\/\/ajupe.com.uy\/web\/wp-json\/wp\/v2\/product_brand?post=1464"},{"taxonomy":"product_cat","embeddable":true,"href":"https:\/\/ajupe.com.uy\/web\/wp-json\/wp\/v2\/product_cat?post=1464"},{"taxonomy":"product_tag","embeddable":true,"href":"https:\/\/ajupe.com.uy\/web\/wp-json\/wp\/v2\/product_tag?post=1464"}],"curies":[{"name":"wp","href":"https:\/\/api.w.org\/{rel}","templated":true}]}}