{"id":1466,"date":"2010-07-14T00:00:00","date_gmt":"2010-07-14T03:00:00","guid":{"rendered":"http:\/\/ajupe.com.uy\/web\/?post_type=product&#038;p=1466"},"modified":"2012-08-14T18:27:30","modified_gmt":"2012-08-14T21:27:30","slug":"una-fraccion-de-segundo","status":"publish","type":"product","link":"https:\/\/ajupe.com.uy\/web\/biblioteca\/una-fraccion-de-segundo\/","title":{"rendered":"Una fracci\u00f3n de segundo"},"content":{"rendered":"<p>Michelle Maxwell acaba de echar por la borda un brillante futuro en los servicios secretos norteamericanos: un candidato presidencial que hallaba a su cargo acaba de desaparecer sin dejar pista. Sean King comprende muy bien c\u00f3mo se siente la joven agente. Tambi\u00e9n \u00e9l se vio forzado a renunciar a una prometedora carrera cuando el pol\u00edtico que estaba bajo su protecci\u00f3n muri\u00f3 tras ser abatido por unos disparos. Era una ma\u00f1ana oto\u00f1al y en la sala del hotel en la que el candidato estrechaba las manos de sus seguidores todo parec\u00eda estar en orden a los ojos de King. El ascensor lleg\u00f3 al vest\u00edbulo, las puertas se abrieron y algo en el interior le llam\u00f3 la atenci\u00f3n, provocando que su mirada se detuviera algo m\u00e1s de los necesario, en ese instante, un hombre de aspecto tranquilo al que hab\u00eda observado momentos antes aprovech\u00f3 para levantar su arma y disparar.<\/p>\n","protected":false},"excerpt":{"rendered":"<p>Michelle Maxwell acaba de echar por la borda un brillante futuro en los servicios secretos norteamericanos: un candidato presidencial que hallaba a su cargo acaba de desaparecer sin dejar pista. Sean King comprende muy bien c\u00f3mo se siente la joven agente.<\/p>\n","protected":false},"featured_media":1467,"template":"","meta":[],"product_brand":[414],"product_cat":[30],"product_tag":[],"class_list":{"0":"post-1466","1":"product","2":"type-product","3":"status-publish","4":"has-post-thumbnail","6":"product_brand-david-baldacci","7":"product_cat-suspenso","9":"first","10":"instock","11":"purchasable","12":"product-type-simple"},"featured_image_urls_v2":{"full":["https:\/\/ajupe.com.uy\/web\/wp-content\/uploads\/2016\/04\/p-1466-6792.jpg",400,589,false],"thumbnail":["https:\/\/ajupe.com.uy\/web\/wp-content\/uploads\/2016\/04\/p-1466-6792.jpg",150,150,true],"medium":["https:\/\/ajupe.com.uy\/web\/wp-content\/uploads\/2016\/04\/p-1466-6792.jpg",300,214,true],"medium_large":["https:\/\/ajupe.com.uy\/web\/wp-content\/uploads\/2016\/04\/p-1466-6792.jpg",400,589,false],"large":["https:\/\/ajupe.com.uy\/web\/wp-content\/uploads\/2016\/04\/p-1466-6792.jpg",400,589,false],"1536x1536":["https:\/\/ajupe.com.uy\/web\/wp-content\/uploads\/2016\/04\/p-1466-6792.jpg",400,589,false],"2048x2048":["https:\/\/ajupe.com.uy\/web\/wp-content\/uploads\/2016\/04\/p-1466-6792.jpg",400,589,false],"woocommerce_archive_thumbnail":["https:\/\/ajupe.com.uy\/web\/wp-content\/uploads\/2016\/04\/p-1466-6792-300x450.jpg",300,450,true],"woocommerce_thumbnail":["https:\/\/ajupe.com.uy\/web\/wp-content\/uploads\/2016\/04\/p-1466-6792-300x300.jpg",300,300,true],"woocommerce_single":["https:\/\/ajupe.com.uy\/web\/wp-content\/uploads\/2016\/04\/p-1466-6792-300x442.jpg",300,442,true],"woocommerce_gallery_thumbnail":["https:\/\/ajupe.com.uy\/web\/wp-content\/uploads\/2016\/04\/p-1466-6792-100x100.jpg",100,100,true]},"post_excerpt_stackable_v2":"<p>Michelle Maxwell acaba de echar por la borda un brillante futuro en los servicios secretos norteamericanos: un candidato presidencial que hallaba a su cargo acaba de desaparecer sin dejar pista. Sean King comprende muy bien c\u00f3mo se siente la joven agente.<\/p>\n","category_list_v2":"","author_info_v2":{"name":"","url":""},"comments_num_v2":"0 comentarios","_links":{"self":[{"href":"https:\/\/ajupe.com.uy\/web\/wp-json\/wp\/v2\/product\/1466","targetHints":{"allow":["GET"]}}],"collection":[{"href":"https:\/\/ajupe.com.uy\/web\/wp-json\/wp\/v2\/product"}],"about":[{"href":"https:\/\/ajupe.com.uy\/web\/wp-json\/wp\/v2\/types\/product"}],"wp:featuredmedia":[{"embeddable":true,"href":"https:\/\/ajupe.com.uy\/web\/wp-json\/wp\/v2\/media\/1467"}],"wp:attachment":[{"href":"https:\/\/ajupe.com.uy\/web\/wp-json\/wp\/v2\/media?parent=1466"}],"wp:term":[{"taxonomy":"product_brand","embeddable":true,"href":"https:\/\/ajupe.com.uy\/web\/wp-json\/wp\/v2\/product_brand?post=1466"},{"taxonomy":"product_cat","embeddable":true,"href":"https:\/\/ajupe.com.uy\/web\/wp-json\/wp\/v2\/product_cat?post=1466"},{"taxonomy":"product_tag","embeddable":true,"href":"https:\/\/ajupe.com.uy\/web\/wp-json\/wp\/v2\/product_tag?post=1466"}],"curies":[{"name":"wp","href":"https:\/\/api.w.org\/{rel}","templated":true}]}}