{"id":1482,"date":"2010-07-14T00:00:00","date_gmt":"2010-07-14T03:00:00","guid":{"rendered":"http:\/\/ajupe.com.uy\/web\/?post_type=product&#038;p=1482"},"modified":"2010-07-14T00:00:00","modified_gmt":"2010-07-14T03:00:00","slug":"el-correo-del-general","status":"publish","type":"product","link":"https:\/\/ajupe.com.uy\/web\/biblioteca\/el-correo-del-general\/","title":{"rendered":"El correo del General"},"content":{"rendered":"<p>Entre el 9 de julio de 1973 y el 19 de marzo de 1984, el General L\u00edber Seregni permaneci\u00f3 detenido por el r\u00e9gimen militar. Desde los diferentes cuarteles que conformaron su primera prisi\u00f3n, entre julio de 1973 y noviembre de 1974, el General se las ingeni\u00f3 para enviar misivas a su esposa, a sus hijas y a sus compa\u00f1eros. Fruto de largas horas de entrevistas con el General y Lily Lerena de Seregni, y con las propias cartas, fotos y diarios de prisi\u00f3n, cuyos facs\u00edmiles son publicados por primera vez como testimonio, Blanca Rodr\u00edguez recrea la historia de aquellos a\u00f1os y trae a la luz hechos y an\u00e9cdotas que hasta ahora no hab\u00edan sido narrados. Una a una esas cartas van trazando la peripecia de esos d\u00edas tan duros en los que Lily Lerena de Seregni, aun arriesgando su vida, consigui\u00f3 sacar de la prisi\u00f3n cada una de las cartas que le escribi\u00f3 el General. Hoy, este libro es posible gracias a su valerosa participaci\u00f3n.<\/p>\n","protected":false},"excerpt":{"rendered":"<p>Entre el 9 de julio de 1973 y el 19 de marzo de 1984, el General L\u00edber Seregni permaneci\u00f3 detenido por el r\u00e9gimen militar. Desde los diferentes cuarteles que conformaron su primera prisi\u00f3n, entre julio de 1973 y noviembre de 1974, el General se las ingeni<\/p>\n","protected":false},"featured_media":1483,"template":"","meta":[],"product_brand":[420],"product_cat":[39],"product_tag":[],"class_list":{"0":"post-1482","1":"product","2":"type-product","3":"status-publish","4":"has-post-thumbnail","6":"product_brand-blanca-rodriguez","7":"product_cat-veridico","9":"first","10":"instock","11":"purchasable","12":"product-type-simple"},"featured_image_urls_v2":{"full":["https:\/\/ajupe.com.uy\/web\/wp-content\/uploads\/2016\/04\/p-1482-6815.jpg",360,572,false],"thumbnail":["https:\/\/ajupe.com.uy\/web\/wp-content\/uploads\/2016\/04\/p-1482-6815.jpg",150,150,true],"medium":["https:\/\/ajupe.com.uy\/web\/wp-content\/uploads\/2016\/04\/p-1482-6815.jpg",300,214,true],"medium_large":["https:\/\/ajupe.com.uy\/web\/wp-content\/uploads\/2016\/04\/p-1482-6815.jpg",360,572,false],"large":["https:\/\/ajupe.com.uy\/web\/wp-content\/uploads\/2016\/04\/p-1482-6815.jpg",360,572,false],"1536x1536":["https:\/\/ajupe.com.uy\/web\/wp-content\/uploads\/2016\/04\/p-1482-6815.jpg",360,572,false],"2048x2048":["https:\/\/ajupe.com.uy\/web\/wp-content\/uploads\/2016\/04\/p-1482-6815.jpg",360,572,false],"woocommerce_archive_thumbnail":["https:\/\/ajupe.com.uy\/web\/wp-content\/uploads\/2016\/04\/p-1482-6815-300x450.jpg",300,450,true],"woocommerce_thumbnail":["https:\/\/ajupe.com.uy\/web\/wp-content\/uploads\/2016\/04\/p-1482-6815-300x300.jpg",300,300,true],"woocommerce_single":["https:\/\/ajupe.com.uy\/web\/wp-content\/uploads\/2016\/04\/p-1482-6815-300x477.jpg",300,477,true],"woocommerce_gallery_thumbnail":["https:\/\/ajupe.com.uy\/web\/wp-content\/uploads\/2016\/04\/p-1482-6815-100x100.jpg",100,100,true]},"post_excerpt_stackable_v2":"<p>Entre el 9 de julio de 1973 y el 19 de marzo de 1984, el General L\u00edber Seregni permaneci\u00f3 detenido por el r\u00e9gimen militar. Desde los diferentes cuarteles que conformaron su primera prisi\u00f3n, entre julio de 1973 y noviembre de 1974, el General se las ingeni<\/p>\n","category_list_v2":"","author_info_v2":{"name":"","url":""},"comments_num_v2":"0 comentarios","_links":{"self":[{"href":"https:\/\/ajupe.com.uy\/web\/wp-json\/wp\/v2\/product\/1482","targetHints":{"allow":["GET"]}}],"collection":[{"href":"https:\/\/ajupe.com.uy\/web\/wp-json\/wp\/v2\/product"}],"about":[{"href":"https:\/\/ajupe.com.uy\/web\/wp-json\/wp\/v2\/types\/product"}],"wp:featuredmedia":[{"embeddable":true,"href":"https:\/\/ajupe.com.uy\/web\/wp-json\/wp\/v2\/media\/1483"}],"wp:attachment":[{"href":"https:\/\/ajupe.com.uy\/web\/wp-json\/wp\/v2\/media?parent=1482"}],"wp:term":[{"taxonomy":"product_brand","embeddable":true,"href":"https:\/\/ajupe.com.uy\/web\/wp-json\/wp\/v2\/product_brand?post=1482"},{"taxonomy":"product_cat","embeddable":true,"href":"https:\/\/ajupe.com.uy\/web\/wp-json\/wp\/v2\/product_cat?post=1482"},{"taxonomy":"product_tag","embeddable":true,"href":"https:\/\/ajupe.com.uy\/web\/wp-json\/wp\/v2\/product_tag?post=1482"}],"curies":[{"name":"wp","href":"https:\/\/api.w.org\/{rel}","templated":true}]}}