{"id":1514,"date":"2010-07-14T00:00:00","date_gmt":"2010-07-14T03:00:00","guid":{"rendered":"http:\/\/ajupe.com.uy\/web\/?post_type=product&#038;p=1514"},"modified":"2010-07-14T00:00:00","modified_gmt":"2010-07-14T03:00:00","slug":"crea-tu-futuro","status":"publish","type":"product","link":"https:\/\/ajupe.com.uy\/web\/biblioteca\/crea-tu-futuro\/","title":{"rendered":"Crea tu futuro"},"content":{"rendered":"<p>El pasado influye en el presente y puede determinar el futuro. S\u00f3lo cuando dejemos atr\u00e1s el miedo, la angustia, el sentimiento de indefensi\u00f3n o el de baja autoestima procedentes del pasado estaremos en condiciones de proyectar el futuro, de tomar en cada momento las mejores decisiones para preparar un ma\u00f1ana mejor. Crea tu Futuro proporciona las herramientas necesarias para lograrlo.<\/p>\n","protected":false},"excerpt":{"rendered":"<p>El pasado influye en el presente y puede determinar el futuro. S\u00f3lo cuando dejemos atr\u00e1s el miedo, la angustia, el sentimiento de indefensi\u00f3n o el de baja autoestima procedentes del pasado estaremos en condiciones de proyectar el futuro, de tomar en cada <\/p>\n","protected":false},"featured_media":1515,"template":"","meta":[],"product_brand":[427],"product_cat":[32],"product_tag":[],"class_list":{"0":"post-1514","1":"product","2":"type-product","3":"status-publish","4":"has-post-thumbnail","6":"product_brand-lair-ribeiro","7":"product_cat-autoayuda","9":"first","10":"instock","11":"purchasable","12":"product-type-simple"},"featured_image_urls_v2":{"full":["https:\/\/ajupe.com.uy\/web\/wp-content\/uploads\/2016\/04\/p-1514-6833.jpg",362,579,false],"thumbnail":["https:\/\/ajupe.com.uy\/web\/wp-content\/uploads\/2016\/04\/p-1514-6833.jpg",150,150,true],"medium":["https:\/\/ajupe.com.uy\/web\/wp-content\/uploads\/2016\/04\/p-1514-6833.jpg",300,214,true],"medium_large":["https:\/\/ajupe.com.uy\/web\/wp-content\/uploads\/2016\/04\/p-1514-6833.jpg",362,579,false],"large":["https:\/\/ajupe.com.uy\/web\/wp-content\/uploads\/2016\/04\/p-1514-6833.jpg",362,579,false],"1536x1536":["https:\/\/ajupe.com.uy\/web\/wp-content\/uploads\/2016\/04\/p-1514-6833.jpg",362,579,false],"2048x2048":["https:\/\/ajupe.com.uy\/web\/wp-content\/uploads\/2016\/04\/p-1514-6833.jpg",362,579,false],"woocommerce_archive_thumbnail":["https:\/\/ajupe.com.uy\/web\/wp-content\/uploads\/2016\/04\/p-1514-6833-300x450.jpg",300,450,true],"woocommerce_thumbnail":["https:\/\/ajupe.com.uy\/web\/wp-content\/uploads\/2016\/04\/p-1514-6833-300x300.jpg",300,300,true],"woocommerce_single":["https:\/\/ajupe.com.uy\/web\/wp-content\/uploads\/2016\/04\/p-1514-6833-300x480.jpg",300,480,true],"woocommerce_gallery_thumbnail":["https:\/\/ajupe.com.uy\/web\/wp-content\/uploads\/2016\/04\/p-1514-6833-100x100.jpg",100,100,true]},"post_excerpt_stackable_v2":"<p>El pasado influye en el presente y puede determinar el futuro. S\u00f3lo cuando dejemos atr\u00e1s el miedo, la angustia, el sentimiento de indefensi\u00f3n o el de baja autoestima procedentes del pasado estaremos en condiciones de proyectar el futuro, de tomar en cada <\/p>\n","category_list_v2":"","author_info_v2":{"name":"","url":""},"comments_num_v2":"0 comentarios","_links":{"self":[{"href":"https:\/\/ajupe.com.uy\/web\/wp-json\/wp\/v2\/product\/1514","targetHints":{"allow":["GET"]}}],"collection":[{"href":"https:\/\/ajupe.com.uy\/web\/wp-json\/wp\/v2\/product"}],"about":[{"href":"https:\/\/ajupe.com.uy\/web\/wp-json\/wp\/v2\/types\/product"}],"wp:featuredmedia":[{"embeddable":true,"href":"https:\/\/ajupe.com.uy\/web\/wp-json\/wp\/v2\/media\/1515"}],"wp:attachment":[{"href":"https:\/\/ajupe.com.uy\/web\/wp-json\/wp\/v2\/media?parent=1514"}],"wp:term":[{"taxonomy":"product_brand","embeddable":true,"href":"https:\/\/ajupe.com.uy\/web\/wp-json\/wp\/v2\/product_brand?post=1514"},{"taxonomy":"product_cat","embeddable":true,"href":"https:\/\/ajupe.com.uy\/web\/wp-json\/wp\/v2\/product_cat?post=1514"},{"taxonomy":"product_tag","embeddable":true,"href":"https:\/\/ajupe.com.uy\/web\/wp-json\/wp\/v2\/product_tag?post=1514"}],"curies":[{"name":"wp","href":"https:\/\/api.w.org\/{rel}","templated":true}]}}