{"id":1530,"date":"2010-07-14T00:00:00","date_gmt":"2010-07-14T03:00:00","guid":{"rendered":"http:\/\/ajupe.com.uy\/web\/?post_type=product&#038;p=1530"},"modified":"2010-07-14T00:00:00","modified_gmt":"2010-07-14T03:00:00","slug":"con-los-dias-contados","status":"publish","type":"product","link":"https:\/\/ajupe.com.uy\/web\/biblioteca\/con-los-dias-contados\/","title":{"rendered":"Con los d\u00edas contados"},"content":{"rendered":"<p>\u00bfQUI\u00c9N inform\u00f3 directamente a Bush, Aznar, Cardozo, K\u00f6hler e Iglesias sobre la tragedia argentina cuando Fernando de la R\u00faa huy\u00f3 en helic\u00f3ptero de la Casa Rosada? \u00bfPOR QU\u00c9 el gobierno uruguayo decidi\u00f3 firmar un contrato leonino con los socios de los hermanos Rohm en el Banco comercial? \u00bfQUI\u00c9N le propuso al presidente Batlle apelar a medidas prontas de seguridad en plena corrida bancaria? \u00bfCU\u00c1NTAS veces Batlle estuvo a punto de correr la misma suerte que De la R\u00faa? \u00bfQU\u00c9 fue lo que impidi\u00f3 al Uruguay conseguir un Tratado de Libre Comercio con Estados Unidos? Estas y muchas otras preguntas comienzan a ser respondidas en esta detallada investigaci\u00f3n period\u00edstica sobre la fenomenal crisis que Uruguay vivi\u00f3 entre el 1\u00b0 de diciembre de 2001 y el 5 de agosto de 2002.<\/p>\n","protected":false},"excerpt":{"rendered":"<p>\u00bfQUI\u00c9N inform\u00f3 directamente a Bush, Aznar, Cardozo, K\u00f6hler e Iglesias sobre la tragedia argentina cuando Fernando de la R\u00faa huy\u00f3 en helic\u00f3ptero de la Casa Rosada? \u00bfPOR QU\u00c9 el gobierno uruguayo decidi\u00f3 firmar un contrato leonino con los socios de los herma<\/p>\n","protected":false},"featured_media":1531,"template":"","meta":[],"product_brand":[433],"product_cat":[45],"product_tag":[],"class_list":{"0":"post-1530","1":"product","2":"type-product","3":"status-publish","4":"has-post-thumbnail","6":"product_brand-claudio-paolillo","7":"product_cat-uruguayo","9":"first","10":"instock","11":"purchasable","12":"product-type-simple"},"featured_image_urls_v2":{"full":["https:\/\/ajupe.com.uy\/web\/wp-content\/uploads\/2016\/04\/p-1530-6841.jpg",360,503,false],"thumbnail":["https:\/\/ajupe.com.uy\/web\/wp-content\/uploads\/2016\/04\/p-1530-6841.jpg",150,150,true],"medium":["https:\/\/ajupe.com.uy\/web\/wp-content\/uploads\/2016\/04\/p-1530-6841.jpg",300,214,true],"medium_large":["https:\/\/ajupe.com.uy\/web\/wp-content\/uploads\/2016\/04\/p-1530-6841.jpg",360,503,false],"large":["https:\/\/ajupe.com.uy\/web\/wp-content\/uploads\/2016\/04\/p-1530-6841.jpg",360,503,false],"1536x1536":["https:\/\/ajupe.com.uy\/web\/wp-content\/uploads\/2016\/04\/p-1530-6841.jpg",360,503,false],"2048x2048":["https:\/\/ajupe.com.uy\/web\/wp-content\/uploads\/2016\/04\/p-1530-6841.jpg",360,503,false],"woocommerce_archive_thumbnail":["https:\/\/ajupe.com.uy\/web\/wp-content\/uploads\/2016\/04\/p-1530-6841-300x450.jpg",300,450,true],"woocommerce_thumbnail":["https:\/\/ajupe.com.uy\/web\/wp-content\/uploads\/2016\/04\/p-1530-6841-300x300.jpg",300,300,true],"woocommerce_single":["https:\/\/ajupe.com.uy\/web\/wp-content\/uploads\/2016\/04\/p-1530-6841-300x419.jpg",300,419,true],"woocommerce_gallery_thumbnail":["https:\/\/ajupe.com.uy\/web\/wp-content\/uploads\/2016\/04\/p-1530-6841-100x100.jpg",100,100,true]},"post_excerpt_stackable_v2":"<p>\u00bfQUI\u00c9N inform\u00f3 directamente a Bush, Aznar, Cardozo, K\u00f6hler e Iglesias sobre la tragedia argentina cuando Fernando de la R\u00faa huy\u00f3 en helic\u00f3ptero de la Casa Rosada? \u00bfPOR QU\u00c9 el gobierno uruguayo decidi\u00f3 firmar un contrato leonino con los socios de los herma<\/p>\n","category_list_v2":"","author_info_v2":{"name":"","url":""},"comments_num_v2":"0 comentarios","_links":{"self":[{"href":"https:\/\/ajupe.com.uy\/web\/wp-json\/wp\/v2\/product\/1530","targetHints":{"allow":["GET"]}}],"collection":[{"href":"https:\/\/ajupe.com.uy\/web\/wp-json\/wp\/v2\/product"}],"about":[{"href":"https:\/\/ajupe.com.uy\/web\/wp-json\/wp\/v2\/types\/product"}],"wp:featuredmedia":[{"embeddable":true,"href":"https:\/\/ajupe.com.uy\/web\/wp-json\/wp\/v2\/media\/1531"}],"wp:attachment":[{"href":"https:\/\/ajupe.com.uy\/web\/wp-json\/wp\/v2\/media?parent=1530"}],"wp:term":[{"taxonomy":"product_brand","embeddable":true,"href":"https:\/\/ajupe.com.uy\/web\/wp-json\/wp\/v2\/product_brand?post=1530"},{"taxonomy":"product_cat","embeddable":true,"href":"https:\/\/ajupe.com.uy\/web\/wp-json\/wp\/v2\/product_cat?post=1530"},{"taxonomy":"product_tag","embeddable":true,"href":"https:\/\/ajupe.com.uy\/web\/wp-json\/wp\/v2\/product_tag?post=1530"}],"curies":[{"name":"wp","href":"https:\/\/api.w.org\/{rel}","templated":true}]}}