{"id":1584,"date":"2010-07-14T00:00:00","date_gmt":"2010-07-14T03:00:00","guid":{"rendered":"http:\/\/ajupe.com.uy\/web\/?post_type=product&#038;p=1584"},"modified":"2010-07-14T00:00:00","modified_gmt":"2010-07-14T03:00:00","slug":"inmigrantes-curas-y-masones","status":"publish","type":"product","link":"https:\/\/ajupe.com.uy\/web\/biblioteca\/inmigrantes-curas-y-masones\/","title":{"rendered":"Inmigrantes \u2013 Curas y Masones"},"content":{"rendered":"<p>Esta investigaci\u00f3n que acota el lustro de poder del Gral. M\u00e1ximo Santos (1882-1886), se proyecto adem\u00e1s sobre ese medio siglo en que se plasman los caracteres m\u00e1s notorios del perfil uruguayo, proceso similar y coet\u00e1neo al de otros pa\u00edses europeos y americanos en la conformaci\u00f3n de su nacionalidad, abordando la historia del Uruguay ensamblada en la historia universal para evitar que la misma no terminara siendo una relaci\u00f3n de sucesos de provincia. Es un intento de mostrar al Uruguay inserto en las coordenadas mundiales en que se enfrentaron fuerzas ecum\u00e9nicas: la Iglesia Cat\u00f3lica y el catolicismo en su variante ultramontana, la Masoner\u00eda y el liberalismo, en un \u00e1mbito de pa\u00eds convulso y entenebrecido por guerras fratricidas&#8230;<\/p>\n","protected":false},"excerpt":{"rendered":"<p>Esta investigaci\u00f3n que acota el lustro de poder del Gral. M\u00e1ximo Santos (1882-1886), se proyecto adem\u00e1s sobre ese medio siglo en que se plasman los caracteres m\u00e1s notorios del perfil uruguayo, proceso similar y coet\u00e1neo al de otros pa\u00edses europeos y ameri<\/p>\n","protected":false},"featured_media":1585,"template":"","meta":[],"product_brand":[450],"product_cat":[45],"product_tag":[],"class_list":["post-1584","product","type-product","status-publish","has-post-thumbnail","product_brand-mario-dotta-ostria","product_cat-uruguayo","first","instock","purchasable","product-type-simple"],"featured_image_urls_v2":{"full":["https:\/\/ajupe.com.uy\/web\/wp-content\/uploads\/2016\/04\/p-1584-6873.jpg",362,528,false],"thumbnail":["https:\/\/ajupe.com.uy\/web\/wp-content\/uploads\/2016\/04\/p-1584-6873.jpg",150,150,true],"medium":["https:\/\/ajupe.com.uy\/web\/wp-content\/uploads\/2016\/04\/p-1584-6873.jpg",300,214,true],"medium_large":["https:\/\/ajupe.com.uy\/web\/wp-content\/uploads\/2016\/04\/p-1584-6873.jpg",362,528,false],"large":["https:\/\/ajupe.com.uy\/web\/wp-content\/uploads\/2016\/04\/p-1584-6873.jpg",362,528,false],"1536x1536":["https:\/\/ajupe.com.uy\/web\/wp-content\/uploads\/2016\/04\/p-1584-6873.jpg",362,528,false],"2048x2048":["https:\/\/ajupe.com.uy\/web\/wp-content\/uploads\/2016\/04\/p-1584-6873.jpg",362,528,false],"woocommerce_archive_thumbnail":["https:\/\/ajupe.com.uy\/web\/wp-content\/uploads\/2016\/04\/p-1584-6873-300x450.jpg",300,450,true],"woocommerce_thumbnail":["https:\/\/ajupe.com.uy\/web\/wp-content\/uploads\/2016\/04\/p-1584-6873-300x300.jpg",300,300,true],"woocommerce_single":["https:\/\/ajupe.com.uy\/web\/wp-content\/uploads\/2016\/04\/p-1584-6873-300x438.jpg",300,438,true],"woocommerce_gallery_thumbnail":["https:\/\/ajupe.com.uy\/web\/wp-content\/uploads\/2016\/04\/p-1584-6873-100x100.jpg",100,100,true]},"post_excerpt_stackable_v2":"<p>Esta investigaci\u00f3n que acota el lustro de poder del Gral. M\u00e1ximo Santos (1882-1886), se proyecto adem\u00e1s sobre ese medio siglo en que se plasman los caracteres m\u00e1s notorios del perfil uruguayo, proceso similar y coet\u00e1neo al de otros pa\u00edses europeos y ameri<\/p>\n","category_list_v2":"","author_info_v2":{"name":"","url":""},"comments_num_v2":"0 comentarios","_links":{"self":[{"href":"https:\/\/ajupe.com.uy\/web\/wp-json\/wp\/v2\/product\/1584","targetHints":{"allow":["GET"]}}],"collection":[{"href":"https:\/\/ajupe.com.uy\/web\/wp-json\/wp\/v2\/product"}],"about":[{"href":"https:\/\/ajupe.com.uy\/web\/wp-json\/wp\/v2\/types\/product"}],"wp:featuredmedia":[{"embeddable":true,"href":"https:\/\/ajupe.com.uy\/web\/wp-json\/wp\/v2\/media\/1585"}],"wp:attachment":[{"href":"https:\/\/ajupe.com.uy\/web\/wp-json\/wp\/v2\/media?parent=1584"}],"wp:term":[{"taxonomy":"product_brand","embeddable":true,"href":"https:\/\/ajupe.com.uy\/web\/wp-json\/wp\/v2\/product_brand?post=1584"},{"taxonomy":"product_cat","embeddable":true,"href":"https:\/\/ajupe.com.uy\/web\/wp-json\/wp\/v2\/product_cat?post=1584"},{"taxonomy":"product_tag","embeddable":true,"href":"https:\/\/ajupe.com.uy\/web\/wp-json\/wp\/v2\/product_tag?post=1584"}],"curies":[{"name":"wp","href":"https:\/\/api.w.org\/{rel}","templated":true}]}}

<p>Esta investigación que acota el lustro de poder del Gral. Máximo Santos (1882-1886), se proyecto además sobre ese medio siglo en que se plasman los caracteres más notorios del perfil uruguayo, proceso similar y coetáneo al de otros países europeos y americanos en la conformación de su nacionalidad, abordando la historia del Uruguay ensamblada en la historia universal para evitar que la misma no terminara siendo una relación de sucesos de provincia. Es un intento de mostrar al Uruguay inserto en las coordenadas mundiales en que se enfrentaron fuerzas ecuménicas: la Iglesia Católica y el catolicismo en su variante ultramontana, la Masonería y el liberalismo, en un ámbito de país convulso y entenebrecido por guerras fratricidas&#8230;</p>

<p>Esta investigación que acota el lustro de poder del Gral. Máximo Santos (1882-1886), se proyecto además sobre ese medio siglo en que se plasman los caracteres más notorios del perfil uruguayo, proceso similar y coetáneo al de otros países europeos y ameri</p>
