{"id":1602,"date":"2010-07-14T00:00:00","date_gmt":"2010-07-14T03:00:00","guid":{"rendered":"http:\/\/ajupe.com.uy\/web\/?post_type=product&#038;p=1602"},"modified":"2010-07-14T00:00:00","modified_gmt":"2010-07-14T03:00:00","slug":"la-otra-bella-durmiente","status":"publish","type":"product","link":"https:\/\/ajupe.com.uy\/web\/biblioteca\/la-otra-bella-durmiente\/","title":{"rendered":"La otra bella durmiente"},"content":{"rendered":"<p>=  Miles Van Meter est\u00e1 en plena gira de promoci\u00f3n de La bella durmiente, un libro escrito por \u00e9l y basado en un hecho real, que narra la historia del asesino en serie acusado de dejar en coma a su hermana, y de matar a los padres de Ashley Spencer, una renombrada jugadora de f\u00fatbol en su instituto de secundaria, Ashley, que salv\u00f3 milagrosamente la vida, decide irse a Europa para recuperarse, pero a su vuelta a Estados Unidos, pasados ya varios a\u00f1os, se da cuenta de que va a ser muy dif\u00edcil librarse de su pasado. Debe prestar declaraci\u00f3n en el juicio contra el presunto asesino, pero todav\u00eda hay muchas cuestiones sin respuesta&#8230;<\/p>\n","protected":false},"excerpt":{"rendered":"<p>=  Miles Van Meter est\u00e1 en plena gira de promoci\u00f3n de La bella durmiente, un libro escrito por \u00e9l y basado en un hecho real, que narra la historia del asesino en serie acusado de dejar en coma a su hermana, y de matar a los padres de Ashley Spencer, una r<\/p>\n","protected":false},"featured_media":1603,"template":"","meta":[],"product_brand":[321],"product_cat":[30],"product_tag":[],"class_list":{"0":"post-1602","1":"product","2":"type-product","3":"status-publish","4":"has-post-thumbnail","6":"product_brand-phillip-margolin","7":"product_cat-suspenso","9":"first","10":"instock","11":"purchasable","12":"product-type-simple"},"featured_image_urls_v2":{"full":["https:\/\/ajupe.com.uy\/web\/wp-content\/uploads\/2016\/04\/p-1602-6883.jpg",360,542,false],"thumbnail":["https:\/\/ajupe.com.uy\/web\/wp-content\/uploads\/2016\/04\/p-1602-6883.jpg",150,150,true],"medium":["https:\/\/ajupe.com.uy\/web\/wp-content\/uploads\/2016\/04\/p-1602-6883.jpg",300,214,true],"medium_large":["https:\/\/ajupe.com.uy\/web\/wp-content\/uploads\/2016\/04\/p-1602-6883.jpg",360,542,false],"large":["https:\/\/ajupe.com.uy\/web\/wp-content\/uploads\/2016\/04\/p-1602-6883.jpg",360,542,false],"1536x1536":["https:\/\/ajupe.com.uy\/web\/wp-content\/uploads\/2016\/04\/p-1602-6883.jpg",360,542,false],"2048x2048":["https:\/\/ajupe.com.uy\/web\/wp-content\/uploads\/2016\/04\/p-1602-6883.jpg",360,542,false],"woocommerce_archive_thumbnail":["https:\/\/ajupe.com.uy\/web\/wp-content\/uploads\/2016\/04\/p-1602-6883-300x450.jpg",300,450,true],"woocommerce_thumbnail":["https:\/\/ajupe.com.uy\/web\/wp-content\/uploads\/2016\/04\/p-1602-6883-300x300.jpg",300,300,true],"woocommerce_single":["https:\/\/ajupe.com.uy\/web\/wp-content\/uploads\/2016\/04\/p-1602-6883-300x452.jpg",300,452,true],"woocommerce_gallery_thumbnail":["https:\/\/ajupe.com.uy\/web\/wp-content\/uploads\/2016\/04\/p-1602-6883-100x100.jpg",100,100,true]},"post_excerpt_stackable_v2":"<p>=  Miles Van Meter est\u00e1 en plena gira de promoci\u00f3n de La bella durmiente, un libro escrito por \u00e9l y basado en un hecho real, que narra la historia del asesino en serie acusado de dejar en coma a su hermana, y de matar a los padres de Ashley Spencer, una r<\/p>\n","category_list_v2":"","author_info_v2":{"name":"","url":""},"comments_num_v2":"0 comentarios","_links":{"self":[{"href":"https:\/\/ajupe.com.uy\/web\/wp-json\/wp\/v2\/product\/1602","targetHints":{"allow":["GET"]}}],"collection":[{"href":"https:\/\/ajupe.com.uy\/web\/wp-json\/wp\/v2\/product"}],"about":[{"href":"https:\/\/ajupe.com.uy\/web\/wp-json\/wp\/v2\/types\/product"}],"wp:featuredmedia":[{"embeddable":true,"href":"https:\/\/ajupe.com.uy\/web\/wp-json\/wp\/v2\/media\/1603"}],"wp:attachment":[{"href":"https:\/\/ajupe.com.uy\/web\/wp-json\/wp\/v2\/media?parent=1602"}],"wp:term":[{"taxonomy":"product_brand","embeddable":true,"href":"https:\/\/ajupe.com.uy\/web\/wp-json\/wp\/v2\/product_brand?post=1602"},{"taxonomy":"product_cat","embeddable":true,"href":"https:\/\/ajupe.com.uy\/web\/wp-json\/wp\/v2\/product_cat?post=1602"},{"taxonomy":"product_tag","embeddable":true,"href":"https:\/\/ajupe.com.uy\/web\/wp-json\/wp\/v2\/product_tag?post=1602"}],"curies":[{"name":"wp","href":"https:\/\/api.w.org\/{rel}","templated":true}]}}