{"id":1616,"date":"2010-07-14T00:00:00","date_gmt":"2010-07-14T03:00:00","guid":{"rendered":"http:\/\/ajupe.com.uy\/web\/?post_type=product&#038;p=1616"},"modified":"2010-07-14T00:00:00","modified_gmt":"2010-07-14T03:00:00","slug":"la-rubia-de-hormigon","status":"publish","type":"product","link":"https:\/\/ajupe.com.uy\/web\/biblioteca\/la-rubia-de-hormigon\/","title":{"rendered":"La rubia de hormig\u00f3n"},"content":{"rendered":"<p>=  Harry Bosch se enfrenta a un juicio interpuesto por la familia de Norman Church. A\u00f1os atr\u00e1s, estando de servicio, Bosch mat\u00f3 a Church, a quien cre\u00eda culpable de una serie de asesinatos. Todos los indicios indicaban que tras \u00e9ste se ocultaba el asesino en serie apodado el Fabricante de Mu\u00f1ecas, un hombre que maquillaba como mu\u00f1ecas a sus v\u00edctimas, la mayor\u00eda de ellas prostitutas. La viuda de Church sigue insistiendo en la inocencia del que fuera su marido y su abogada alega tener pruebas que ofrecen una coartada a Church para uno de los asesinatos que en su d\u00eda se le imputaron.<\/p>\n","protected":false},"excerpt":{"rendered":"<p>=  Harry Bosch se enfrenta a un juicio interpuesto por la familia de Norman Church. A\u00f1os atr\u00e1s, estando de servicio, Bosch mat\u00f3 a Church, a quien cre\u00eda culpable de una serie de asesinatos. Todos los indicios indicaban que tras \u00e9ste se ocultaba el asesino <\/p>\n","protected":false},"featured_media":1617,"template":"","meta":[],"product_brand":[384],"product_cat":[30],"product_tag":[],"class_list":{"0":"post-1616","1":"product","2":"type-product","3":"status-publish","4":"has-post-thumbnail","6":"product_brand-michael-connelly","7":"product_cat-suspenso","9":"first","10":"instock","11":"purchasable","12":"product-type-simple"},"featured_image_urls_v2":{"full":["https:\/\/ajupe.com.uy\/web\/wp-content\/uploads\/2016\/04\/p-1616-6892.jpg",359,546,false],"thumbnail":["https:\/\/ajupe.com.uy\/web\/wp-content\/uploads\/2016\/04\/p-1616-6892.jpg",150,150,true],"medium":["https:\/\/ajupe.com.uy\/web\/wp-content\/uploads\/2016\/04\/p-1616-6892.jpg",300,214,true],"medium_large":["https:\/\/ajupe.com.uy\/web\/wp-content\/uploads\/2016\/04\/p-1616-6892.jpg",359,546,false],"large":["https:\/\/ajupe.com.uy\/web\/wp-content\/uploads\/2016\/04\/p-1616-6892.jpg",359,546,false],"1536x1536":["https:\/\/ajupe.com.uy\/web\/wp-content\/uploads\/2016\/04\/p-1616-6892.jpg",359,546,false],"2048x2048":["https:\/\/ajupe.com.uy\/web\/wp-content\/uploads\/2016\/04\/p-1616-6892.jpg",359,546,false],"woocommerce_archive_thumbnail":["https:\/\/ajupe.com.uy\/web\/wp-content\/uploads\/2016\/04\/p-1616-6892-300x450.jpg",300,450,true],"woocommerce_thumbnail":["https:\/\/ajupe.com.uy\/web\/wp-content\/uploads\/2016\/04\/p-1616-6892-300x300.jpg",300,300,true],"woocommerce_single":["https:\/\/ajupe.com.uy\/web\/wp-content\/uploads\/2016\/04\/p-1616-6892-300x456.jpg",300,456,true],"woocommerce_gallery_thumbnail":["https:\/\/ajupe.com.uy\/web\/wp-content\/uploads\/2016\/04\/p-1616-6892-100x100.jpg",100,100,true]},"post_excerpt_stackable_v2":"<p>=  Harry Bosch se enfrenta a un juicio interpuesto por la familia de Norman Church. A\u00f1os atr\u00e1s, estando de servicio, Bosch mat\u00f3 a Church, a quien cre\u00eda culpable de una serie de asesinatos. Todos los indicios indicaban que tras \u00e9ste se ocultaba el asesino <\/p>\n","category_list_v2":"","author_info_v2":{"name":"","url":""},"comments_num_v2":"0 comentarios","_links":{"self":[{"href":"https:\/\/ajupe.com.uy\/web\/wp-json\/wp\/v2\/product\/1616","targetHints":{"allow":["GET"]}}],"collection":[{"href":"https:\/\/ajupe.com.uy\/web\/wp-json\/wp\/v2\/product"}],"about":[{"href":"https:\/\/ajupe.com.uy\/web\/wp-json\/wp\/v2\/types\/product"}],"wp:featuredmedia":[{"embeddable":true,"href":"https:\/\/ajupe.com.uy\/web\/wp-json\/wp\/v2\/media\/1617"}],"wp:attachment":[{"href":"https:\/\/ajupe.com.uy\/web\/wp-json\/wp\/v2\/media?parent=1616"}],"wp:term":[{"taxonomy":"product_brand","embeddable":true,"href":"https:\/\/ajupe.com.uy\/web\/wp-json\/wp\/v2\/product_brand?post=1616"},{"taxonomy":"product_cat","embeddable":true,"href":"https:\/\/ajupe.com.uy\/web\/wp-json\/wp\/v2\/product_cat?post=1616"},{"taxonomy":"product_tag","embeddable":true,"href":"https:\/\/ajupe.com.uy\/web\/wp-json\/wp\/v2\/product_tag?post=1616"}],"curies":[{"name":"wp","href":"https:\/\/api.w.org\/{rel}","templated":true}]}}