{"id":1666,"date":"2010-07-14T00:00:00","date_gmt":"2010-07-14T03:00:00","guid":{"rendered":"http:\/\/ajupe.com.uy\/web\/?post_type=product&#038;p=1666"},"modified":"2010-07-14T00:00:00","modified_gmt":"2010-07-14T03:00:00","slug":"el-poder-de-la-intencion","status":"publish","type":"product","link":"https:\/\/ajupe.com.uy\/web\/biblioteca\/el-poder-de-la-intencion\/","title":{"rendered":"El poder de la intenci\u00f3n"},"content":{"rendered":"<p>El doctor Dyer durante a\u00f1os ha investigado la intensi\u00f3n como una fuerza en el universo que nos permite llevar a cabo el acto de crear; por eso a trav\u00e9s de ella, podemos lograr que nuestra existencia llegue a ser todo lo plena y feliz que deseamos. Por lo tanto este libro aborda la intensi\u00f3n no como algo que est\u00e1 dentro de nosotros y nos impulsa a actuar, sino como una energ\u00eda de la que, sin saberlo participamos. Claro, estimulante, optimista, El poder de la Intenci\u00f3n invita a un mejor conocimiento de nosotros, para llegar a descubrir los resortes m\u00e1s ocultos &#8211; y m\u00e1s eficaces- que nos llevar\u00e1n a convertirnos en protagonistas del libro de nuestro destino.<\/p>\n","protected":false},"excerpt":{"rendered":"<p>El doctor Dyer durante a\u00f1os ha investigado la intensi\u00f3n como una fuerza en el universo que nos permite llevar a cabo el acto de crear; por eso a trav\u00e9s de ella, podemos lograr que nuestra existencia llegue a ser todo lo plena y feliz que deseamos. Por lo <\/p>\n","protected":false},"featured_media":1667,"template":"","meta":[],"product_brand":[471],"product_cat":[32],"product_tag":[],"class_list":{"0":"post-1666","1":"product","2":"type-product","3":"status-publish","4":"has-post-thumbnail","6":"product_brand-wayner-dyer","7":"product_cat-autoayuda","9":"first","10":"instock","11":"purchasable","12":"product-type-simple"},"featured_image_urls_v2":{"full":["https:\/\/ajupe.com.uy\/web\/wp-content\/uploads\/2016\/04\/p-1666-6932.jpg",362,519,false],"thumbnail":["https:\/\/ajupe.com.uy\/web\/wp-content\/uploads\/2016\/04\/p-1666-6932.jpg",150,150,true],"medium":["https:\/\/ajupe.com.uy\/web\/wp-content\/uploads\/2016\/04\/p-1666-6932.jpg",300,214,true],"medium_large":["https:\/\/ajupe.com.uy\/web\/wp-content\/uploads\/2016\/04\/p-1666-6932.jpg",362,519,false],"large":["https:\/\/ajupe.com.uy\/web\/wp-content\/uploads\/2016\/04\/p-1666-6932.jpg",362,519,false],"1536x1536":["https:\/\/ajupe.com.uy\/web\/wp-content\/uploads\/2016\/04\/p-1666-6932.jpg",362,519,false],"2048x2048":["https:\/\/ajupe.com.uy\/web\/wp-content\/uploads\/2016\/04\/p-1666-6932.jpg",362,519,false],"woocommerce_archive_thumbnail":["https:\/\/ajupe.com.uy\/web\/wp-content\/uploads\/2016\/04\/p-1666-6932-300x450.jpg",300,450,true],"woocommerce_thumbnail":["https:\/\/ajupe.com.uy\/web\/wp-content\/uploads\/2016\/04\/p-1666-6932-300x300.jpg",300,300,true],"woocommerce_single":["https:\/\/ajupe.com.uy\/web\/wp-content\/uploads\/2016\/04\/p-1666-6932-300x430.jpg",300,430,true],"woocommerce_gallery_thumbnail":["https:\/\/ajupe.com.uy\/web\/wp-content\/uploads\/2016\/04\/p-1666-6932-100x100.jpg",100,100,true]},"post_excerpt_stackable_v2":"<p>El doctor Dyer durante a\u00f1os ha investigado la intensi\u00f3n como una fuerza en el universo que nos permite llevar a cabo el acto de crear; por eso a trav\u00e9s de ella, podemos lograr que nuestra existencia llegue a ser todo lo plena y feliz que deseamos. Por lo <\/p>\n","category_list_v2":"","author_info_v2":{"name":"","url":""},"comments_num_v2":"0 comentarios","_links":{"self":[{"href":"https:\/\/ajupe.com.uy\/web\/wp-json\/wp\/v2\/product\/1666","targetHints":{"allow":["GET"]}}],"collection":[{"href":"https:\/\/ajupe.com.uy\/web\/wp-json\/wp\/v2\/product"}],"about":[{"href":"https:\/\/ajupe.com.uy\/web\/wp-json\/wp\/v2\/types\/product"}],"wp:featuredmedia":[{"embeddable":true,"href":"https:\/\/ajupe.com.uy\/web\/wp-json\/wp\/v2\/media\/1667"}],"wp:attachment":[{"href":"https:\/\/ajupe.com.uy\/web\/wp-json\/wp\/v2\/media?parent=1666"}],"wp:term":[{"taxonomy":"product_brand","embeddable":true,"href":"https:\/\/ajupe.com.uy\/web\/wp-json\/wp\/v2\/product_brand?post=1666"},{"taxonomy":"product_cat","embeddable":true,"href":"https:\/\/ajupe.com.uy\/web\/wp-json\/wp\/v2\/product_cat?post=1666"},{"taxonomy":"product_tag","embeddable":true,"href":"https:\/\/ajupe.com.uy\/web\/wp-json\/wp\/v2\/product_tag?post=1666"}],"curies":[{"name":"wp","href":"https:\/\/api.w.org\/{rel}","templated":true}]}}