{"id":1674,"date":"2010-07-14T00:00:00","date_gmt":"2010-07-14T03:00:00","guid":{"rendered":"http:\/\/ajupe.com.uy\/web\/?post_type=product&#038;p=1674"},"modified":"2010-07-14T00:00:00","modified_gmt":"2010-07-14T03:00:00","slug":"mi-adorable-bribona","status":"publish","type":"product","link":"https:\/\/ajupe.com.uy\/web\/biblioteca\/mi-adorable-bribona\/","title":{"rendered":"Mi adorable bribona"},"content":{"rendered":"<p>Novela repleta de pasi\u00f3n, intriga y romance protagonizada por los incomparables Maloy, una familia de granujas apuestos, aventureros libertinos y damas con car\u00e1cter. Ahora le toca el turno a Jeremy, hijo del caballero y pirata James Malory&#8230;.. Cuando Danny, una joven que creci\u00f3 en las calles de Londres sin ning\u00fan recuerdo de su familia, es expulsada de su banda por ayudar a Jeremy Maloy a recuperar las joyas de su amigo Percy hab\u00eda perdido en una partida de cartas, exige a Jeremy que le d\u00e9 un trabajo. Est\u00e1 decidida a convertirse en una mujer respetable para poder cumplir su sue\u00f1o de casarse y fundar una familia. Cautivado por su belleza y su valor, Jeremy contrata a Danny como criada, aunque quiere hacer de ella su amante.<\/p>\n","protected":false},"excerpt":{"rendered":"<p>Novela repleta de pasi\u00f3n, intriga y romance protagonizada por los incomparables Maloy, una familia de granujas apuestos, aventureros libertinos y damas con car\u00e1cter. Ahora le toca el turno a Jeremy, hijo del caballero y pirata James Malory&#8230;.. Cuando Dan<\/p>\n","protected":false},"featured_media":1675,"template":"","meta":[],"product_brand":[442],"product_cat":[29],"product_tag":[],"class_list":{"0":"post-1674","1":"product","2":"type-product","3":"status-publish","4":"has-post-thumbnail","6":"product_brand-johanna-lindsey","7":"product_cat-novela","9":"first","10":"instock","11":"purchasable","12":"product-type-simple"},"featured_image_urls_v2":{"full":["https:\/\/ajupe.com.uy\/web\/wp-content\/uploads\/2016\/04\/p-1674-6936.jpg",359,543,false],"thumbnail":["https:\/\/ajupe.com.uy\/web\/wp-content\/uploads\/2016\/04\/p-1674-6936.jpg",150,150,true],"medium":["https:\/\/ajupe.com.uy\/web\/wp-content\/uploads\/2016\/04\/p-1674-6936.jpg",300,214,true],"medium_large":["https:\/\/ajupe.com.uy\/web\/wp-content\/uploads\/2016\/04\/p-1674-6936.jpg",359,543,false],"large":["https:\/\/ajupe.com.uy\/web\/wp-content\/uploads\/2016\/04\/p-1674-6936.jpg",359,543,false],"1536x1536":["https:\/\/ajupe.com.uy\/web\/wp-content\/uploads\/2016\/04\/p-1674-6936.jpg",359,543,false],"2048x2048":["https:\/\/ajupe.com.uy\/web\/wp-content\/uploads\/2016\/04\/p-1674-6936.jpg",359,543,false],"woocommerce_archive_thumbnail":["https:\/\/ajupe.com.uy\/web\/wp-content\/uploads\/2016\/04\/p-1674-6936-300x450.jpg",300,450,true],"woocommerce_thumbnail":["https:\/\/ajupe.com.uy\/web\/wp-content\/uploads\/2016\/04\/p-1674-6936-300x300.jpg",300,300,true],"woocommerce_single":["https:\/\/ajupe.com.uy\/web\/wp-content\/uploads\/2016\/04\/p-1674-6936-300x454.jpg",300,454,true],"woocommerce_gallery_thumbnail":["https:\/\/ajupe.com.uy\/web\/wp-content\/uploads\/2016\/04\/p-1674-6936-100x100.jpg",100,100,true]},"post_excerpt_stackable_v2":"<p>Novela repleta de pasi\u00f3n, intriga y romance protagonizada por los incomparables Maloy, una familia de granujas apuestos, aventureros libertinos y damas con car\u00e1cter. Ahora le toca el turno a Jeremy, hijo del caballero y pirata James Malory&#8230;.. Cuando Dan<\/p>\n","category_list_v2":"","author_info_v2":{"name":"","url":""},"comments_num_v2":"0 comentarios","_links":{"self":[{"href":"https:\/\/ajupe.com.uy\/web\/wp-json\/wp\/v2\/product\/1674","targetHints":{"allow":["GET"]}}],"collection":[{"href":"https:\/\/ajupe.com.uy\/web\/wp-json\/wp\/v2\/product"}],"about":[{"href":"https:\/\/ajupe.com.uy\/web\/wp-json\/wp\/v2\/types\/product"}],"wp:featuredmedia":[{"embeddable":true,"href":"https:\/\/ajupe.com.uy\/web\/wp-json\/wp\/v2\/media\/1675"}],"wp:attachment":[{"href":"https:\/\/ajupe.com.uy\/web\/wp-json\/wp\/v2\/media?parent=1674"}],"wp:term":[{"taxonomy":"product_brand","embeddable":true,"href":"https:\/\/ajupe.com.uy\/web\/wp-json\/wp\/v2\/product_brand?post=1674"},{"taxonomy":"product_cat","embeddable":true,"href":"https:\/\/ajupe.com.uy\/web\/wp-json\/wp\/v2\/product_cat?post=1674"},{"taxonomy":"product_tag","embeddable":true,"href":"https:\/\/ajupe.com.uy\/web\/wp-json\/wp\/v2\/product_tag?post=1674"}],"curies":[{"name":"wp","href":"https:\/\/api.w.org\/{rel}","templated":true}]}}