{"id":1686,"date":"2010-07-14T00:00:00","date_gmt":"2010-07-14T03:00:00","guid":{"rendered":"http:\/\/ajupe.com.uy\/web\/?post_type=product&#038;p=1686"},"modified":"2010-07-14T00:00:00","modified_gmt":"2010-07-14T03:00:00","slug":"musica-para-camaleones","status":"publish","type":"product","link":"https:\/\/ajupe.com.uy\/web\/biblioteca\/musica-para-camaleones\/","title":{"rendered":"M\u00fasica para camaleones"},"content":{"rendered":"<p>\u00daltimo de los grandes libros de Truman Capote, podr\u00eda ser un s\u00edmbolo que alude a una de las cualidades m\u00e1s distintivas del autor: ser el m\u00e1s camale\u00f3nico o proteico de entre todos los mayores novelistas norteamericanos. En los incomparables relatos incluidos en \u00e9l, Capote recorre todos los registros musicales del arte de narrar, que en \u00e9l parece un arte de la fuga, sin cambiar nunca, eso s\u00ed, la suprema perfecci\u00f3n de su estilo, que se adapta a todo sin dejar de ser \u00e9l mismo. Es imposible decir cu\u00e1les son las mejores de estas narraciones, pero se han hecho muy famosas &quot;Ata\u00fades tallados a mano&quot; y &quot; Una bella criatura&quot; dedicado a la sin par Marilyn Monroe.<\/p>\n","protected":false},"excerpt":{"rendered":"<p>\u00daltimo de los grandes libros de Truman Capote, podr\u00eda ser un s\u00edmbolo que alude a una de las cualidades m\u00e1s distintivas del autor: ser el m\u00e1s camale\u00f3nico o proteico de entre todos los mayores novelistas norteamericanos. En los incomparables relatos incluid<\/p>\n","protected":false},"featured_media":1687,"template":"","meta":[],"product_brand":[475],"product_cat":[29],"product_tag":[],"class_list":{"0":"post-1686","1":"product","2":"type-product","3":"status-publish","4":"has-post-thumbnail","6":"product_brand-truman-capote","7":"product_cat-novela","9":"first","10":"instock","11":"purchasable","12":"product-type-simple"},"featured_image_urls_v2":{"full":["https:\/\/ajupe.com.uy\/web\/wp-content\/uploads\/2016\/04\/p-1686-6943.jpg",361,605,false],"thumbnail":["https:\/\/ajupe.com.uy\/web\/wp-content\/uploads\/2016\/04\/p-1686-6943.jpg",150,150,true],"medium":["https:\/\/ajupe.com.uy\/web\/wp-content\/uploads\/2016\/04\/p-1686-6943.jpg",300,214,true],"medium_large":["https:\/\/ajupe.com.uy\/web\/wp-content\/uploads\/2016\/04\/p-1686-6943.jpg",361,605,false],"large":["https:\/\/ajupe.com.uy\/web\/wp-content\/uploads\/2016\/04\/p-1686-6943.jpg",361,605,false],"1536x1536":["https:\/\/ajupe.com.uy\/web\/wp-content\/uploads\/2016\/04\/p-1686-6943.jpg",361,605,false],"2048x2048":["https:\/\/ajupe.com.uy\/web\/wp-content\/uploads\/2016\/04\/p-1686-6943.jpg",361,605,false],"woocommerce_archive_thumbnail":["https:\/\/ajupe.com.uy\/web\/wp-content\/uploads\/2016\/04\/p-1686-6943-300x450.jpg",300,450,true],"woocommerce_thumbnail":["https:\/\/ajupe.com.uy\/web\/wp-content\/uploads\/2016\/04\/p-1686-6943-300x300.jpg",300,300,true],"woocommerce_single":["https:\/\/ajupe.com.uy\/web\/wp-content\/uploads\/2016\/04\/p-1686-6943-300x503.jpg",300,503,true],"woocommerce_gallery_thumbnail":["https:\/\/ajupe.com.uy\/web\/wp-content\/uploads\/2016\/04\/p-1686-6943-100x100.jpg",100,100,true]},"post_excerpt_stackable_v2":"<p>\u00daltimo de los grandes libros de Truman Capote, podr\u00eda ser un s\u00edmbolo que alude a una de las cualidades m\u00e1s distintivas del autor: ser el m\u00e1s camale\u00f3nico o proteico de entre todos los mayores novelistas norteamericanos. En los incomparables relatos incluid<\/p>\n","category_list_v2":"","author_info_v2":{"name":"","url":""},"comments_num_v2":"0 comentarios","_links":{"self":[{"href":"https:\/\/ajupe.com.uy\/web\/wp-json\/wp\/v2\/product\/1686","targetHints":{"allow":["GET"]}}],"collection":[{"href":"https:\/\/ajupe.com.uy\/web\/wp-json\/wp\/v2\/product"}],"about":[{"href":"https:\/\/ajupe.com.uy\/web\/wp-json\/wp\/v2\/types\/product"}],"wp:featuredmedia":[{"embeddable":true,"href":"https:\/\/ajupe.com.uy\/web\/wp-json\/wp\/v2\/media\/1687"}],"wp:attachment":[{"href":"https:\/\/ajupe.com.uy\/web\/wp-json\/wp\/v2\/media?parent=1686"}],"wp:term":[{"taxonomy":"product_brand","embeddable":true,"href":"https:\/\/ajupe.com.uy\/web\/wp-json\/wp\/v2\/product_brand?post=1686"},{"taxonomy":"product_cat","embeddable":true,"href":"https:\/\/ajupe.com.uy\/web\/wp-json\/wp\/v2\/product_cat?post=1686"},{"taxonomy":"product_tag","embeddable":true,"href":"https:\/\/ajupe.com.uy\/web\/wp-json\/wp\/v2\/product_tag?post=1686"}],"curies":[{"name":"wp","href":"https:\/\/api.w.org\/{rel}","templated":true}]}}