{"id":1760,"date":"2010-07-14T00:00:00","date_gmt":"2010-07-14T03:00:00","guid":{"rendered":"http:\/\/ajupe.com.uy\/web\/?post_type=product&#038;p=1760"},"modified":"2010-07-14T00:00:00","modified_gmt":"2010-07-14T03:00:00","slug":"al-sur-del-brasil-al-norte-del-rio-de-la-plata","status":"publish","type":"product","link":"https:\/\/ajupe.com.uy\/web\/biblioteca\/al-sur-del-brasil-al-norte-del-rio-de-la-plata\/","title":{"rendered":"Al Sur del Brasil, al Norte del R\u00edo de la Plata."},"content":{"rendered":"<p>Este volumen forma parte del ciclo de actos conmemorativos del 150\u00b0 aniversario de la instalaci\u00f3n de la Universidad del la Rep\u00fablica , celebrado en 1999. Se trata de un texto de sumo inter\u00e9s, muy frecuentado por quienes se han dedicado a estudiar nuestro pasado, pero que por primera vez se da a conocer en el idioma oficial del pa\u00eds. Para todos, me atrevo a anticipar, este diario de viaje de Auguste Saint &#8211; Hilaire que recorri\u00f3 nuestro territorio entre fines de 1821 y principios de 1822 constituir\u00e1 una bienvenida revelaci\u00f3n y una lectura disfrutable y aleccionadora.<\/p>\n","protected":false},"excerpt":{"rendered":"<p>Este volumen forma parte del ciclo de actos conmemorativos del 150\u00b0 aniversario de la instalaci\u00f3n de la Universidad del la Rep\u00fablica , celebrado en 1999. Se trata de un texto de sumo inter\u00e9s, muy frecuentado por quienes se han dedicado a estudiar nuestro <\/p>\n","protected":false},"featured_media":1761,"template":"","meta":[],"product_brand":[498],"product_cat":[31],"product_tag":[],"class_list":{"0":"post-1760","1":"product","2":"type-product","3":"status-publish","4":"has-post-thumbnail","6":"product_brand-auguste-de-saint-hilaire","7":"product_cat-historico","9":"first","10":"instock","11":"purchasable","12":"product-type-simple"},"featured_image_urls_v2":{"full":["https:\/\/ajupe.com.uy\/web\/wp-content\/uploads\/2016\/04\/p-1760-6990.jpg",359,405,false],"thumbnail":["https:\/\/ajupe.com.uy\/web\/wp-content\/uploads\/2016\/04\/p-1760-6990.jpg",150,150,true],"medium":["https:\/\/ajupe.com.uy\/web\/wp-content\/uploads\/2016\/04\/p-1760-6990.jpg",300,214,true],"medium_large":["https:\/\/ajupe.com.uy\/web\/wp-content\/uploads\/2016\/04\/p-1760-6990.jpg",359,405,false],"large":["https:\/\/ajupe.com.uy\/web\/wp-content\/uploads\/2016\/04\/p-1760-6990.jpg",359,405,false],"1536x1536":["https:\/\/ajupe.com.uy\/web\/wp-content\/uploads\/2016\/04\/p-1760-6990.jpg",359,405,false],"2048x2048":["https:\/\/ajupe.com.uy\/web\/wp-content\/uploads\/2016\/04\/p-1760-6990.jpg",359,405,false],"woocommerce_archive_thumbnail":["https:\/\/ajupe.com.uy\/web\/wp-content\/uploads\/2016\/04\/p-1760-6990-300x405.jpg",300,405,true],"woocommerce_thumbnail":["https:\/\/ajupe.com.uy\/web\/wp-content\/uploads\/2016\/04\/p-1760-6990-300x300.jpg",300,300,true],"woocommerce_single":["https:\/\/ajupe.com.uy\/web\/wp-content\/uploads\/2016\/04\/p-1760-6990-300x338.jpg",300,338,true],"woocommerce_gallery_thumbnail":["https:\/\/ajupe.com.uy\/web\/wp-content\/uploads\/2016\/04\/p-1760-6990-100x100.jpg",100,100,true]},"post_excerpt_stackable_v2":"<p>Este volumen forma parte del ciclo de actos conmemorativos del 150\u00b0 aniversario de la instalaci\u00f3n de la Universidad del la Rep\u00fablica , celebrado en 1999. Se trata de un texto de sumo inter\u00e9s, muy frecuentado por quienes se han dedicado a estudiar nuestro <\/p>\n","category_list_v2":"","author_info_v2":{"name":"","url":""},"comments_num_v2":"0 comentarios","_links":{"self":[{"href":"https:\/\/ajupe.com.uy\/web\/wp-json\/wp\/v2\/product\/1760","targetHints":{"allow":["GET"]}}],"collection":[{"href":"https:\/\/ajupe.com.uy\/web\/wp-json\/wp\/v2\/product"}],"about":[{"href":"https:\/\/ajupe.com.uy\/web\/wp-json\/wp\/v2\/types\/product"}],"wp:featuredmedia":[{"embeddable":true,"href":"https:\/\/ajupe.com.uy\/web\/wp-json\/wp\/v2\/media\/1761"}],"wp:attachment":[{"href":"https:\/\/ajupe.com.uy\/web\/wp-json\/wp\/v2\/media?parent=1760"}],"wp:term":[{"taxonomy":"product_brand","embeddable":true,"href":"https:\/\/ajupe.com.uy\/web\/wp-json\/wp\/v2\/product_brand?post=1760"},{"taxonomy":"product_cat","embeddable":true,"href":"https:\/\/ajupe.com.uy\/web\/wp-json\/wp\/v2\/product_cat?post=1760"},{"taxonomy":"product_tag","embeddable":true,"href":"https:\/\/ajupe.com.uy\/web\/wp-json\/wp\/v2\/product_tag?post=1760"}],"curies":[{"name":"wp","href":"https:\/\/api.w.org\/{rel}","templated":true}]}}

Al Sur del Brasil, al Norte del Río de la Plata.

<p>Este volumen forma parte del ciclo de actos conmemorativos del 150° aniversario de la instalación de la Universidad del la República , celebrado en 1999. Se trata de un texto de sumo interés, muy frecuentado por quienes se han dedicado a estudiar nuestro pasado, pero que por primera vez se da a conocer en el idioma oficial del país. Para todos, me atrevo a anticipar, este diario de viaje de Auguste Saint &#8211; Hilaire que recorrió nuestro territorio entre fines de 1821 y principios de 1822 constituirá una bienvenida revelación y una lectura disfrutable y aleccionadora.</p>

<p>Este volumen forma parte del ciclo de actos conmemorativos del 150° aniversario de la instalación de la Universidad del la República , celebrado en 1999. Se trata de un texto de sumo interés, muy frecuentado por quienes se han dedicado a estudiar nuestro </p>
