{"id":1770,"date":"2010-07-14T00:00:00","date_gmt":"2010-07-14T03:00:00","guid":{"rendered":"http:\/\/ajupe.com.uy\/web\/?post_type=product&#038;p=1770"},"modified":"2011-10-27T16:45:10","modified_gmt":"2011-10-27T19:45:10","slug":"carta-abierta-a-los-hijos","status":"publish","type":"product","link":"https:\/\/ajupe.com.uy\/web\/biblioteca\/carta-abierta-a-los-hijos\/","title":{"rendered":"Carta abierta a los hijos"},"content":{"rendered":"<p>\u00abCuando Emec\u00e9 Editores me propuo una carta abierta, eleg\u00ed un poco temerariamente dirigirme a los hijos. Es el tema actual pese a ser un tema eterno. Lo indiscutible es que todos hemos sido hijos antes que padres, por lo tanto a lo largo de las p\u00e1ginas que forman este libro he tenido que plegarme al dif\u00edcil sistema de desdoblamiento. Tan pronto surg\u00edan mis reivindicaciones como hija, tan pronto me alista del lado de lo padres\u00bb. \u00abHe navegado en las aguas turbulentas del encuentro generacional m\u00e1s escarpado: el de la familia. He tratado de hacerlo imparcialidad y haciendo girar mi catalejo alrededor del globo terr\u00e1queo. \u00ab<\/p>\n","protected":false},"excerpt":{"rendered":"<p>\u00abCuando Emec\u00e9 Editores me propuo una carta abierta, eleg\u00ed un poco temerariamente dirigirme a los hijos. Es el tema actual pese a ser un tema eterno. Lo indiscutible es que todos hemos sido hijos antes que padres, por lo tanto a lo largo de las p\u00e1gina<\/p>\n","protected":false},"featured_media":1771,"template":"","meta":[],"product_brand":[501],"product_cat":[32,46],"product_tag":[],"class_list":{"0":"post-1770","1":"product","2":"type-product","3":"status-publish","4":"has-post-thumbnail","6":"product_brand-silvina-bullrich","7":"product_cat-autoayuda","8":"product_cat-poesia","10":"first","11":"instock","12":"purchasable","13":"product-type-simple"},"featured_image_urls_v2":{"full":["https:\/\/ajupe.com.uy\/web\/wp-content\/uploads\/2016\/04\/p-1770-6995.jpg",358,514,false],"thumbnail":["https:\/\/ajupe.com.uy\/web\/wp-content\/uploads\/2016\/04\/p-1770-6995.jpg",150,150,true],"medium":["https:\/\/ajupe.com.uy\/web\/wp-content\/uploads\/2016\/04\/p-1770-6995.jpg",300,214,true],"medium_large":["https:\/\/ajupe.com.uy\/web\/wp-content\/uploads\/2016\/04\/p-1770-6995.jpg",358,514,false],"large":["https:\/\/ajupe.com.uy\/web\/wp-content\/uploads\/2016\/04\/p-1770-6995.jpg",358,514,false],"1536x1536":["https:\/\/ajupe.com.uy\/web\/wp-content\/uploads\/2016\/04\/p-1770-6995.jpg",358,514,false],"2048x2048":["https:\/\/ajupe.com.uy\/web\/wp-content\/uploads\/2016\/04\/p-1770-6995.jpg",358,514,false],"woocommerce_archive_thumbnail":["https:\/\/ajupe.com.uy\/web\/wp-content\/uploads\/2016\/04\/p-1770-6995-300x450.jpg",300,450,true],"woocommerce_thumbnail":["https:\/\/ajupe.com.uy\/web\/wp-content\/uploads\/2016\/04\/p-1770-6995-300x300.jpg",300,300,true],"woocommerce_single":["https:\/\/ajupe.com.uy\/web\/wp-content\/uploads\/2016\/04\/p-1770-6995-300x431.jpg",300,431,true],"woocommerce_gallery_thumbnail":["https:\/\/ajupe.com.uy\/web\/wp-content\/uploads\/2016\/04\/p-1770-6995-100x100.jpg",100,100,true]},"post_excerpt_stackable_v2":"<p>\u00abCuando Emec\u00e9 Editores me propuo una carta abierta, eleg\u00ed un poco temerariamente dirigirme a los hijos. Es el tema actual pese a ser un tema eterno. Lo indiscutible es que todos hemos sido hijos antes que padres, por lo tanto a lo largo de las p\u00e1gina<\/p>\n","category_list_v2":"","author_info_v2":{"name":"","url":""},"comments_num_v2":"0 comentarios","_links":{"self":[{"href":"https:\/\/ajupe.com.uy\/web\/wp-json\/wp\/v2\/product\/1770","targetHints":{"allow":["GET"]}}],"collection":[{"href":"https:\/\/ajupe.com.uy\/web\/wp-json\/wp\/v2\/product"}],"about":[{"href":"https:\/\/ajupe.com.uy\/web\/wp-json\/wp\/v2\/types\/product"}],"wp:featuredmedia":[{"embeddable":true,"href":"https:\/\/ajupe.com.uy\/web\/wp-json\/wp\/v2\/media\/1771"}],"wp:attachment":[{"href":"https:\/\/ajupe.com.uy\/web\/wp-json\/wp\/v2\/media?parent=1770"}],"wp:term":[{"taxonomy":"product_brand","embeddable":true,"href":"https:\/\/ajupe.com.uy\/web\/wp-json\/wp\/v2\/product_brand?post=1770"},{"taxonomy":"product_cat","embeddable":true,"href":"https:\/\/ajupe.com.uy\/web\/wp-json\/wp\/v2\/product_cat?post=1770"},{"taxonomy":"product_tag","embeddable":true,"href":"https:\/\/ajupe.com.uy\/web\/wp-json\/wp\/v2\/product_tag?post=1770"}],"curies":[{"name":"wp","href":"https:\/\/api.w.org\/{rel}","templated":true}]}}