{"id":1778,"date":"2010-07-14T00:00:00","date_gmt":"2010-07-14T03:00:00","guid":{"rendered":"http:\/\/ajupe.com.uy\/web\/?post_type=product&#038;p=1778"},"modified":"2010-07-14T00:00:00","modified_gmt":"2010-07-14T03:00:00","slug":"el-imperio-de-los-dragones","status":"publish","type":"product","link":"https:\/\/ajupe.com.uy\/web\/biblioteca\/el-imperio-de-los-dragones\/","title":{"rendered":"El Imperio de los Dragones"},"content":{"rendered":"<p>Anatolia, a\u00f1o 269 d. C: el emperador Valeriano se encuentra cercado por los persas en la ciudad de Edesa. Decidido a lograr un acuerdo con sus enemigos, sale de las murallas acompa\u00f1ado de su guardia, al mando de Metelo; pero los persas apresan a los romanos y los obligan a hacer trabajos forzados en una mina Metelo y sus hombres logran escapar gracias a un extra\u00f1o personaje, que procede de un remoto pa\u00eds del que Metelo apenas hab\u00eda o\u00eddo hablar antes: China, el Imperio del Centro. \u00c9sta fascina a Metelo, as\u00ed como Yun Shan, su gu\u00eda en el misterioso y m\u00e1gico pa\u00eds; gu\u00eda de la cual luego se enamora.<\/p>\n","protected":false},"excerpt":{"rendered":"<p>Anatolia, a\u00f1o 269 d. C: el emperador Valeriano se encuentra cercado por los persas en la ciudad de Edesa. Decidido a lograr un acuerdo con sus enemigos, sale de las murallas acompa\u00f1ado de su guardia, al mando de Metelo; pero los persas apresan a los roman<\/p>\n","protected":false},"featured_media":1779,"template":"","meta":[],"product_brand":[335],"product_cat":[29],"product_tag":[],"class_list":{"0":"post-1778","1":"product","2":"type-product","3":"status-publish","4":"has-post-thumbnail","6":"product_brand-valerio-massimo-manfredi","7":"product_cat-novela","9":"first","10":"instock","11":"purchasable","12":"product-type-simple"},"featured_image_urls_v2":{"full":["https:\/\/ajupe.com.uy\/web\/wp-content\/uploads\/2016\/04\/p-1778-7030.jpg",358,542,false],"thumbnail":["https:\/\/ajupe.com.uy\/web\/wp-content\/uploads\/2016\/04\/p-1778-7030.jpg",150,150,true],"medium":["https:\/\/ajupe.com.uy\/web\/wp-content\/uploads\/2016\/04\/p-1778-7030.jpg",300,214,true],"medium_large":["https:\/\/ajupe.com.uy\/web\/wp-content\/uploads\/2016\/04\/p-1778-7030.jpg",358,542,false],"large":["https:\/\/ajupe.com.uy\/web\/wp-content\/uploads\/2016\/04\/p-1778-7030.jpg",358,542,false],"1536x1536":["https:\/\/ajupe.com.uy\/web\/wp-content\/uploads\/2016\/04\/p-1778-7030.jpg",358,542,false],"2048x2048":["https:\/\/ajupe.com.uy\/web\/wp-content\/uploads\/2016\/04\/p-1778-7030.jpg",358,542,false],"woocommerce_archive_thumbnail":["https:\/\/ajupe.com.uy\/web\/wp-content\/uploads\/2016\/04\/p-1778-7030-300x450.jpg",300,450,true],"woocommerce_thumbnail":["https:\/\/ajupe.com.uy\/web\/wp-content\/uploads\/2016\/04\/p-1778-7030-300x300.jpg",300,300,true],"woocommerce_single":["https:\/\/ajupe.com.uy\/web\/wp-content\/uploads\/2016\/04\/p-1778-7030-300x454.jpg",300,454,true],"woocommerce_gallery_thumbnail":["https:\/\/ajupe.com.uy\/web\/wp-content\/uploads\/2016\/04\/p-1778-7030-100x100.jpg",100,100,true]},"post_excerpt_stackable_v2":"<p>Anatolia, a\u00f1o 269 d. C: el emperador Valeriano se encuentra cercado por los persas en la ciudad de Edesa. Decidido a lograr un acuerdo con sus enemigos, sale de las murallas acompa\u00f1ado de su guardia, al mando de Metelo; pero los persas apresan a los roman<\/p>\n","category_list_v2":"","author_info_v2":{"name":"","url":""},"comments_num_v2":"0 comentarios","_links":{"self":[{"href":"https:\/\/ajupe.com.uy\/web\/wp-json\/wp\/v2\/product\/1778","targetHints":{"allow":["GET"]}}],"collection":[{"href":"https:\/\/ajupe.com.uy\/web\/wp-json\/wp\/v2\/product"}],"about":[{"href":"https:\/\/ajupe.com.uy\/web\/wp-json\/wp\/v2\/types\/product"}],"wp:featuredmedia":[{"embeddable":true,"href":"https:\/\/ajupe.com.uy\/web\/wp-json\/wp\/v2\/media\/1779"}],"wp:attachment":[{"href":"https:\/\/ajupe.com.uy\/web\/wp-json\/wp\/v2\/media?parent=1778"}],"wp:term":[{"taxonomy":"product_brand","embeddable":true,"href":"https:\/\/ajupe.com.uy\/web\/wp-json\/wp\/v2\/product_brand?post=1778"},{"taxonomy":"product_cat","embeddable":true,"href":"https:\/\/ajupe.com.uy\/web\/wp-json\/wp\/v2\/product_cat?post=1778"},{"taxonomy":"product_tag","embeddable":true,"href":"https:\/\/ajupe.com.uy\/web\/wp-json\/wp\/v2\/product_tag?post=1778"}],"curies":[{"name":"wp","href":"https:\/\/api.w.org\/{rel}","templated":true}]}}