{"id":1800,"date":"2010-07-14T00:00:00","date_gmt":"2010-07-14T03:00:00","guid":{"rendered":"http:\/\/ajupe.com.uy\/web\/?post_type=product&#038;p=1800"},"modified":"2011-09-16T22:04:09","modified_gmt":"2011-09-17T01:04:09","slug":"diosas-y-brujas-2","status":"publish","type":"product","link":"https:\/\/ajupe.com.uy\/web\/biblioteca\/diosas-y-brujas-2\/","title":{"rendered":"Diosas y Brujas"},"content":{"rendered":"<p>M\u00f3nica Bottero recorri\u00f3 durante seis a\u00f1os Latinoam\u00e9rica para hacer su gu\u00eda de mujeres especiales: dif\u00edciles de entrevistar, descollantes en lo suyo, diosas unas &#8211; triunfadoras, ricas, famosas -, brujas otras &#8211; luchando a contrapelo de corrientes y gustos imponiendo sus convicciones de justicia y libertad -. Nueva Edici\u00f3n: Luc\u00eda Topolansky, Libertad Lamarque, Mafalda, Violeta Chamorro, Dona Zica, Carolina Herrera, Donatilda Gamarra, Gloria Ornelas, Norma Aleandro, Mar\u00eda Jimena Duz\u00e1n, Rigoberta Mench\u00fa, Gloria Estefan, Ana Fidelia Quirot, Stella de Oxossi, Isabel Allende, Hebe de Bonafini.<\/p>\n","protected":false},"excerpt":{"rendered":"<p>M\u00f3nica Bottero recorri\u00f3 durante seis a\u00f1os Latinoam\u00e9rica para hacer su gu\u00eda de mujeres especiales: dif\u00edciles de entrevistar, descollantes en lo suyo, diosas unas &#8211; triunfadoras, ricas, famosas -, brujas otras &#8211; luchando a contrapelo de corrientes y gustos<\/p>\n","protected":false},"featured_media":1801,"template":"","meta":[],"product_brand":[225],"product_cat":[31],"product_tag":[],"class_list":{"0":"post-1800","1":"product","2":"type-product","3":"status-publish","4":"has-post-thumbnail","6":"product_brand-monica-bottero","7":"product_cat-historico","9":"first","10":"instock","11":"purchasable","12":"product-type-simple"},"featured_image_urls_v2":{"full":["https:\/\/ajupe.com.uy\/web\/wp-content\/uploads\/2016\/04\/p-1800-7042.jpg",358,496,false],"thumbnail":["https:\/\/ajupe.com.uy\/web\/wp-content\/uploads\/2016\/04\/p-1800-7042.jpg",150,150,true],"medium":["https:\/\/ajupe.com.uy\/web\/wp-content\/uploads\/2016\/04\/p-1800-7042.jpg",300,214,true],"medium_large":["https:\/\/ajupe.com.uy\/web\/wp-content\/uploads\/2016\/04\/p-1800-7042.jpg",358,496,false],"large":["https:\/\/ajupe.com.uy\/web\/wp-content\/uploads\/2016\/04\/p-1800-7042.jpg",358,496,false],"1536x1536":["https:\/\/ajupe.com.uy\/web\/wp-content\/uploads\/2016\/04\/p-1800-7042.jpg",358,496,false],"2048x2048":["https:\/\/ajupe.com.uy\/web\/wp-content\/uploads\/2016\/04\/p-1800-7042.jpg",358,496,false],"woocommerce_archive_thumbnail":["https:\/\/ajupe.com.uy\/web\/wp-content\/uploads\/2016\/04\/p-1800-7042-300x450.jpg",300,450,true],"woocommerce_thumbnail":["https:\/\/ajupe.com.uy\/web\/wp-content\/uploads\/2016\/04\/p-1800-7042-300x300.jpg",300,300,true],"woocommerce_single":["https:\/\/ajupe.com.uy\/web\/wp-content\/uploads\/2016\/04\/p-1800-7042-300x416.jpg",300,416,true],"woocommerce_gallery_thumbnail":["https:\/\/ajupe.com.uy\/web\/wp-content\/uploads\/2016\/04\/p-1800-7042-100x100.jpg",100,100,true]},"post_excerpt_stackable_v2":"<p>M\u00f3nica Bottero recorri\u00f3 durante seis a\u00f1os Latinoam\u00e9rica para hacer su gu\u00eda de mujeres especiales: dif\u00edciles de entrevistar, descollantes en lo suyo, diosas unas &#8211; triunfadoras, ricas, famosas -, brujas otras &#8211; luchando a contrapelo de corrientes y gustos<\/p>\n","category_list_v2":"","author_info_v2":{"name":"","url":""},"comments_num_v2":"0 comentarios","_links":{"self":[{"href":"https:\/\/ajupe.com.uy\/web\/wp-json\/wp\/v2\/product\/1800","targetHints":{"allow":["GET"]}}],"collection":[{"href":"https:\/\/ajupe.com.uy\/web\/wp-json\/wp\/v2\/product"}],"about":[{"href":"https:\/\/ajupe.com.uy\/web\/wp-json\/wp\/v2\/types\/product"}],"wp:featuredmedia":[{"embeddable":true,"href":"https:\/\/ajupe.com.uy\/web\/wp-json\/wp\/v2\/media\/1801"}],"wp:attachment":[{"href":"https:\/\/ajupe.com.uy\/web\/wp-json\/wp\/v2\/media?parent=1800"}],"wp:term":[{"taxonomy":"product_brand","embeddable":true,"href":"https:\/\/ajupe.com.uy\/web\/wp-json\/wp\/v2\/product_brand?post=1800"},{"taxonomy":"product_cat","embeddable":true,"href":"https:\/\/ajupe.com.uy\/web\/wp-json\/wp\/v2\/product_cat?post=1800"},{"taxonomy":"product_tag","embeddable":true,"href":"https:\/\/ajupe.com.uy\/web\/wp-json\/wp\/v2\/product_tag?post=1800"}],"curies":[{"name":"wp","href":"https:\/\/api.w.org\/{rel}","templated":true}]}}