{"id":1880,"date":"2010-07-14T00:00:00","date_gmt":"2010-07-14T03:00:00","guid":{"rendered":"http:\/\/ajupe.com.uy\/web\/?post_type=product&#038;p=1880"},"modified":"2011-09-22T18:34:14","modified_gmt":"2011-09-22T21:34:14","slug":"las-piramides-de-napoleon","status":"publish","type":"product","link":"https:\/\/ajupe.com.uy\/web\/biblioteca\/las-piramides-de-napoleon\/","title":{"rendered":"Las pir\u00e1mides de Napole\u00f3n"},"content":{"rendered":"<p>Par\u00eds, 1798. EthanGage parte hacia Egipto tras haber ganado un misterioso medall\u00f3n que, supuestamente, perteneci\u00f3 a Cleopatra. All\u00ed buscar\u00e1 las respuestas para comprender el poder que tiene ese objeto codiciado por todos: la llave de una puerta que a\u00fan no ha sido encontrada tras la que se encuentra el Libro de Thoth, en lo que se convertir\u00e1 en una peligrosa y trepidante aventura. A trav\u00e9s de los ojos del protagonista, el lector vive la emoci\u00f3n de encontrar pir\u00e1mides y templos, as\u00ed como las angustias de las batallas y revueltas. Adem\u00e1s, la narraci\u00f3n incluye elementos muy sugestivos, como las series num\u00e9ricas, la masoner\u00eda, los dioses egipcios o el mencionado Libro de Thoth.<\/p>\n","protected":false},"excerpt":{"rendered":"<p>Par\u00eds, 1798. EthanGage parte hacia Egipto tras haber ganado un misterioso medall\u00f3n que, supuestamente, perteneci\u00f3 a Cleopatra. All\u00ed buscar\u00e1 las respuestas para comprender el poder que tiene ese objeto codiciado por todos: la llave de una puerta que a\u00fan no<\/p>\n","protected":false},"featured_media":1881,"template":"","meta":[],"product_brand":[934],"product_cat":[29],"product_tag":[],"class_list":{"0":"post-1880","1":"product","2":"type-product","3":"status-publish","4":"has-post-thumbnail","6":"product_brand-william-dietrich","7":"product_cat-novela","9":"first","10":"instock","11":"purchasable","12":"product-type-simple"},"featured_image_urls_v2":{"full":["https:\/\/ajupe.com.uy\/web\/wp-content\/uploads\/2016\/04\/p-1880-7242.jpg",93,144,false],"thumbnail":["https:\/\/ajupe.com.uy\/web\/wp-content\/uploads\/2016\/04\/p-1880-7242.jpg",150,150,true],"medium":["https:\/\/ajupe.com.uy\/web\/wp-content\/uploads\/2016\/04\/p-1880-7242.jpg",300,214,true],"medium_large":["https:\/\/ajupe.com.uy\/web\/wp-content\/uploads\/2016\/04\/p-1880-7242.jpg",93,144,false],"large":["https:\/\/ajupe.com.uy\/web\/wp-content\/uploads\/2016\/04\/p-1880-7242.jpg",93,144,false],"1536x1536":["https:\/\/ajupe.com.uy\/web\/wp-content\/uploads\/2016\/04\/p-1880-7242.jpg",93,144,false],"2048x2048":["https:\/\/ajupe.com.uy\/web\/wp-content\/uploads\/2016\/04\/p-1880-7242.jpg",93,144,false],"woocommerce_archive_thumbnail":["https:\/\/ajupe.com.uy\/web\/wp-content\/uploads\/2016\/04\/p-1880-7242.jpg",93,144,false],"woocommerce_thumbnail":["https:\/\/ajupe.com.uy\/web\/wp-content\/uploads\/2016\/04\/p-1880-7242.jpg",93,144,false],"woocommerce_single":["https:\/\/ajupe.com.uy\/web\/wp-content\/uploads\/2016\/04\/p-1880-7242.jpg",93,144,false],"woocommerce_gallery_thumbnail":["https:\/\/ajupe.com.uy\/web\/wp-content\/uploads\/2016\/04\/p-1880-7242-93x100.jpg",93,100,true]},"post_excerpt_stackable_v2":"<p>Par\u00eds, 1798. EthanGage parte hacia Egipto tras haber ganado un misterioso medall\u00f3n que, supuestamente, perteneci\u00f3 a Cleopatra. All\u00ed buscar\u00e1 las respuestas para comprender el poder que tiene ese objeto codiciado por todos: la llave de una puerta que a\u00fan no<\/p>\n","category_list_v2":"","author_info_v2":{"name":"","url":""},"comments_num_v2":"0 comentarios","_links":{"self":[{"href":"https:\/\/ajupe.com.uy\/web\/wp-json\/wp\/v2\/product\/1880","targetHints":{"allow":["GET"]}}],"collection":[{"href":"https:\/\/ajupe.com.uy\/web\/wp-json\/wp\/v2\/product"}],"about":[{"href":"https:\/\/ajupe.com.uy\/web\/wp-json\/wp\/v2\/types\/product"}],"wp:featuredmedia":[{"embeddable":true,"href":"https:\/\/ajupe.com.uy\/web\/wp-json\/wp\/v2\/media\/1881"}],"wp:attachment":[{"href":"https:\/\/ajupe.com.uy\/web\/wp-json\/wp\/v2\/media?parent=1880"}],"wp:term":[{"taxonomy":"product_brand","embeddable":true,"href":"https:\/\/ajupe.com.uy\/web\/wp-json\/wp\/v2\/product_brand?post=1880"},{"taxonomy":"product_cat","embeddable":true,"href":"https:\/\/ajupe.com.uy\/web\/wp-json\/wp\/v2\/product_cat?post=1880"},{"taxonomy":"product_tag","embeddable":true,"href":"https:\/\/ajupe.com.uy\/web\/wp-json\/wp\/v2\/product_tag?post=1880"}],"curies":[{"name":"wp","href":"https:\/\/api.w.org\/{rel}","templated":true}]}}