{"id":1892,"date":"2010-07-14T00:00:00","date_gmt":"2010-07-14T03:00:00","guid":{"rendered":"http:\/\/ajupe.com.uy\/web\/?post_type=product&#038;p=1892"},"modified":"2011-09-22T20:20:10","modified_gmt":"2011-09-22T23:20:10","slug":"ser-la-mejor","status":"publish","type":"product","link":"https:\/\/ajupe.com.uy\/web\/biblioteca\/ser-la-mejor\/","title":{"rendered":"Ser la mejor"},"content":{"rendered":"<p>Una g\u00e9lida ma\u00f1ana de 1904; el futuro de la familia Deravenel cambia para siempre. Cuando el joven Edward se entera de que ha perdido a su padre; a su hermano; a su t\u00edo y a su primo en un incendio; una parte de s\u00ed mismo muere con ellos.Apuesto; carism\u00e1tico<\/p>\n","protected":false},"excerpt":{"rendered":"<p>Una g\u00e9lida ma\u00f1ana de 1904; el futuro de la familia Deravenel cambia para siempre. Cuando el joven Edward se entera de que ha perdido a su padre; a su hermano; a su t\u00edo y a su primo en un incendio; una parte de s\u00ed mismo muere con ellos.Apuesto; carism\u00e1tico<\/p>\n","protected":false},"featured_media":1893,"template":"","meta":[],"product_brand":[81],"product_cat":[29],"product_tag":[],"class_list":{"0":"post-1892","1":"product","2":"type-product","3":"status-publish","4":"has-post-thumbnail","6":"product_brand-barbara-taylor-bradford","7":"product_cat-novela","9":"first","10":"instock","11":"purchasable","12":"product-type-simple"},"featured_image_urls_v2":{"full":["https:\/\/ajupe.com.uy\/web\/wp-content\/uploads\/2016\/04\/p-1892-7287.jpg",200,318,false],"thumbnail":["https:\/\/ajupe.com.uy\/web\/wp-content\/uploads\/2016\/04\/p-1892-7287.jpg",150,150,true],"medium":["https:\/\/ajupe.com.uy\/web\/wp-content\/uploads\/2016\/04\/p-1892-7287.jpg",300,214,true],"medium_large":["https:\/\/ajupe.com.uy\/web\/wp-content\/uploads\/2016\/04\/p-1892-7287.jpg",200,318,false],"large":["https:\/\/ajupe.com.uy\/web\/wp-content\/uploads\/2016\/04\/p-1892-7287.jpg",200,318,false],"1536x1536":["https:\/\/ajupe.com.uy\/web\/wp-content\/uploads\/2016\/04\/p-1892-7287.jpg",200,318,false],"2048x2048":["https:\/\/ajupe.com.uy\/web\/wp-content\/uploads\/2016\/04\/p-1892-7287.jpg",200,318,false],"woocommerce_archive_thumbnail":["https:\/\/ajupe.com.uy\/web\/wp-content\/uploads\/2016\/04\/p-1892-7287.jpg",200,318,false],"woocommerce_thumbnail":["https:\/\/ajupe.com.uy\/web\/wp-content\/uploads\/2016\/04\/p-1892-7287-200x300.jpg",200,300,true],"woocommerce_single":["https:\/\/ajupe.com.uy\/web\/wp-content\/uploads\/2016\/04\/p-1892-7287.jpg",200,318,false],"woocommerce_gallery_thumbnail":["https:\/\/ajupe.com.uy\/web\/wp-content\/uploads\/2016\/04\/p-1892-7287-100x100.jpg",100,100,true]},"post_excerpt_stackable_v2":"<p>Una g\u00e9lida ma\u00f1ana de 1904; el futuro de la familia Deravenel cambia para siempre. Cuando el joven Edward se entera de que ha perdido a su padre; a su hermano; a su t\u00edo y a su primo en un incendio; una parte de s\u00ed mismo muere con ellos.Apuesto; carism\u00e1tico<\/p>\n","category_list_v2":"","author_info_v2":{"name":"","url":""},"comments_num_v2":"0 comentarios","_links":{"self":[{"href":"https:\/\/ajupe.com.uy\/web\/wp-json\/wp\/v2\/product\/1892","targetHints":{"allow":["GET"]}}],"collection":[{"href":"https:\/\/ajupe.com.uy\/web\/wp-json\/wp\/v2\/product"}],"about":[{"href":"https:\/\/ajupe.com.uy\/web\/wp-json\/wp\/v2\/types\/product"}],"wp:featuredmedia":[{"embeddable":true,"href":"https:\/\/ajupe.com.uy\/web\/wp-json\/wp\/v2\/media\/1893"}],"wp:attachment":[{"href":"https:\/\/ajupe.com.uy\/web\/wp-json\/wp\/v2\/media?parent=1892"}],"wp:term":[{"taxonomy":"product_brand","embeddable":true,"href":"https:\/\/ajupe.com.uy\/web\/wp-json\/wp\/v2\/product_brand?post=1892"},{"taxonomy":"product_cat","embeddable":true,"href":"https:\/\/ajupe.com.uy\/web\/wp-json\/wp\/v2\/product_cat?post=1892"},{"taxonomy":"product_tag","embeddable":true,"href":"https:\/\/ajupe.com.uy\/web\/wp-json\/wp\/v2\/product_tag?post=1892"}],"curies":[{"name":"wp","href":"https:\/\/api.w.org\/{rel}","templated":true}]}}