{"id":1900,"date":"2010-07-14T00:00:00","date_gmt":"2010-07-14T03:00:00","guid":{"rendered":"http:\/\/ajupe.com.uy\/web\/?post_type=product&#038;p=1900"},"modified":"2010-07-14T00:00:00","modified_gmt":"2010-07-14T03:00:00","slug":"susurros-al-atardecer","status":"publish","type":"product","link":"https:\/\/ajupe.com.uy\/web\/biblioteca\/susurros-al-atardecer\/","title":{"rendered":"Susurros al atardecer"},"content":{"rendered":"<p>Unidos por lazos de amistad y de sangre, los Warren y los Whyte encarnan &quot;el sue\u00f1o americano&quot;. En apenas dos generaciones han amasado fortunas y acumulado poder. Aunque siempre han estado expuestos a la opini\u00f3n p\u00fablica, al mismo tiempo han sabido salvaguardar una intimidad a la que \u00fanicamente unos pocos privilegiados, entre ellos la joven Katia Morell, han podido acceder<\/p>\n","protected":false},"excerpt":{"rendered":"<p>Unidos por lazos de amistad y de sangre, los Warren y los Whyte encarnan &quot;el sue\u00f1o americano&quot;. En apenas dos generaciones han amasado fortunas y acumulado poder. Aunque siempre han estado expuestos a la opini\u00f3n p\u00fablica, al mismo tiempo han sabid<\/p>\n","protected":false},"featured_media":1901,"template":"","meta":[],"product_brand":[277],"product_cat":[30],"product_tag":[],"class_list":{"0":"post-1900","1":"product","2":"type-product","3":"status-publish","4":"has-post-thumbnail","6":"product_brand-barbara-delinsky","7":"product_cat-suspenso","9":"first","10":"instock","11":"purchasable","12":"product-type-simple"},"featured_image_urls_v2":{"full":["https:\/\/ajupe.com.uy\/web\/wp-content\/uploads\/2016\/04\/p-1900-7293.jpg",286,430,false],"thumbnail":["https:\/\/ajupe.com.uy\/web\/wp-content\/uploads\/2016\/04\/p-1900-7293.jpg",150,150,true],"medium":["https:\/\/ajupe.com.uy\/web\/wp-content\/uploads\/2016\/04\/p-1900-7293.jpg",300,214,true],"medium_large":["https:\/\/ajupe.com.uy\/web\/wp-content\/uploads\/2016\/04\/p-1900-7293.jpg",286,430,false],"large":["https:\/\/ajupe.com.uy\/web\/wp-content\/uploads\/2016\/04\/p-1900-7293.jpg",286,430,false],"1536x1536":["https:\/\/ajupe.com.uy\/web\/wp-content\/uploads\/2016\/04\/p-1900-7293.jpg",286,430,false],"2048x2048":["https:\/\/ajupe.com.uy\/web\/wp-content\/uploads\/2016\/04\/p-1900-7293.jpg",286,430,false],"woocommerce_archive_thumbnail":["https:\/\/ajupe.com.uy\/web\/wp-content\/uploads\/2016\/04\/p-1900-7293-286x400.jpg",286,400,true],"woocommerce_thumbnail":["https:\/\/ajupe.com.uy\/web\/wp-content\/uploads\/2016\/04\/p-1900-7293-286x300.jpg",286,300,true],"woocommerce_single":["https:\/\/ajupe.com.uy\/web\/wp-content\/uploads\/2016\/04\/p-1900-7293.jpg",286,430,false],"woocommerce_gallery_thumbnail":["https:\/\/ajupe.com.uy\/web\/wp-content\/uploads\/2016\/04\/p-1900-7293-100x100.jpg",100,100,true]},"post_excerpt_stackable_v2":"<p>Unidos por lazos de amistad y de sangre, los Warren y los Whyte encarnan &quot;el sue\u00f1o americano&quot;. En apenas dos generaciones han amasado fortunas y acumulado poder. Aunque siempre han estado expuestos a la opini\u00f3n p\u00fablica, al mismo tiempo han sabid<\/p>\n","category_list_v2":"","author_info_v2":{"name":"","url":""},"comments_num_v2":"0 comentarios","_links":{"self":[{"href":"https:\/\/ajupe.com.uy\/web\/wp-json\/wp\/v2\/product\/1900","targetHints":{"allow":["GET"]}}],"collection":[{"href":"https:\/\/ajupe.com.uy\/web\/wp-json\/wp\/v2\/product"}],"about":[{"href":"https:\/\/ajupe.com.uy\/web\/wp-json\/wp\/v2\/types\/product"}],"wp:featuredmedia":[{"embeddable":true,"href":"https:\/\/ajupe.com.uy\/web\/wp-json\/wp\/v2\/media\/1901"}],"wp:attachment":[{"href":"https:\/\/ajupe.com.uy\/web\/wp-json\/wp\/v2\/media?parent=1900"}],"wp:term":[{"taxonomy":"product_brand","embeddable":true,"href":"https:\/\/ajupe.com.uy\/web\/wp-json\/wp\/v2\/product_brand?post=1900"},{"taxonomy":"product_cat","embeddable":true,"href":"https:\/\/ajupe.com.uy\/web\/wp-json\/wp\/v2\/product_cat?post=1900"},{"taxonomy":"product_tag","embeddable":true,"href":"https:\/\/ajupe.com.uy\/web\/wp-json\/wp\/v2\/product_tag?post=1900"}],"curies":[{"name":"wp","href":"https:\/\/api.w.org\/{rel}","templated":true}]}}