{"id":1954,"date":"2010-07-14T00:00:00","date_gmt":"2010-07-14T03:00:00","guid":{"rendered":"http:\/\/ajupe.com.uy\/web\/?post_type=product&#038;p=1954"},"modified":"2011-09-22T18:40:29","modified_gmt":"2011-09-22T21:40:29","slug":"sombras-sobre-baker-street","status":"publish","type":"product","link":"https:\/\/ajupe.com.uy\/web\/biblioteca\/sombras-sobre-baker-street\/","title":{"rendered":"Sombras sobre Baker Street"},"content":{"rendered":"<p>Un duelo de titanes entre los maestro de la raz\u00f3n y la pesadilla\u00bb \u00bfQu\u00e9 pasar\u00eda si Sherlock Holmes tratara de resolver los misterios sobrenaturales de Lovecraft? \u00bfSer\u00e1 capaz de desenvolverse en un mundo de pesadillas aplicando sus habilidades deductivas? Sombras sobre Baker Street es una osada propuesta que mezcla dos de los universos m\u00e1s famosos y disparates de la historia de la literatura de misterio. Los relatos de este libro sit\u00faan frente a frente al maestro de la deducci\u00f3n racional y los seres de pesadilla que habitan en los mitos de Cthulhu.<\/p>\n","protected":false},"excerpt":{"rendered":"<p>Un duelo de titanes entre los maestro de la raz\u00f3n y la pesadilla\u00bb \u00bfQu\u00e9 pasar\u00eda si Sherlock Holmes tratara de resolver los misterios sobrenaturales de Lovecraft? \u00bfSer\u00e1 capaz de desenvolverse en un mundo de pesadillas aplicando sus habilidades deductiv<\/p>\n","protected":false},"featured_media":1955,"template":"","meta":[],"product_brand":[982],"product_cat":[33,41],"product_tag":[],"class_list":{"0":"post-1954","1":"product","2":"type-product","3":"status-publish","4":"has-post-thumbnail","6":"product_brand-varios","7":"product_cat-cuentos","8":"product_cat-terror","10":"first","11":"instock","12":"purchasable","13":"product-type-simple"},"featured_image_urls_v2":{"full":["https:\/\/ajupe.com.uy\/web\/wp-content\/uploads\/2016\/04\/p-1954-7339.jpg",300,442,false],"thumbnail":["https:\/\/ajupe.com.uy\/web\/wp-content\/uploads\/2016\/04\/p-1954-7339.jpg",150,150,true],"medium":["https:\/\/ajupe.com.uy\/web\/wp-content\/uploads\/2016\/04\/p-1954-7339.jpg",300,214,true],"medium_large":["https:\/\/ajupe.com.uy\/web\/wp-content\/uploads\/2016\/04\/p-1954-7339.jpg",300,442,false],"large":["https:\/\/ajupe.com.uy\/web\/wp-content\/uploads\/2016\/04\/p-1954-7339.jpg",300,442,false],"1536x1536":["https:\/\/ajupe.com.uy\/web\/wp-content\/uploads\/2016\/04\/p-1954-7339.jpg",300,442,false],"2048x2048":["https:\/\/ajupe.com.uy\/web\/wp-content\/uploads\/2016\/04\/p-1954-7339.jpg",300,442,false],"woocommerce_archive_thumbnail":["https:\/\/ajupe.com.uy\/web\/wp-content\/uploads\/2016\/04\/p-1954-7339-300x400.jpg",300,400,true],"woocommerce_thumbnail":["https:\/\/ajupe.com.uy\/web\/wp-content\/uploads\/2016\/04\/p-1954-7339-300x300.jpg",300,300,true],"woocommerce_single":["https:\/\/ajupe.com.uy\/web\/wp-content\/uploads\/2016\/04\/p-1954-7339.jpg",300,442,false],"woocommerce_gallery_thumbnail":["https:\/\/ajupe.com.uy\/web\/wp-content\/uploads\/2016\/04\/p-1954-7339-100x100.jpg",100,100,true]},"post_excerpt_stackable_v2":"<p>Un duelo de titanes entre los maestro de la raz\u00f3n y la pesadilla\u00bb \u00bfQu\u00e9 pasar\u00eda si Sherlock Holmes tratara de resolver los misterios sobrenaturales de Lovecraft? \u00bfSer\u00e1 capaz de desenvolverse en un mundo de pesadillas aplicando sus habilidades deductiv<\/p>\n","category_list_v2":"","author_info_v2":{"name":"","url":""},"comments_num_v2":"0 comentarios","_links":{"self":[{"href":"https:\/\/ajupe.com.uy\/web\/wp-json\/wp\/v2\/product\/1954","targetHints":{"allow":["GET"]}}],"collection":[{"href":"https:\/\/ajupe.com.uy\/web\/wp-json\/wp\/v2\/product"}],"about":[{"href":"https:\/\/ajupe.com.uy\/web\/wp-json\/wp\/v2\/types\/product"}],"wp:featuredmedia":[{"embeddable":true,"href":"https:\/\/ajupe.com.uy\/web\/wp-json\/wp\/v2\/media\/1955"}],"wp:attachment":[{"href":"https:\/\/ajupe.com.uy\/web\/wp-json\/wp\/v2\/media?parent=1954"}],"wp:term":[{"taxonomy":"product_brand","embeddable":true,"href":"https:\/\/ajupe.com.uy\/web\/wp-json\/wp\/v2\/product_brand?post=1954"},{"taxonomy":"product_cat","embeddable":true,"href":"https:\/\/ajupe.com.uy\/web\/wp-json\/wp\/v2\/product_cat?post=1954"},{"taxonomy":"product_tag","embeddable":true,"href":"https:\/\/ajupe.com.uy\/web\/wp-json\/wp\/v2\/product_tag?post=1954"}],"curies":[{"name":"wp","href":"https:\/\/api.w.org\/{rel}","templated":true}]}}