{"id":2018,"date":"2010-07-14T00:00:00","date_gmt":"2010-07-14T03:00:00","guid":{"rendered":"http:\/\/ajupe.com.uy\/web\/?post_type=product&#038;p=2018"},"modified":"2011-09-20T20:01:27","modified_gmt":"2011-09-20T23:01:27","slug":"la-republica-romana","status":"publish","type":"product","link":"https:\/\/ajupe.com.uy\/web\/biblioteca\/la-republica-romana\/","title":{"rendered":"La rep\u00fablica romana"},"content":{"rendered":"<p>\u00abLa serie informalmente titulada HISTORIA UNIVERSAL ASIMOV re\u00fane las obras dedicadas por el gran novelista y divulgador cient\u00edfico a la evoluci\u00f3n pol\u00edtica, cultural y material de la especie humana.\u00bb Este volumen abarca el lapso transcurrido entre la fundaci\u00f3n de Roma, el per\u00edodo mon\u00e1rquico, el ascenso de Roma, su triunfo en las Guerras P\u00fanicas y las diferentes guerras civiles.<\/p>\n","protected":false},"excerpt":{"rendered":"<p>\u00abLa serie informalmente titulada HISTORIA UNIVERSAL ASIMOV re\u00fane las obras dedicadas por el gran novelista y divulgador cient\u00edfico a la evoluci\u00f3n pol\u00edtica, cultural y material de la especie humana.\u00bb Este volumen abarca el lapso transcurrido entre la funda<\/p>\n","protected":false},"featured_media":2019,"template":"","meta":[],"product_brand":[103],"product_cat":[31],"product_tag":[],"class_list":{"0":"post-2018","1":"product","2":"type-product","3":"status-publish","4":"has-post-thumbnail","6":"product_brand-isaac-asimov","7":"product_cat-historico","9":"first","10":"instock","11":"purchasable","12":"product-type-simple"},"featured_image_urls_v2":{"full":["https:\/\/ajupe.com.uy\/web\/wp-content\/uploads\/2016\/04\/p-2018-7386.jpg",200,317,false],"thumbnail":["https:\/\/ajupe.com.uy\/web\/wp-content\/uploads\/2016\/04\/p-2018-7386.jpg",150,150,true],"medium":["https:\/\/ajupe.com.uy\/web\/wp-content\/uploads\/2016\/04\/p-2018-7386.jpg",300,214,true],"medium_large":["https:\/\/ajupe.com.uy\/web\/wp-content\/uploads\/2016\/04\/p-2018-7386.jpg",200,317,false],"large":["https:\/\/ajupe.com.uy\/web\/wp-content\/uploads\/2016\/04\/p-2018-7386.jpg",200,317,false],"1536x1536":["https:\/\/ajupe.com.uy\/web\/wp-content\/uploads\/2016\/04\/p-2018-7386.jpg",200,317,false],"2048x2048":["https:\/\/ajupe.com.uy\/web\/wp-content\/uploads\/2016\/04\/p-2018-7386.jpg",200,317,false],"woocommerce_archive_thumbnail":["https:\/\/ajupe.com.uy\/web\/wp-content\/uploads\/2016\/04\/p-2018-7386.jpg",200,317,false],"woocommerce_thumbnail":["https:\/\/ajupe.com.uy\/web\/wp-content\/uploads\/2016\/04\/p-2018-7386-200x300.jpg",200,300,true],"woocommerce_single":["https:\/\/ajupe.com.uy\/web\/wp-content\/uploads\/2016\/04\/p-2018-7386.jpg",200,317,false],"woocommerce_gallery_thumbnail":["https:\/\/ajupe.com.uy\/web\/wp-content\/uploads\/2016\/04\/p-2018-7386-100x100.jpg",100,100,true]},"post_excerpt_stackable_v2":"<p>\u00abLa serie informalmente titulada HISTORIA UNIVERSAL ASIMOV re\u00fane las obras dedicadas por el gran novelista y divulgador cient\u00edfico a la evoluci\u00f3n pol\u00edtica, cultural y material de la especie humana.\u00bb Este volumen abarca el lapso transcurrido entre la funda<\/p>\n","category_list_v2":"","author_info_v2":{"name":"","url":""},"comments_num_v2":"0 comentarios","_links":{"self":[{"href":"https:\/\/ajupe.com.uy\/web\/wp-json\/wp\/v2\/product\/2018","targetHints":{"allow":["GET"]}}],"collection":[{"href":"https:\/\/ajupe.com.uy\/web\/wp-json\/wp\/v2\/product"}],"about":[{"href":"https:\/\/ajupe.com.uy\/web\/wp-json\/wp\/v2\/types\/product"}],"wp:featuredmedia":[{"embeddable":true,"href":"https:\/\/ajupe.com.uy\/web\/wp-json\/wp\/v2\/media\/2019"}],"wp:attachment":[{"href":"https:\/\/ajupe.com.uy\/web\/wp-json\/wp\/v2\/media?parent=2018"}],"wp:term":[{"taxonomy":"product_brand","embeddable":true,"href":"https:\/\/ajupe.com.uy\/web\/wp-json\/wp\/v2\/product_brand?post=2018"},{"taxonomy":"product_cat","embeddable":true,"href":"https:\/\/ajupe.com.uy\/web\/wp-json\/wp\/v2\/product_cat?post=2018"},{"taxonomy":"product_tag","embeddable":true,"href":"https:\/\/ajupe.com.uy\/web\/wp-json\/wp\/v2\/product_tag?post=2018"}],"curies":[{"name":"wp","href":"https:\/\/api.w.org\/{rel}","templated":true}]}}

La república romana

<p>«La serie informalmente titulada HISTORIA UNIVERSAL ASIMOV reúne las obras dedicadas por el gran novelista y divulgador científico a la evolución política, cultural y material de la especie humana.» Este volumen abarca el lapso transcurrido entre la fundación de Roma, el período monárquico, el ascenso de Roma, su triunfo en las Guerras Púnicas y las diferentes guerras civiles.</p>

<p>«La serie informalmente titulada HISTORIA UNIVERSAL ASIMOV reúne las obras dedicadas por el gran novelista y divulgador científico a la evolución política, cultural y material de la especie humana.» Este volumen abarca el lapso transcurrido entre la funda</p>
