{"id":2092,"date":"2010-07-14T00:00:00","date_gmt":"2010-07-14T03:00:00","guid":{"rendered":"http:\/\/ajupe.com.uy\/web\/?post_type=product&#038;p=2092"},"modified":"2010-07-14T00:00:00","modified_gmt":"2010-07-14T03:00:00","slug":"historia-del-general-dann-y-la-hija-de-mara","status":"publish","type":"product","link":"https:\/\/ajupe.com.uy\/web\/biblioteca\/historia-del-general-dann-y-la-hija-de-mara\/","title":{"rendered":"Historia del general Dann y la hija de Mara"},"content":{"rendered":"<p>Esta secuela futurista de la novela de Lessing Mara y Dann contin\u00faa la saga de Dann, el pr\u00edncipe ni\u00f1o de refugiados de la mahondi, que buscaba con su hermana mayor Mara por la tierra habitable en un planeta Tierra asolada por una nueva edad de hielo. Varios personajes de la novela que reaparecen, incluyendo Griot, un soldado que sirvi\u00f3 a las \u00f3rdenes Dann, Mara, pero muri\u00f3 en el parto. Luto ensordece general Dann a los motivos de aquellos que creen que s\u00f3lo \u00e9l puede salvar a la civilizaci\u00f3n del caos en conflicto de las poblaciones desplazadas. La carrera literaria de Lessing duraci\u00f3n, comprende tanto la ciencia ficci\u00f3n (de la serie Canopus en Argos), pero esta distop\u00eda, subray\u00f3 por su h\u00e9roe existencial dilemmawhy reacios a ir en s\u00f3lo continuar? Se parece a un mito cl\u00e1sico, aunque con la intervenci\u00f3n de ning\u00fan dios. Como Dann desastrosamente trata de aliviar su dolor con el opio, Griot leales plantea un ej\u00e9rcito y se encuentra un dep\u00f3sito de libros que conserva la sabidur\u00eda de las civilizaciones perdidas. Menos de una historia de aventuras que su predecesora, esta secuela requiere paciencia a trav\u00e9s de varios pasajes repetitivos dedicado a la negativa de Dann para actuar. Pero ese es un precio peque\u00f1o a pagar por agudas observaciones de Lessing. Reed Business Information<\/p>\n","protected":false},"excerpt":{"rendered":"<p>Esta secuela futurista de la novela de Lessing Mara y Dann contin\u00faa la saga de Dann, el pr\u00edncipe ni\u00f1o de refugiados de la mahondi, que buscaba con su hermana mayor Mara por la tierra habitable en un planeta Tierra asolada por una nueva edad de hielo. Vari<\/p>\n","protected":false},"featured_media":2093,"template":"","meta":[],"product_brand":[120],"product_cat":[29],"product_tag":[],"class_list":{"0":"post-2092","1":"product","2":"type-product","3":"status-publish","4":"has-post-thumbnail","6":"product_brand-doris-lessing","7":"product_cat-novela","9":"first","10":"instock","11":"purchasable","12":"product-type-simple"},"featured_image_urls_v2":{"full":["https:\/\/ajupe.com.uy\/web\/wp-content\/uploads\/2016\/04\/p-2092-7438.jpg",235,350,false],"thumbnail":["https:\/\/ajupe.com.uy\/web\/wp-content\/uploads\/2016\/04\/p-2092-7438.jpg",150,150,true],"medium":["https:\/\/ajupe.com.uy\/web\/wp-content\/uploads\/2016\/04\/p-2092-7438.jpg",300,214,true],"medium_large":["https:\/\/ajupe.com.uy\/web\/wp-content\/uploads\/2016\/04\/p-2092-7438.jpg",235,350,false],"large":["https:\/\/ajupe.com.uy\/web\/wp-content\/uploads\/2016\/04\/p-2092-7438.jpg",235,350,false],"1536x1536":["https:\/\/ajupe.com.uy\/web\/wp-content\/uploads\/2016\/04\/p-2092-7438.jpg",235,350,false],"2048x2048":["https:\/\/ajupe.com.uy\/web\/wp-content\/uploads\/2016\/04\/p-2092-7438.jpg",235,350,false],"woocommerce_archive_thumbnail":["https:\/\/ajupe.com.uy\/web\/wp-content\/uploads\/2016\/04\/p-2092-7438-235x300.jpg",235,300,true],"woocommerce_thumbnail":["https:\/\/ajupe.com.uy\/web\/wp-content\/uploads\/2016\/04\/p-2092-7438-235x300.jpg",235,300,true],"woocommerce_single":["https:\/\/ajupe.com.uy\/web\/wp-content\/uploads\/2016\/04\/p-2092-7438.jpg",235,350,false],"woocommerce_gallery_thumbnail":["https:\/\/ajupe.com.uy\/web\/wp-content\/uploads\/2016\/04\/p-2092-7438-100x100.jpg",100,100,true]},"post_excerpt_stackable_v2":"<p>Esta secuela futurista de la novela de Lessing Mara y Dann contin\u00faa la saga de Dann, el pr\u00edncipe ni\u00f1o de refugiados de la mahondi, que buscaba con su hermana mayor Mara por la tierra habitable en un planeta Tierra asolada por una nueva edad de hielo. Vari<\/p>\n","category_list_v2":"","author_info_v2":{"name":"","url":""},"comments_num_v2":"0 comentarios","_links":{"self":[{"href":"https:\/\/ajupe.com.uy\/web\/wp-json\/wp\/v2\/product\/2092","targetHints":{"allow":["GET"]}}],"collection":[{"href":"https:\/\/ajupe.com.uy\/web\/wp-json\/wp\/v2\/product"}],"about":[{"href":"https:\/\/ajupe.com.uy\/web\/wp-json\/wp\/v2\/types\/product"}],"wp:featuredmedia":[{"embeddable":true,"href":"https:\/\/ajupe.com.uy\/web\/wp-json\/wp\/v2\/media\/2093"}],"wp:attachment":[{"href":"https:\/\/ajupe.com.uy\/web\/wp-json\/wp\/v2\/media?parent=2092"}],"wp:term":[{"taxonomy":"product_brand","embeddable":true,"href":"https:\/\/ajupe.com.uy\/web\/wp-json\/wp\/v2\/product_brand?post=2092"},{"taxonomy":"product_cat","embeddable":true,"href":"https:\/\/ajupe.com.uy\/web\/wp-json\/wp\/v2\/product_cat?post=2092"},{"taxonomy":"product_tag","embeddable":true,"href":"https:\/\/ajupe.com.uy\/web\/wp-json\/wp\/v2\/product_tag?post=2092"}],"curies":[{"name":"wp","href":"https:\/\/api.w.org\/{rel}","templated":true}]}}