{"id":2102,"date":"2010-07-14T00:00:00","date_gmt":"2010-07-14T03:00:00","guid":{"rendered":"http:\/\/ajupe.com.uy\/web\/?post_type=product&#038;p=2102"},"modified":"2011-09-26T20:18:41","modified_gmt":"2011-09-26T23:18:41","slug":"ideologias-y-cambios-sociales","status":"publish","type":"product","link":"https:\/\/ajupe.com.uy\/web\/biblioteca\/ideologias-y-cambios-sociales\/","title":{"rendered":"Ideolog\u00edas Y Cambios Sociales"},"content":{"rendered":"<p>El panorama actual de Am\u00e9rica Latina ha acentuado el acierto de este libro que en su planteo analiza la funci\u00f3n de las ideolog\u00edas en los procesos revolucionarios. El autor no tiene una visi\u00f3n solamente te\u00f3rica del \u00e1rea geogr\u00e1fica de nuestros pueblos. Recorri\u00f3, en los a\u00f1os que van de 1967 a 1970, diversos pa\u00edses latinoamericanos desarrollando conferencias y practicando la ense\u00f1anaza de los temas que son su especialidad.<\/p>\n<p>El Dr. Julio Barreiro estudi\u00f3 con Maurice Duverger en la Facultad de Derecho de Par\u00eds y con Raymond Aron en La Sorbonne. Sus publicaciones m\u00e1s recientes son \u00abLa sociedad justa seg\u00fan Marx\u00bb y \u00abViolencia y pol\u00edtica en Am\u00e9rica Latina\u00bb. Dicta Historia de las ideas y Ciencia Pol\u00edtica en la Universidad de la Rep\u00fablica en Montevideo.<\/p>\n","protected":false},"excerpt":{"rendered":"<p>El Dr. Julio Barreiro estudi\u00f3 con Maurice Duverger en la Facultad de Derecho de Par\u00eds y con Raymond Aron en La Sorbonne. Sus publicaciones m\u00e1s recientes son \u00abLa sociedad justa seg\u00fan Marx\u00bb y \u00abViolencia y pol\u00edtica en Am\u00e9rica Latina\u00bb. Dicta Historia de las i<\/p>\n","protected":false},"featured_media":2103,"template":"","meta":[],"product_brand":[761],"product_cat":[47],"product_tag":[],"class_list":{"0":"post-2102","1":"product","2":"type-product","3":"status-publish","4":"has-post-thumbnail","6":"product_brand-julio-barreiro","7":"product_cat-ensayo","9":"first","10":"instock","11":"purchasable","12":"product-type-simple"},"featured_image_urls_v2":{"full":["https:\/\/ajupe.com.uy\/web\/wp-content\/uploads\/2016\/04\/p-2102-7447.jpg",343,500,false],"thumbnail":["https:\/\/ajupe.com.uy\/web\/wp-content\/uploads\/2016\/04\/p-2102-7447.jpg",150,150,true],"medium":["https:\/\/ajupe.com.uy\/web\/wp-content\/uploads\/2016\/04\/p-2102-7447.jpg",300,214,true],"medium_large":["https:\/\/ajupe.com.uy\/web\/wp-content\/uploads\/2016\/04\/p-2102-7447.jpg",343,500,false],"large":["https:\/\/ajupe.com.uy\/web\/wp-content\/uploads\/2016\/04\/p-2102-7447.jpg",343,500,false],"1536x1536":["https:\/\/ajupe.com.uy\/web\/wp-content\/uploads\/2016\/04\/p-2102-7447.jpg",343,500,false],"2048x2048":["https:\/\/ajupe.com.uy\/web\/wp-content\/uploads\/2016\/04\/p-2102-7447.jpg",343,500,false],"woocommerce_archive_thumbnail":["https:\/\/ajupe.com.uy\/web\/wp-content\/uploads\/2016\/04\/p-2102-7447-300x450.jpg",300,450,true],"woocommerce_thumbnail":["https:\/\/ajupe.com.uy\/web\/wp-content\/uploads\/2016\/04\/p-2102-7447-300x300.jpg",300,300,true],"woocommerce_single":["https:\/\/ajupe.com.uy\/web\/wp-content\/uploads\/2016\/04\/p-2102-7447-300x437.jpg",300,437,true],"woocommerce_gallery_thumbnail":["https:\/\/ajupe.com.uy\/web\/wp-content\/uploads\/2016\/04\/p-2102-7447-100x100.jpg",100,100,true]},"post_excerpt_stackable_v2":"<p>El Dr. Julio Barreiro estudi\u00f3 con Maurice Duverger en la Facultad de Derecho de Par\u00eds y con Raymond Aron en La Sorbonne. Sus publicaciones m\u00e1s recientes son \u00abLa sociedad justa seg\u00fan Marx\u00bb y \u00abViolencia y pol\u00edtica en Am\u00e9rica Latina\u00bb. Dicta Historia de las i<\/p>\n","category_list_v2":"","author_info_v2":{"name":"","url":""},"comments_num_v2":"0 comentarios","_links":{"self":[{"href":"https:\/\/ajupe.com.uy\/web\/wp-json\/wp\/v2\/product\/2102","targetHints":{"allow":["GET"]}}],"collection":[{"href":"https:\/\/ajupe.com.uy\/web\/wp-json\/wp\/v2\/product"}],"about":[{"href":"https:\/\/ajupe.com.uy\/web\/wp-json\/wp\/v2\/types\/product"}],"wp:featuredmedia":[{"embeddable":true,"href":"https:\/\/ajupe.com.uy\/web\/wp-json\/wp\/v2\/media\/2103"}],"wp:attachment":[{"href":"https:\/\/ajupe.com.uy\/web\/wp-json\/wp\/v2\/media?parent=2102"}],"wp:term":[{"taxonomy":"product_brand","embeddable":true,"href":"https:\/\/ajupe.com.uy\/web\/wp-json\/wp\/v2\/product_brand?post=2102"},{"taxonomy":"product_cat","embeddable":true,"href":"https:\/\/ajupe.com.uy\/web\/wp-json\/wp\/v2\/product_cat?post=2102"},{"taxonomy":"product_tag","embeddable":true,"href":"https:\/\/ajupe.com.uy\/web\/wp-json\/wp\/v2\/product_tag?post=2102"}],"curies":[{"name":"wp","href":"https:\/\/api.w.org\/{rel}","templated":true}]}}