{"id":2124,"date":"2010-07-14T00:00:00","date_gmt":"2010-07-14T03:00:00","guid":{"rendered":"http:\/\/ajupe.com.uy\/web\/?post_type=product&#038;p=2124"},"modified":"2010-07-14T00:00:00","modified_gmt":"2010-07-14T03:00:00","slug":"el-traficante-de-bebes","status":"publish","type":"product","link":"https:\/\/ajupe.com.uy\/web\/biblioteca\/el-traficante-de-bebes\/","title":{"rendered":"El Traficante de Beb\u00e9s"},"content":{"rendered":"<p>En una cultura consumista como la nuestra, somos capaces de hacer cualquier cosa con tal de conseguir lo que queremos&#8230; \u00bfY si lo que deseamos es un hijo? Los problemas de fertilidad son comunes entre los profesionales ambiciosos que posponen la paternidad. Las adopciones han sido siempre procesos complicados, y hoy en d\u00eda podemos olvidarnos de \u00abcomprar\u00bb esos ni\u00f1os en el extranjero, porque las fronteras han sido cerradas por los centros para el control de enfermedades.TomStarbird rescata ni\u00f1os \u00abno deseados\u00bb y los lleva a hogares donde puedan ser felices. Ha decidido cerrar el negocio, pero JakeZorn, la \u00abconciencia televisiva de Boston\u00bb, lo chantajea para que lleve a cabo un \u00faltimo encargo.El traficante de beb\u00e9s es un viaje espeluznante por la ansiedad que produce la infertilidad, la relaci\u00f3n amor-odio que surge entre el cazador y la presa, la culpabilidad y la amenaza de un futuro demasiado cercano como para ignorarlo.<\/p>\n","protected":false},"excerpt":{"rendered":"<p>En una cultura consumista como la nuestra, somos capaces de hacer cualquier cosa con tal de conseguir lo que queremos&#8230; \u00bfY si lo que deseamos es un hijo? Los problemas de fertilidad son comunes entre los profesionales ambiciosos que posponen la paternida<\/p>\n","protected":false},"featured_media":2125,"template":"","meta":[],"product_brand":[771],"product_cat":[29],"product_tag":[],"class_list":{"0":"post-2124","1":"product","2":"type-product","3":"status-publish","4":"has-post-thumbnail","6":"product_brand-laura-esquivel","7":"product_cat-novela","9":"first","10":"instock","11":"purchasable","12":"product-type-simple"},"featured_image_urls_v2":{"full":["https:\/\/ajupe.com.uy\/web\/wp-content\/uploads\/2016\/04\/p-2124-7461.jpg",300,464,false],"thumbnail":["https:\/\/ajupe.com.uy\/web\/wp-content\/uploads\/2016\/04\/p-2124-7461.jpg",150,150,true],"medium":["https:\/\/ajupe.com.uy\/web\/wp-content\/uploads\/2016\/04\/p-2124-7461.jpg",300,214,true],"medium_large":["https:\/\/ajupe.com.uy\/web\/wp-content\/uploads\/2016\/04\/p-2124-7461.jpg",300,464,false],"large":["https:\/\/ajupe.com.uy\/web\/wp-content\/uploads\/2016\/04\/p-2124-7461.jpg",300,464,false],"1536x1536":["https:\/\/ajupe.com.uy\/web\/wp-content\/uploads\/2016\/04\/p-2124-7461.jpg",300,464,false],"2048x2048":["https:\/\/ajupe.com.uy\/web\/wp-content\/uploads\/2016\/04\/p-2124-7461.jpg",300,464,false],"woocommerce_archive_thumbnail":["https:\/\/ajupe.com.uy\/web\/wp-content\/uploads\/2016\/04\/p-2124-7461-300x450.jpg",300,450,true],"woocommerce_thumbnail":["https:\/\/ajupe.com.uy\/web\/wp-content\/uploads\/2016\/04\/p-2124-7461-300x300.jpg",300,300,true],"woocommerce_single":["https:\/\/ajupe.com.uy\/web\/wp-content\/uploads\/2016\/04\/p-2124-7461.jpg",300,464,false],"woocommerce_gallery_thumbnail":["https:\/\/ajupe.com.uy\/web\/wp-content\/uploads\/2016\/04\/p-2124-7461-100x100.jpg",100,100,true]},"post_excerpt_stackable_v2":"<p>En una cultura consumista como la nuestra, somos capaces de hacer cualquier cosa con tal de conseguir lo que queremos&#8230; \u00bfY si lo que deseamos es un hijo? Los problemas de fertilidad son comunes entre los profesionales ambiciosos que posponen la paternida<\/p>\n","category_list_v2":"","author_info_v2":{"name":"","url":""},"comments_num_v2":"0 comentarios","_links":{"self":[{"href":"https:\/\/ajupe.com.uy\/web\/wp-json\/wp\/v2\/product\/2124","targetHints":{"allow":["GET"]}}],"collection":[{"href":"https:\/\/ajupe.com.uy\/web\/wp-json\/wp\/v2\/product"}],"about":[{"href":"https:\/\/ajupe.com.uy\/web\/wp-json\/wp\/v2\/types\/product"}],"wp:featuredmedia":[{"embeddable":true,"href":"https:\/\/ajupe.com.uy\/web\/wp-json\/wp\/v2\/media\/2125"}],"wp:attachment":[{"href":"https:\/\/ajupe.com.uy\/web\/wp-json\/wp\/v2\/media?parent=2124"}],"wp:term":[{"taxonomy":"product_brand","embeddable":true,"href":"https:\/\/ajupe.com.uy\/web\/wp-json\/wp\/v2\/product_brand?post=2124"},{"taxonomy":"product_cat","embeddable":true,"href":"https:\/\/ajupe.com.uy\/web\/wp-json\/wp\/v2\/product_cat?post=2124"},{"taxonomy":"product_tag","embeddable":true,"href":"https:\/\/ajupe.com.uy\/web\/wp-json\/wp\/v2\/product_tag?post=2124"}],"curies":[{"name":"wp","href":"https:\/\/api.w.org\/{rel}","templated":true}]}}