{"id":2136,"date":"2010-07-14T00:00:00","date_gmt":"2010-07-14T03:00:00","guid":{"rendered":"http:\/\/ajupe.com.uy\/web\/?post_type=product&#038;p=2136"},"modified":"2011-09-16T22:22:19","modified_gmt":"2011-09-17T01:22:19","slug":"pequeno-mundo","status":"publish","type":"product","link":"https:\/\/ajupe.com.uy\/web\/biblioteca\/pequeno-mundo\/","title":{"rendered":"Peque\u00f1o mundo"},"content":{"rendered":"<p>C\u00e9sar di Candia y Carlos P\u00e1ez Vilar\u00f3. Alfaguara reuni\u00f3 a estos dos hombres de mar en un libro que recorre la costa uruguaya. Ambos autores nos revelan un oc\u00e9ano pleno de historias m\u00ednimas, una orilla plagada de personajes entra\u00f1ables y el mundo interior de un hombre que lleva la orilla del mar en su coraz\u00f3n<\/p>\n","protected":false},"excerpt":{"rendered":"<p>C\u00e9sar di Candia y Carlos P\u00e1ez Vilar\u00f3. Alfaguara reuni\u00f3 a estos dos hombres de mar en un libro que recorre la costa uruguaya. Ambos autores nos revelan un oc\u00e9ano pleno de historias m\u00ednimas, una orilla plagada de personajes entra\u00f1ables y el mundo interior d<\/p>\n","protected":false},"featured_media":2137,"template":"","meta":[],"product_brand":[72],"product_cat":[45],"product_tag":[],"class_list":{"0":"post-2136","1":"product","2":"type-product","3":"status-publish","4":"has-post-thumbnail","6":"product_brand-cesar-di-candia","7":"product_cat-uruguayo","9":"first","10":"instock","11":"purchasable","12":"product-type-simple"},"featured_image_urls_v2":{"full":["https:\/\/ajupe.com.uy\/web\/wp-content\/uploads\/2016\/04\/p-2136-7472.jpg",658,701,false],"thumbnail":["https:\/\/ajupe.com.uy\/web\/wp-content\/uploads\/2016\/04\/p-2136-7472.jpg",150,150,true],"medium":["https:\/\/ajupe.com.uy\/web\/wp-content\/uploads\/2016\/04\/p-2136-7472.jpg",300,214,true],"medium_large":["https:\/\/ajupe.com.uy\/web\/wp-content\/uploads\/2016\/04\/p-2136-7472.jpg",658,701,false],"large":["https:\/\/ajupe.com.uy\/web\/wp-content\/uploads\/2016\/04\/p-2136-7472.jpg",658,701,false],"1536x1536":["https:\/\/ajupe.com.uy\/web\/wp-content\/uploads\/2016\/04\/p-2136-7472.jpg",658,701,false],"2048x2048":["https:\/\/ajupe.com.uy\/web\/wp-content\/uploads\/2016\/04\/p-2136-7472.jpg",658,701,false],"woocommerce_archive_thumbnail":["https:\/\/ajupe.com.uy\/web\/wp-content\/uploads\/2016\/04\/p-2136-7472-300x450.jpg",300,450,true],"woocommerce_thumbnail":["https:\/\/ajupe.com.uy\/web\/wp-content\/uploads\/2016\/04\/p-2136-7472-300x300.jpg",300,300,true],"woocommerce_single":["https:\/\/ajupe.com.uy\/web\/wp-content\/uploads\/2016\/04\/p-2136-7472-300x320.jpg",300,320,true],"woocommerce_gallery_thumbnail":["https:\/\/ajupe.com.uy\/web\/wp-content\/uploads\/2016\/04\/p-2136-7472-100x100.jpg",100,100,true]},"post_excerpt_stackable_v2":"<p>C\u00e9sar di Candia y Carlos P\u00e1ez Vilar\u00f3. Alfaguara reuni\u00f3 a estos dos hombres de mar en un libro que recorre la costa uruguaya. Ambos autores nos revelan un oc\u00e9ano pleno de historias m\u00ednimas, una orilla plagada de personajes entra\u00f1ables y el mundo interior d<\/p>\n","category_list_v2":"","author_info_v2":{"name":"","url":""},"comments_num_v2":"0 comentarios","_links":{"self":[{"href":"https:\/\/ajupe.com.uy\/web\/wp-json\/wp\/v2\/product\/2136","targetHints":{"allow":["GET"]}}],"collection":[{"href":"https:\/\/ajupe.com.uy\/web\/wp-json\/wp\/v2\/product"}],"about":[{"href":"https:\/\/ajupe.com.uy\/web\/wp-json\/wp\/v2\/types\/product"}],"wp:featuredmedia":[{"embeddable":true,"href":"https:\/\/ajupe.com.uy\/web\/wp-json\/wp\/v2\/media\/2137"}],"wp:attachment":[{"href":"https:\/\/ajupe.com.uy\/web\/wp-json\/wp\/v2\/media?parent=2136"}],"wp:term":[{"taxonomy":"product_brand","embeddable":true,"href":"https:\/\/ajupe.com.uy\/web\/wp-json\/wp\/v2\/product_brand?post=2136"},{"taxonomy":"product_cat","embeddable":true,"href":"https:\/\/ajupe.com.uy\/web\/wp-json\/wp\/v2\/product_cat?post=2136"},{"taxonomy":"product_tag","embeddable":true,"href":"https:\/\/ajupe.com.uy\/web\/wp-json\/wp\/v2\/product_tag?post=2136"}],"curies":[{"name":"wp","href":"https:\/\/api.w.org\/{rel}","templated":true}]}}

Pequeño mundo

<p>César di Candia y Carlos Páez Vilaró. Alfaguara reunió a estos dos hombres de mar en un libro que recorre la costa uruguaya. Ambos autores nos revelan un océano pleno de historias mínimas, una orilla plagada de personajes entrañables y el mundo interior de un hombre que lleva la orilla del mar en su corazón</p>

<p>César di Candia y Carlos Páez Vilaró. Alfaguara reunió a estos dos hombres de mar en un libro que recorre la costa uruguaya. Ambos autores nos revelan un océano pleno de historias mínimas, una orilla plagada de personajes entrañables y el mundo interior d</p>
