{"id":2156,"date":"2010-07-14T00:00:00","date_gmt":"2010-07-14T03:00:00","guid":{"rendered":"http:\/\/ajupe.com.uy\/web\/?post_type=product&#038;p=2156"},"modified":"2011-09-16T19:58:15","modified_gmt":"2011-09-16T22:58:15","slug":"el-atroz-encanto-de-ser-argentinos","status":"publish","type":"product","link":"https:\/\/ajupe.com.uy\/web\/biblioteca\/el-atroz-encanto-de-ser-argentinos\/","title":{"rendered":"El atroz encanto de ser argentinos"},"content":{"rendered":"<p>Ser argentino es una empresa cada vez m\u00e1s dif\u00edcil. Atravesamos momentos duros, y siempre los hemos superado. Nuestras esperanzas se encuentran debilitadas, y nuestra sensaci\u00f3n de incertidumbre ante el futuro est\u00e1 en su punto m\u00e1s alto.Sin embargo, no dejamos de sentir orgullo por haber nacido en esta tierra.La condici\u00f3n contradictoria del ser argentino es abordada con maestr\u00eda por Marcos Aguinis.Describe las razones por las que debemos apostar por la esperanza, analiza los defectos que arrastramos de generaci\u00f3n en generaci\u00f3n, desnuda a los corruptos, denuncia el facilismo, el doble discurso y la queja est\u00e9ril.<\/p>\n","protected":false},"excerpt":{"rendered":"<p>Ser argentino es una empresa cada vez m\u00e1s dif\u00edcil. Atravesamos momentos duros, y siempre los hemos superado. Nuestras esperanzas se encuentran debilitadas, y nuestra sensaci\u00f3n de incertidumbre ante el futuro est\u00e1 en su punto m\u00e1s alto.Sin embargo, no dejam<\/p>\n","protected":false},"featured_media":2157,"template":"","meta":[],"product_brand":[263],"product_cat":[39],"product_tag":[],"class_list":{"0":"post-2156","1":"product","2":"type-product","3":"status-publish","4":"has-post-thumbnail","6":"product_brand-marcos-aguinis","7":"product_cat-veridico","9":"first","10":"instock","11":"purchasable","12":"product-type-simple"},"featured_image_urls_v2":{"full":["https:\/\/ajupe.com.uy\/web\/wp-content\/uploads\/2016\/04\/p-2156-7486.jpg",300,468,false],"thumbnail":["https:\/\/ajupe.com.uy\/web\/wp-content\/uploads\/2016\/04\/p-2156-7486.jpg",150,150,true],"medium":["https:\/\/ajupe.com.uy\/web\/wp-content\/uploads\/2016\/04\/p-2156-7486.jpg",300,214,true],"medium_large":["https:\/\/ajupe.com.uy\/web\/wp-content\/uploads\/2016\/04\/p-2156-7486.jpg",300,468,false],"large":["https:\/\/ajupe.com.uy\/web\/wp-content\/uploads\/2016\/04\/p-2156-7486.jpg",300,468,false],"1536x1536":["https:\/\/ajupe.com.uy\/web\/wp-content\/uploads\/2016\/04\/p-2156-7486.jpg",300,468,false],"2048x2048":["https:\/\/ajupe.com.uy\/web\/wp-content\/uploads\/2016\/04\/p-2156-7486.jpg",300,468,false],"woocommerce_archive_thumbnail":["https:\/\/ajupe.com.uy\/web\/wp-content\/uploads\/2016\/04\/p-2156-7486-300x450.jpg",300,450,true],"woocommerce_thumbnail":["https:\/\/ajupe.com.uy\/web\/wp-content\/uploads\/2016\/04\/p-2156-7486-300x300.jpg",300,300,true],"woocommerce_single":["https:\/\/ajupe.com.uy\/web\/wp-content\/uploads\/2016\/04\/p-2156-7486.jpg",300,468,false],"woocommerce_gallery_thumbnail":["https:\/\/ajupe.com.uy\/web\/wp-content\/uploads\/2016\/04\/p-2156-7486-100x100.jpg",100,100,true]},"post_excerpt_stackable_v2":"<p>Ser argentino es una empresa cada vez m\u00e1s dif\u00edcil. Atravesamos momentos duros, y siempre los hemos superado. Nuestras esperanzas se encuentran debilitadas, y nuestra sensaci\u00f3n de incertidumbre ante el futuro est\u00e1 en su punto m\u00e1s alto.Sin embargo, no dejam<\/p>\n","category_list_v2":"","author_info_v2":{"name":"","url":""},"comments_num_v2":"0 comentarios","_links":{"self":[{"href":"https:\/\/ajupe.com.uy\/web\/wp-json\/wp\/v2\/product\/2156","targetHints":{"allow":["GET"]}}],"collection":[{"href":"https:\/\/ajupe.com.uy\/web\/wp-json\/wp\/v2\/product"}],"about":[{"href":"https:\/\/ajupe.com.uy\/web\/wp-json\/wp\/v2\/types\/product"}],"wp:featuredmedia":[{"embeddable":true,"href":"https:\/\/ajupe.com.uy\/web\/wp-json\/wp\/v2\/media\/2157"}],"wp:attachment":[{"href":"https:\/\/ajupe.com.uy\/web\/wp-json\/wp\/v2\/media?parent=2156"}],"wp:term":[{"taxonomy":"product_brand","embeddable":true,"href":"https:\/\/ajupe.com.uy\/web\/wp-json\/wp\/v2\/product_brand?post=2156"},{"taxonomy":"product_cat","embeddable":true,"href":"https:\/\/ajupe.com.uy\/web\/wp-json\/wp\/v2\/product_cat?post=2156"},{"taxonomy":"product_tag","embeddable":true,"href":"https:\/\/ajupe.com.uy\/web\/wp-json\/wp\/v2\/product_tag?post=2156"}],"curies":[{"name":"wp","href":"https:\/\/api.w.org\/{rel}","templated":true}]}}