{"id":2168,"date":"2010-07-14T00:00:00","date_gmt":"2010-07-14T03:00:00","guid":{"rendered":"http:\/\/ajupe.com.uy\/web\/?post_type=product&#038;p=2168"},"modified":"2011-09-16T19:55:59","modified_gmt":"2011-09-16T22:55:59","slug":"crimen-de-autor","status":"publish","type":"product","link":"https:\/\/ajupe.com.uy\/web\/biblioteca\/crimen-de-autor\/","title":{"rendered":"Crimen de autor"},"content":{"rendered":"<p>Cuando el escritor de novela negra Drew Danner despierta en la cama de un hospital y es acusado de asesinar a su ex novia, todo su mundo se derrumba. Acaba de ser operado de un tumor cerebral, y no sabe si es culpable o inocente. A la vez protagonista y escritor, Danner \u00abescribe\u00bb esta original\u00edsima novela en un intento de reconstruir una trama en la que todo parece implicarle. Con la ayuda de Chic \u2014un jugador de b\u00e9isbol fracasado\u2014, Preston \u2014su editor\u2014 y Lloyd \u2014un perito criminalista que le asesoraba con sus novelas\u2014 tratar\u00e1 de resolver el misterio. El aclamado Gregg Hurwitz es autor de los s\u00faper ventas Comisi\u00f3n ejecutora, Cuenta atr\u00e1s y No da\u00f1ar\u00e1s (todos ellos en Ediciones B). Sus novelas han sido traducidas a catorce idiomas. \u00abCrimen de autor es de lectura obligada, la novela polic\u00edaca del a\u00f1o. Brillante, inteligente y tremendamente original, este libro es una aut\u00e9ntica sorpresa.\u00bb Robert Crais. \u00abAl fundir autor y protagonista, Hurwitz da una nueva vuelta de tuerca a su personal\u00edsima voz.\u00bb Brad Meltzer.<\/p>\n","protected":false},"excerpt":{"rendered":"<p>Cuando el escritor de novela negra Drew Danner despierta en la cama de un hospital y es acusado de asesinar a su ex novia, todo su mundo se derrumba. Acaba de ser operado de un tumor cerebral, y no sabe si es culpable o inocente. A la vez protagonista y e<\/p>\n","protected":false},"featured_media":2169,"template":"","meta":[],"product_brand":[676],"product_cat":[30],"product_tag":[],"class_list":{"0":"post-2168","1":"product","2":"type-product","3":"status-publish","4":"has-post-thumbnail","6":"product_brand-gregg-andrew-hurwitz","7":"product_cat-suspenso","9":"first","10":"instock","11":"purchasable","12":"product-type-simple"},"featured_image_urls_v2":{"full":["https:\/\/ajupe.com.uy\/web\/wp-content\/uploads\/2016\/04\/p-2168-7495.jpg",251,383,false],"thumbnail":["https:\/\/ajupe.com.uy\/web\/wp-content\/uploads\/2016\/04\/p-2168-7495.jpg",150,150,true],"medium":["https:\/\/ajupe.com.uy\/web\/wp-content\/uploads\/2016\/04\/p-2168-7495.jpg",300,214,true],"medium_large":["https:\/\/ajupe.com.uy\/web\/wp-content\/uploads\/2016\/04\/p-2168-7495.jpg",251,383,false],"large":["https:\/\/ajupe.com.uy\/web\/wp-content\/uploads\/2016\/04\/p-2168-7495.jpg",251,383,false],"1536x1536":["https:\/\/ajupe.com.uy\/web\/wp-content\/uploads\/2016\/04\/p-2168-7495.jpg",251,383,false],"2048x2048":["https:\/\/ajupe.com.uy\/web\/wp-content\/uploads\/2016\/04\/p-2168-7495.jpg",251,383,false],"woocommerce_archive_thumbnail":["https:\/\/ajupe.com.uy\/web\/wp-content\/uploads\/2016\/04\/p-2168-7495-251x300.jpg",251,300,true],"woocommerce_thumbnail":["https:\/\/ajupe.com.uy\/web\/wp-content\/uploads\/2016\/04\/p-2168-7495-251x300.jpg",251,300,true],"woocommerce_single":["https:\/\/ajupe.com.uy\/web\/wp-content\/uploads\/2016\/04\/p-2168-7495.jpg",251,383,false],"woocommerce_gallery_thumbnail":["https:\/\/ajupe.com.uy\/web\/wp-content\/uploads\/2016\/04\/p-2168-7495-100x100.jpg",100,100,true]},"post_excerpt_stackable_v2":"<p>Cuando el escritor de novela negra Drew Danner despierta en la cama de un hospital y es acusado de asesinar a su ex novia, todo su mundo se derrumba. Acaba de ser operado de un tumor cerebral, y no sabe si es culpable o inocente. A la vez protagonista y e<\/p>\n","category_list_v2":"","author_info_v2":{"name":"","url":""},"comments_num_v2":"0 comentarios","_links":{"self":[{"href":"https:\/\/ajupe.com.uy\/web\/wp-json\/wp\/v2\/product\/2168","targetHints":{"allow":["GET"]}}],"collection":[{"href":"https:\/\/ajupe.com.uy\/web\/wp-json\/wp\/v2\/product"}],"about":[{"href":"https:\/\/ajupe.com.uy\/web\/wp-json\/wp\/v2\/types\/product"}],"wp:featuredmedia":[{"embeddable":true,"href":"https:\/\/ajupe.com.uy\/web\/wp-json\/wp\/v2\/media\/2169"}],"wp:attachment":[{"href":"https:\/\/ajupe.com.uy\/web\/wp-json\/wp\/v2\/media?parent=2168"}],"wp:term":[{"taxonomy":"product_brand","embeddable":true,"href":"https:\/\/ajupe.com.uy\/web\/wp-json\/wp\/v2\/product_brand?post=2168"},{"taxonomy":"product_cat","embeddable":true,"href":"https:\/\/ajupe.com.uy\/web\/wp-json\/wp\/v2\/product_cat?post=2168"},{"taxonomy":"product_tag","embeddable":true,"href":"https:\/\/ajupe.com.uy\/web\/wp-json\/wp\/v2\/product_tag?post=2168"}],"curies":[{"name":"wp","href":"https:\/\/api.w.org\/{rel}","templated":true}]}}