{"id":2174,"date":"2010-07-14T00:00:00","date_gmt":"2010-07-14T03:00:00","guid":{"rendered":"http:\/\/ajupe.com.uy\/web\/?post_type=product&#038;p=2174"},"modified":"2011-09-16T17:35:36","modified_gmt":"2011-09-16T20:35:36","slug":"el-ultimo-viaje-del-valentina","status":"publish","type":"product","link":"https:\/\/ajupe.com.uy\/web\/biblioteca\/el-ultimo-viaje-del-valentina\/","title":{"rendered":"El Ultimo Viaje Del Valentina"},"content":{"rendered":"<p>En la barcaza sobre el T\u00e1mesis que llama hogar, Alba vive una juventud alocada pero vac\u00eda. Durante toda su vida, la figura de la madre que no conoci\u00f3 la ha atormentado. Ahora ha llegado el momento de enfrentarse al pasado: a la verdad sobre lo que sucedi\u00f3 en un peque\u00f1o pueblo italiano, casi treinta a\u00f1os antes, una historia de amor apasionado en tiempos de guerra, de tragedia, crimen y mentiras que ha quedado enterrada en el silencio. Para ello, ha de viajar hasta el lugar donde todo comenz\u00f3, dejando atr\u00e1s Inglaterra, una familia de la que nunca se ha sentido parte y un hombre a cuyo amor no puede corresponder. En la costa italiana, donde el destino jug\u00f3 una de sus crueles partidas tanto tiempo atr\u00e1s, le espera el fantasma de una mujer envuelta en el misterio. Una conmovedora historia de amor apasionado, tragedia y secretos, con la que la autora de A la sombra del omb\u00fa vuelve a atrapar al lector hasta la \u00faltima p\u00e1gina.<\/p>\n","protected":false},"excerpt":{"rendered":"<p>En la barcaza sobre el T\u00e1mesis que llama hogar, Alba vive una juventud alocada pero vac\u00eda. Durante toda su vida, la figura de la madre que no conoci\u00f3 la ha atormentado. Ahora ha llegado el momento de enfrentarse al pasado: a la verdad sobre lo que sucedi\u00f3<\/p>\n","protected":false},"featured_media":2175,"template":"","meta":[],"product_brand":[883],"product_cat":[29],"product_tag":[],"class_list":{"0":"post-2174","1":"product","2":"type-product","3":"status-publish","4":"has-post-thumbnail","6":"product_brand-santiago-posteguillo","7":"product_cat-novela","9":"first","10":"instock","11":"purchasable","12":"product-type-simple"},"featured_image_urls_v2":{"full":["https:\/\/ajupe.com.uy\/web\/wp-content\/uploads\/2016\/04\/p-2174-7499.jpg",289,384,false],"thumbnail":["https:\/\/ajupe.com.uy\/web\/wp-content\/uploads\/2016\/04\/p-2174-7499.jpg",150,150,true],"medium":["https:\/\/ajupe.com.uy\/web\/wp-content\/uploads\/2016\/04\/p-2174-7499.jpg",300,214,true],"medium_large":["https:\/\/ajupe.com.uy\/web\/wp-content\/uploads\/2016\/04\/p-2174-7499.jpg",289,384,false],"large":["https:\/\/ajupe.com.uy\/web\/wp-content\/uploads\/2016\/04\/p-2174-7499.jpg",289,384,false],"1536x1536":["https:\/\/ajupe.com.uy\/web\/wp-content\/uploads\/2016\/04\/p-2174-7499.jpg",289,384,false],"2048x2048":["https:\/\/ajupe.com.uy\/web\/wp-content\/uploads\/2016\/04\/p-2174-7499.jpg",289,384,false],"woocommerce_archive_thumbnail":["https:\/\/ajupe.com.uy\/web\/wp-content\/uploads\/2016\/04\/p-2174-7499-289x300.jpg",289,300,true],"woocommerce_thumbnail":["https:\/\/ajupe.com.uy\/web\/wp-content\/uploads\/2016\/04\/p-2174-7499-289x300.jpg",289,300,true],"woocommerce_single":["https:\/\/ajupe.com.uy\/web\/wp-content\/uploads\/2016\/04\/p-2174-7499.jpg",289,384,false],"woocommerce_gallery_thumbnail":["https:\/\/ajupe.com.uy\/web\/wp-content\/uploads\/2016\/04\/p-2174-7499-100x100.jpg",100,100,true]},"post_excerpt_stackable_v2":"<p>En la barcaza sobre el T\u00e1mesis que llama hogar, Alba vive una juventud alocada pero vac\u00eda. Durante toda su vida, la figura de la madre que no conoci\u00f3 la ha atormentado. Ahora ha llegado el momento de enfrentarse al pasado: a la verdad sobre lo que sucedi\u00f3<\/p>\n","category_list_v2":"","author_info_v2":{"name":"","url":""},"comments_num_v2":"0 comentarios","_links":{"self":[{"href":"https:\/\/ajupe.com.uy\/web\/wp-json\/wp\/v2\/product\/2174","targetHints":{"allow":["GET"]}}],"collection":[{"href":"https:\/\/ajupe.com.uy\/web\/wp-json\/wp\/v2\/product"}],"about":[{"href":"https:\/\/ajupe.com.uy\/web\/wp-json\/wp\/v2\/types\/product"}],"wp:featuredmedia":[{"embeddable":true,"href":"https:\/\/ajupe.com.uy\/web\/wp-json\/wp\/v2\/media\/2175"}],"wp:attachment":[{"href":"https:\/\/ajupe.com.uy\/web\/wp-json\/wp\/v2\/media?parent=2174"}],"wp:term":[{"taxonomy":"product_brand","embeddable":true,"href":"https:\/\/ajupe.com.uy\/web\/wp-json\/wp\/v2\/product_brand?post=2174"},{"taxonomy":"product_cat","embeddable":true,"href":"https:\/\/ajupe.com.uy\/web\/wp-json\/wp\/v2\/product_cat?post=2174"},{"taxonomy":"product_tag","embeddable":true,"href":"https:\/\/ajupe.com.uy\/web\/wp-json\/wp\/v2\/product_tag?post=2174"}],"curies":[{"name":"wp","href":"https:\/\/api.w.org\/{rel}","templated":true}]}}